{"id":13,"date":"2012-02-13T20:37:18","date_gmt":"2012-02-13T20:37:18","guid":{"rendered":"http:\/\/bu2022.vasaorden.com\/boras\/?page_id=13"},"modified":"2026-02-19T17:59:57","modified_gmt":"2026-02-19T16:59:57","slug":"information","status":"publish","type":"page","link":"https:\/\/vasaorden.com\/visby\/information\/","title":{"rendered":"Information"},"content":{"rendered":"<ul>\n<li><a href=\"https:\/\/vasaorden.com\/visby\/wp-content\/uploads\/sites\/8\/2026\/02\/Vasa-info-till-gaster-260219.doc\">Ans\u00f6kningsblankett stipendiefond<\/a><\/li>\n<li><a href=\"https:\/\/vasaorden.com\/visby\/wp-content\/uploads\/sites\/8\/2012\/02\/Stadgar-for-Logen-Gotland-Nr-624-av-Vasaorden-av-Amerika-stipendiefond.docx\">Stadgar f\u00f6r Logen Gotland Nr 624 av Vasaorden av Amerika stipendiefond<\/a><\/li>\n<li><a href=\"https:\/\/vasaorden.com\/visby\/wp-content\/uploads\/sites\/8\/2012\/02\/Vasa-info-till-gaster1.doc\">Vasa information till g\u00e4ster<\/a><\/li>\n<\/ul>\n<h3>&nbsp;<\/h3>\n<h3>Logem\u00f6ten<\/h3>\n<ul>\n<li><a href=\"https:\/\/vasaorden.com\/visby\/wp-content\/uploads\/sites\/8\/2021\/11\/referat-till-vasanytt-oktober-2021.pdf\">Referat till Vasanytt oktober 2021<\/a><\/li>\n<\/ul>\n<p>&nbsp;<br \/>\n&nbsp;<br \/>\n&nbsp;<\/p>\n","protected":false},"excerpt":{"rendered":"<p>Ans\u00f6kningsblankett stipendiefond Stadgar f\u00f6r Logen Gotland Nr 624 av Vasaorden av Amerika stipendiefond Vasa information till g\u00e4ster &nbsp; Logem\u00f6ten Referat till Vasanytt oktober 2021 &nbsp; &nbsp; &nbsp;<\/p>\n","protected":false},"author":16,"featured_media":0,"parent":0,"menu_order":0,"comment_status":"closed","ping_status":"closed","template":"","meta":{"ngg_post_thumbnail":0,"ocean_post_layout":"","ocean_both_sidebars_style":"","ocean_both_sidebars_content_width":0,"ocean_both_sidebars_sidebars_width":0,"ocean_sidebar":"","ocean_second_sidebar":"","ocean_disable_margins":"enable","ocean_add_body_class":"","ocean_shortcode_before_top_bar":"","ocean_shortcode_after_top_bar":"","ocean_shortcode_before_header":"","ocean_shortcode_after_header":"","ocean_has_shortcode":"","ocean_shortcode_after_title":"","ocean_shortcode_before_footer_widgets":"","ocean_shortcode_after_footer_widgets":"","ocean_shortcode_before_footer_bottom":"","ocean_shortcode_after_footer_bottom":"","ocean_display_top_bar":"default","ocean_display_header":"default","ocean_header_style":"","ocean_center_header_left_menu":"","ocean_custom_header_template":"","ocean_custom_logo":0,"ocean_custom_retina_logo":0,"ocean_custom_logo_max_width":0,"ocean_custom_logo_tablet_max_width":0,"ocean_custom_logo_mobile_max_width":0,"ocean_custom_logo_max_height":0,"ocean_custom_logo_tablet_max_height":0,"ocean_custom_logo_mobile_max_height":0,"ocean_header_custom_menu":"","ocean_menu_typo_font_family":"","ocean_menu_typo_font_subset":"","ocean_menu_typo_font_size":0,"ocean_menu_typo_font_size_tablet":0,"ocean_menu_typo_font_size_mobile":0,"ocean_menu_typo_font_size_unit":"px","ocean_menu_typo_font_weight":"","ocean_menu_typo_font_weight_tablet":"","ocean_menu_typo_font_weight_mobile":"","ocean_menu_typo_transform":"","ocean_menu_typo_transform_tablet":"","ocean_menu_typo_transform_mobile":"","ocean_menu_typo_line_height":0,"ocean_menu_typo_line_height_tablet":0,"ocean_menu_typo_line_height_mobile":0,"ocean_menu_typo_line_height_unit":"","ocean_menu_typo_spacing":0,"ocean_menu_typo_spacing_tablet":0,"ocean_menu_typo_spacing_mobile":0,"ocean_menu_typo_spacing_unit":"","ocean_menu_link_color":"","ocean_menu_link_color_hover":"","ocean_menu_link_color_active":"","ocean_menu_link_background":"","ocean_menu_link_hover_background":"","ocean_menu_link_active_background":"","ocean_menu_social_links_bg":"","ocean_menu_social_hover_links_bg":"","ocean_menu_social_links_color":"","ocean_menu_social_hover_links_color":"","ocean_disable_title":"default","ocean_disable_heading":"default","ocean_post_title":"","ocean_post_subheading":"","ocean_post_title_style":"","ocean_post_title_background_color":"","ocean_post_title_background":0,"ocean_post_title_bg_image_position":"","ocean_post_title_bg_image_attachment":"","ocean_post_title_bg_image_repeat":"","ocean_post_title_bg_image_size":"","ocean_post_title_height":0,"ocean_post_title_bg_overlay":0.5,"ocean_post_title_bg_overlay_color":"","ocean_disable_breadcrumbs":"default","ocean_breadcrumbs_color":"","ocean_breadcrumbs_separator_color":"","ocean_breadcrumbs_links_color":"","ocean_breadcrumbs_links_hover_color":"","ocean_display_footer_widgets":"default","ocean_display_footer_bottom":"default","ocean_custom_footer_template":""},"_links":{"self":[{"href":"https:\/\/vasaorden.com\/visby\/wp-json\/wp\/v2\/pages\/13"}],"collection":[{"href":"https:\/\/vasaorden.com\/visby\/wp-json\/wp\/v2\/pages"}],"about":[{"href":"https:\/\/vasaorden.com\/visby\/wp-json\/wp\/v2\/types\/page"}],"author":[{"embeddable":true,"href":"https:\/\/vasaorden.com\/visby\/wp-json\/wp\/v2\/users\/16"}],"replies":[{"embeddable":true,"href":"https:\/\/vasaorden.com\/visby\/wp-json\/wp\/v2\/comments?post=13"}],"version-history":[{"count":3,"href":"https:\/\/vasaorden.com\/visby\/wp-json\/wp\/v2\/pages\/13\/revisions"}],"predecessor-version":[{"id":1429,"href":"https:\/\/vasaorden.com\/visby\/wp-json\/wp\/v2\/pages\/13\/revisions\/1429"}],"wp:attachment":[{"href":"https:\/\/vasaorden.com\/visby\/wp-json\/wp\/v2\/media?parent=13"}],"curies":[{"name":"wp","href":"https:\/\/api.w.org\/{rel}","templated":true}]}}