{"id":4346,"date":"2026-02-26T14:18:29","date_gmt":"2026-02-26T13:18:29","guid":{"rendered":"https:\/\/vasaorden.com\/vasteras\/?page_id=4346"},"modified":"2026-02-26T14:18:29","modified_gmt":"2026-02-26T13:18:29","slug":"logemote-2026-02-21","status":"publish","type":"page","link":"https:\/\/vasaorden.com\/vasteras\/logemote-2026-02-21\/","title":{"rendered":"Logem\u00f6te 2026-02-21"},"content":{"rendered":"\n<p><\/p>\n\n\n\n<p>Logen Engelbrekt Nr 619, en lokalloge inom Vasa Orden av Amerika, hade sitt m\u00e5nadsm\u00f6te den 21 februari p\u00e5 Restaurang Indigo i V\u00e4ster\u00e5s. Kv\u00e4llen inleddes med ett arbetsm\u00f6te nere i k\u00e4llarlokalen.<\/p>\n\n\n\n<p>M\u00f6tet avslutades med att Gunnie Sundqvist-S\u00f6derman under kontakt Amerika ber\u00e4ttade om ett 75-\u00e5rs jubileum, s\u00e4kerhetsb\u00e4ltet f\u00f6r bilar som patenterades i USA 1951. I Sverige lagstadgades b\u00e4lten f\u00f6rst 1970 och d\u00e5 endast i frams\u00e4tet. Fr\u00e5n 1975 g\u00e4llde b\u00e4lte \u00e4ven i baks\u00e4tet.<\/p>\n\n\n\n<p>Endast 14 medlemmar hade h\u00f6rsammat inbjudan till efterkapitlet, d\u00e5 flera av Logens medlemmar var upptagna p\u00e5 annat h\u00e5ll. F\u00f6r eftersitsen med mat och eftersnack satt vi uppe i restaurangdelen. Indigos trevliga personal serverade sedan en uts\u00f6kt 2-r\u00e4tters sup\u00e9.<\/p>\n\n\n\n<p>Efter kaffe med Indigos karameller tackades arbetsgruppen f\u00f6r en mycket trevlig kv\u00e4ll. \u00a0\u00a0\u00a0\u00a0\u00a0\u00a0\u00a0\u00a0\u00a0\u00a0\u00a0\u00a0\u00a0\u00a0\u00a0\u00a0\u00a0\u00a0\u00a0\u00a0\u00a0\u00a0\u00a0\u00a0\u00a0\u00a0\u00a0\u00a0\u00a0\u00a0\u00a0\u00a0\u00a0\u00a0<\/p>\n\n\n\n<p><\/p>\n\n\n\n<p><\/p>\n\n\n\n<figure class=\"wp-block-image size-large\"><img loading=\"lazy\" width=\"1024\" height=\"673\" src=\"https:\/\/vasaorden.com\/vasteras\/wp-content\/uploads\/sites\/7\/2026\/02\/DSCN6003-horz-1024x673.jpg\" alt=\"\" class=\"wp-image-4347\" srcset=\"https:\/\/vasaorden.com\/vasteras\/wp-content\/uploads\/sites\/7\/2026\/02\/DSCN6003-horz-1024x673.jpg 1024w, https:\/\/vasaorden.com\/vasteras\/wp-content\/uploads\/sites\/7\/2026\/02\/DSCN6003-horz-300x197.jpg 300w, https:\/\/vasaorden.com\/vasteras\/wp-content\/uploads\/sites\/7\/2026\/02\/DSCN6003-horz-768x505.jpg 768w, https:\/\/vasaorden.com\/vasteras\/wp-content\/uploads\/sites\/7\/2026\/02\/DSCN6003-horz.jpg 1114w\" sizes=\"(max-width: 1024px) 100vw, 1024px\" \/><\/figure>\n\n\n\n<figure class=\"wp-block-image size-full\"><img loading=\"lazy\" width=\"1012\" height=\"740\" src=\"https:\/\/vasaorden.com\/vasteras\/wp-content\/uploads\/sites\/7\/2026\/02\/DSCN6004-horz.jpg\" alt=\"\" class=\"wp-image-4348\" srcset=\"https:\/\/vasaorden.com\/vasteras\/wp-content\/uploads\/sites\/7\/2026\/02\/DSCN6004-horz.jpg 1012w, https:\/\/vasaorden.com\/vasteras\/wp-content\/uploads\/sites\/7\/2026\/02\/DSCN6004-horz-300x219.jpg 300w, https:\/\/vasaorden.com\/vasteras\/wp-content\/uploads\/sites\/7\/2026\/02\/DSCN6004-horz-768x562.jpg 768w\" sizes=\"(max-width: 1012px) 100vw, 1012px\" \/><\/figure>\n\n\n\n<figure class=\"wp-block-image size-large\"><img loading=\"lazy\" width=\"1024\" height=\"622\" src=\"https:\/\/vasaorden.com\/vasteras\/wp-content\/uploads\/sites\/7\/2026\/02\/DSCN6005-horz-1024x622.jpg\" alt=\"\" class=\"wp-image-4349\" srcset=\"https:\/\/vasaorden.com\/vasteras\/wp-content\/uploads\/sites\/7\/2026\/02\/DSCN6005-horz-1024x622.jpg 1024w, https:\/\/vasaorden.com\/vasteras\/wp-content\/uploads\/sites\/7\/2026\/02\/DSCN6005-horz-300x182.jpg 300w, https:\/\/vasaorden.com\/vasteras\/wp-content\/uploads\/sites\/7\/2026\/02\/DSCN6005-horz-768x466.jpg 768w, https:\/\/vasaorden.com\/vasteras\/wp-content\/uploads\/sites\/7\/2026\/02\/DSCN6005-horz.jpg 1135w\" sizes=\"(max-width: 1024px) 100vw, 1024px\" \/><\/figure>\n\n\n\n<figure class=\"wp-block-image size-large\"><img loading=\"lazy\" width=\"1024\" height=\"598\" src=\"https:\/\/vasaorden.com\/vasteras\/wp-content\/uploads\/sites\/7\/2026\/02\/DSCN6006-horz-1024x598.jpg\" alt=\"\" class=\"wp-image-4350\" srcset=\"https:\/\/vasaorden.com\/vasteras\/wp-content\/uploads\/sites\/7\/2026\/02\/DSCN6006-horz-1024x598.jpg 1024w, https:\/\/vasaorden.com\/vasteras\/wp-content\/uploads\/sites\/7\/2026\/02\/DSCN6006-horz-300x175.jpg 300w, https:\/\/vasaorden.com\/vasteras\/wp-content\/uploads\/sites\/7\/2026\/02\/DSCN6006-horz-768x448.jpg 768w, https:\/\/vasaorden.com\/vasteras\/wp-content\/uploads\/sites\/7\/2026\/02\/DSCN6006-horz.jpg 1055w\" sizes=\"(max-width: 1024px) 100vw, 1024px\" \/><\/figure>\n\n\n\n<figure class=\"wp-block-image size-full\"><img loading=\"lazy\" width=\"937\" height=\"583\" src=\"https:\/\/vasaorden.com\/vasteras\/wp-content\/uploads\/sites\/7\/2026\/02\/DSCN6007-horz.jpg\" alt=\"\" class=\"wp-image-4351\" srcset=\"https:\/\/vasaorden.com\/vasteras\/wp-content\/uploads\/sites\/7\/2026\/02\/DSCN6007-horz.jpg 937w, https:\/\/vasaorden.com\/vasteras\/wp-content\/uploads\/sites\/7\/2026\/02\/DSCN6007-horz-300x187.jpg 300w, https:\/\/vasaorden.com\/vasteras\/wp-content\/uploads\/sites\/7\/2026\/02\/DSCN6007-horz-768x478.jpg 768w\" sizes=\"(max-width: 937px) 100vw, 937px\" \/><\/figure>\n\n\n\n<figure class=\"wp-block-image size-large\"><img loading=\"lazy\" width=\"1024\" height=\"633\" src=\"https:\/\/vasaorden.com\/vasteras\/wp-content\/uploads\/sites\/7\/2026\/02\/DSCN6008-horz-1024x633.jpg\" alt=\"\" class=\"wp-image-4352\" srcset=\"https:\/\/vasaorden.com\/vasteras\/wp-content\/uploads\/sites\/7\/2026\/02\/DSCN6008-horz-1024x633.jpg 1024w, https:\/\/vasaorden.com\/vasteras\/wp-content\/uploads\/sites\/7\/2026\/02\/DSCN6008-horz-300x185.jpg 300w, https:\/\/vasaorden.com\/vasteras\/wp-content\/uploads\/sites\/7\/2026\/02\/DSCN6008-horz-768x475.jpg 768w, https:\/\/vasaorden.com\/vasteras\/wp-content\/uploads\/sites\/7\/2026\/02\/DSCN6008-horz.jpg 1314w\" sizes=\"(max-width: 1024px) 100vw, 1024px\" \/><\/figure>\n\n\n\n<figure class=\"wp-block-image size-large\"><img loading=\"lazy\" width=\"1024\" height=\"697\" src=\"https:\/\/vasaorden.com\/vasteras\/wp-content\/uploads\/sites\/7\/2026\/02\/DSCN6009-horz-1024x697.jpg\" alt=\"\" class=\"wp-image-4353\" srcset=\"https:\/\/vasaorden.com\/vasteras\/wp-content\/uploads\/sites\/7\/2026\/02\/DSCN6009-horz-1024x697.jpg 1024w, https:\/\/vasaorden.com\/vasteras\/wp-content\/uploads\/sites\/7\/2026\/02\/DSCN6009-horz-300x204.jpg 300w, https:\/\/vasaorden.com\/vasteras\/wp-content\/uploads\/sites\/7\/2026\/02\/DSCN6009-horz-768x523.jpg 768w, https:\/\/vasaorden.com\/vasteras\/wp-content\/uploads\/sites\/7\/2026\/02\/DSCN6009-horz.jpg 1406w\" sizes=\"(max-width: 1024px) 100vw, 1024px\" \/><\/figure>\n\n\n\n<figure class=\"wp-block-image size-large\"><img loading=\"lazy\" width=\"1024\" height=\"922\" src=\"https:\/\/vasaorden.com\/vasteras\/wp-content\/uploads\/sites\/7\/2026\/02\/DSCN6010-horz-1024x922.jpg\" alt=\"\" class=\"wp-image-4354\" srcset=\"https:\/\/vasaorden.com\/vasteras\/wp-content\/uploads\/sites\/7\/2026\/02\/DSCN6010-horz-1024x922.jpg 1024w, https:\/\/vasaorden.com\/vasteras\/wp-content\/uploads\/sites\/7\/2026\/02\/DSCN6010-horz-300x270.jpg 300w, https:\/\/vasaorden.com\/vasteras\/wp-content\/uploads\/sites\/7\/2026\/02\/DSCN6010-horz-768x692.jpg 768w, https:\/\/vasaorden.com\/vasteras\/wp-content\/uploads\/sites\/7\/2026\/02\/DSCN6010-horz.jpg 1145w\" sizes=\"(max-width: 1024px) 100vw, 1024px\" \/><\/figure>\n\n\n\n<figure class=\"wp-block-image size-large\"><img loading=\"lazy\" width=\"1024\" height=\"551\" src=\"https:\/\/vasaorden.com\/vasteras\/wp-content\/uploads\/sites\/7\/2026\/02\/DSCN6011-horz-1024x551.jpg\" alt=\"\" class=\"wp-image-4355\" srcset=\"https:\/\/vasaorden.com\/vasteras\/wp-content\/uploads\/sites\/7\/2026\/02\/DSCN6011-horz-1024x551.jpg 1024w, https:\/\/vasaorden.com\/vasteras\/wp-content\/uploads\/sites\/7\/2026\/02\/DSCN6011-horz-300x161.jpg 300w, https:\/\/vasaorden.com\/vasteras\/wp-content\/uploads\/sites\/7\/2026\/02\/DSCN6011-horz-768x413.jpg 768w, https:\/\/vasaorden.com\/vasteras\/wp-content\/uploads\/sites\/7\/2026\/02\/DSCN6011-horz.jpg 1447w\" sizes=\"(max-width: 1024px) 100vw, 1024px\" \/><\/figure>\n\n\n\n<figure class=\"wp-block-image size-full\"><img loading=\"lazy\" width=\"717\" height=\"694\" src=\"https:\/\/vasaorden.com\/vasteras\/wp-content\/uploads\/sites\/7\/2026\/02\/DSCN6012-horz.jpg\" alt=\"\" class=\"wp-image-4356\" srcset=\"https:\/\/vasaorden.com\/vasteras\/wp-content\/uploads\/sites\/7\/2026\/02\/DSCN6012-horz.jpg 717w, https:\/\/vasaorden.com\/vasteras\/wp-content\/uploads\/sites\/7\/2026\/02\/DSCN6012-horz-300x290.jpg 300w\" sizes=\"(max-width: 717px) 100vw, 717px\" \/><\/figure>\n\n\n\n<figure class=\"wp-block-image size-large\"><img loading=\"lazy\" width=\"1024\" height=\"585\" src=\"https:\/\/vasaorden.com\/vasteras\/wp-content\/uploads\/sites\/7\/2026\/02\/DSCN6013-horz-1024x585.jpg\" alt=\"\" class=\"wp-image-4357\" srcset=\"https:\/\/vasaorden.com\/vasteras\/wp-content\/uploads\/sites\/7\/2026\/02\/DSCN6013-horz-1024x585.jpg 1024w, https:\/\/vasaorden.com\/vasteras\/wp-content\/uploads\/sites\/7\/2026\/02\/DSCN6013-horz-300x171.jpg 300w, https:\/\/vasaorden.com\/vasteras\/wp-content\/uploads\/sites\/7\/2026\/02\/DSCN6013-horz-768x439.jpg 768w, https:\/\/vasaorden.com\/vasteras\/wp-content\/uploads\/sites\/7\/2026\/02\/DSCN6013-horz.jpg 1182w\" sizes=\"(max-width: 1024px) 100vw, 1024px\" \/><\/figure>\n\n\n\n<figure class=\"wp-block-image size-full\"><img loading=\"lazy\" width=\"612\" height=\"408\" src=\"https:\/\/vasaorden.com\/vasteras\/wp-content\/uploads\/sites\/7\/2026\/02\/VLT-bild.jpg\" alt=\"\" class=\"wp-image-4358\" srcset=\"https:\/\/vasaorden.com\/vasteras\/wp-content\/uploads\/sites\/7\/2026\/02\/VLT-bild.jpg 612w, https:\/\/vasaorden.com\/vasteras\/wp-content\/uploads\/sites\/7\/2026\/02\/VLT-bild-300x200.jpg 300w\" sizes=\"(max-width: 612px) 100vw, 612px\" \/><figcaption>Young latin man sitting on car seat fastening seat belt<\/figcaption><\/figure>\n\n\n\n<p><\/p>\n\n\n\n<p><\/p>\n\n\n\n<p><a href=\"https:\/\/vasaorden.com\/vasteras\/information\/\" data-type=\"page\" data-id=\"2992\">Tillbaka till Information<\/a><\/p>\n","protected":false},"excerpt":{"rendered":"<p>Logen Engelbrekt Nr 619, en lokalloge inom Vasa Orden av Amerika, hade sitt m\u00e5nadsm\u00f6te den 21 februari p\u00e5 Restaurang Indigo i V\u00e4ster\u00e5s. Kv\u00e4llen inleddes med ett arbetsm\u00f6te nere i k\u00e4llarlokalen. M\u00f6tet avslutades med att Gunnie Sundqvist-S\u00f6derman under kontakt Amerika ber\u00e4ttade om ett 75-\u00e5rs jubileum, s\u00e4kerhetsb\u00e4ltet f\u00f6r bilar som patenterades i USA 1951. I Sverige lagstadgades [&hellip;]<\/p>\n","protected":false},"author":15,"featured_media":0,"parent":0,"menu_order":0,"comment_status":"closed","ping_status":"closed","template":"","meta":{"ngg_post_thumbnail":0,"ocean_post_layout":"","ocean_both_sidebars_style":"","ocean_both_sidebars_content_width":0,"ocean_both_sidebars_sidebars_width":0,"ocean_sidebar":"","ocean_second_sidebar":"","ocean_disable_margins":"enable","ocean_add_body_class":"","ocean_shortcode_before_top_bar":"","ocean_shortcode_after_top_bar":"","ocean_shortcode_before_header":"","ocean_shortcode_after_header":"","ocean_has_shortcode":"","ocean_shortcode_after_title":"","ocean_shortcode_before_footer_widgets":"","ocean_shortcode_after_footer_widgets":"","ocean_shortcode_before_footer_bottom":"","ocean_shortcode_after_footer_bottom":"","ocean_display_top_bar":"default","ocean_display_header":"default","ocean_header_style":"","ocean_center_header_left_menu":"","ocean_custom_header_template":"","ocean_custom_logo":0,"ocean_custom_retina_logo":0,"ocean_custom_logo_max_width":0,"ocean_custom_logo_tablet_max_width":0,"ocean_custom_logo_mobile_max_width":0,"ocean_custom_logo_max_height":0,"ocean_custom_logo_tablet_max_height":0,"ocean_custom_logo_mobile_max_height":0,"ocean_header_custom_menu":"","ocean_menu_typo_font_family":"","ocean_menu_typo_font_subset":"","ocean_menu_typo_font_size":0,"ocean_menu_typo_font_size_tablet":0,"ocean_menu_typo_font_size_mobile":0,"ocean_menu_typo_font_size_unit":"px","ocean_menu_typo_font_weight":"","ocean_menu_typo_font_weight_tablet":"","ocean_menu_typo_font_weight_mobile":"","ocean_menu_typo_transform":"","ocean_menu_typo_transform_tablet":"","ocean_menu_typo_transform_mobile":"","ocean_menu_typo_line_height":0,"ocean_menu_typo_line_height_tablet":0,"ocean_menu_typo_line_height_mobile":0,"ocean_menu_typo_line_height_unit":"","ocean_menu_typo_spacing":0,"ocean_menu_typo_spacing_tablet":0,"ocean_menu_typo_spacing_mobile":0,"ocean_menu_typo_spacing_unit":"","ocean_menu_link_color":"","ocean_menu_link_color_hover":"","ocean_menu_link_color_active":"","ocean_menu_link_background":"","ocean_menu_link_hover_background":"","ocean_menu_link_active_background":"","ocean_menu_social_links_bg":"","ocean_menu_social_hover_links_bg":"","ocean_menu_social_links_color":"","ocean_menu_social_hover_links_color":"","ocean_disable_title":"default","ocean_disable_heading":"default","ocean_post_title":"","ocean_post_subheading":"","ocean_post_title_style":"","ocean_post_title_background_color":"","ocean_post_title_background":0,"ocean_post_title_bg_image_position":"","ocean_post_title_bg_image_attachment":"","ocean_post_title_bg_image_repeat":"","ocean_post_title_bg_image_size":"","ocean_post_title_height":0,"ocean_post_title_bg_overlay":0.5,"ocean_post_title_bg_overlay_color":"","ocean_disable_breadcrumbs":"default","ocean_breadcrumbs_color":"","ocean_breadcrumbs_separator_color":"","ocean_breadcrumbs_links_color":"","ocean_breadcrumbs_links_hover_color":"","ocean_display_footer_widgets":"default","ocean_display_footer_bottom":"default","ocean_custom_footer_template":""},"_links":{"self":[{"href":"https:\/\/vasaorden.com\/vasteras\/wp-json\/wp\/v2\/pages\/4346"}],"collection":[{"href":"https:\/\/vasaorden.com\/vasteras\/wp-json\/wp\/v2\/pages"}],"about":[{"href":"https:\/\/vasaorden.com\/vasteras\/wp-json\/wp\/v2\/types\/page"}],"author":[{"embeddable":true,"href":"https:\/\/vasaorden.com\/vasteras\/wp-json\/wp\/v2\/users\/15"}],"replies":[{"embeddable":true,"href":"https:\/\/vasaorden.com\/vasteras\/wp-json\/wp\/v2\/comments?post=4346"}],"version-history":[{"count":1,"href":"https:\/\/vasaorden.com\/vasteras\/wp-json\/wp\/v2\/pages\/4346\/revisions"}],"predecessor-version":[{"id":4359,"href":"https:\/\/vasaorden.com\/vasteras\/wp-json\/wp\/v2\/pages\/4346\/revisions\/4359"}],"wp:attachment":[{"href":"https:\/\/vasaorden.com\/vasteras\/wp-json\/wp\/v2\/media?parent=4346"}],"curies":[{"name":"wp","href":"https:\/\/api.w.org\/{rel}","templated":true}]}}