{"id":4300,"date":"2026-01-26T13:57:22","date_gmt":"2026-01-26T12:57:22","guid":{"rendered":"https:\/\/vasaorden.com\/vasteras\/?page_id=4300"},"modified":"2026-01-26T14:03:13","modified_gmt":"2026-01-26T13:03:13","slug":"arsmote-2026-01-24","status":"publish","type":"page","link":"https:\/\/vasaorden.com\/vasteras\/arsmote-2026-01-24\/","title":{"rendered":"\u00c5rsm\u00f6te 2026-01-24"},"content":{"rendered":"\n<p>Logen Engelbrekt Nr 619, en lokalloge inom Vasa Orden av Amerika, hade sitt \u00e5rsm\u00f6te den 24 januari i Odd Fellow-husets festv\u00e5ning. Kv\u00e4llen inleddes med ett logem\u00f6te som ut\u00f6ver normala \u00e5rsm\u00f6tesf\u00f6rhandlingar \u00e4ven inneh\u00f6ll inr\u00f6stning och intagning av tidigare medlemmar samt intagning av \u00f6verflyttad medlem. Dessutom installerades 2026 \u00e5rs tj\u00e4nstem\u00e4n. Under punkten kontakt Amerika ber\u00e4ttade Gunnie Sundqvist-S\u00f6derman om Carl Milles, TV-programmet P\u00e5 sp\u00e5ret samt f\u00e4rgerna p\u00e5 OS-flaggans ringar.<\/p>\n\n\n\n<p>Efterkapitlet var v\u00e4lbes\u00f6kt. Efter sedvanlig v\u00e4lkomstdrink var det dags att s\u00e4tta sig vid de vackert dukade borden. Ordf. Britt-Marie Karlsson presenterade kv\u00e4llens g\u00e4ster och de nyintagna medlemmarna. Arbetsgruppen, under ledning av Yngve Karlsson serverade sedan en v\u00e4lsmakande 3-r\u00e4tters sup\u00e9.<\/p>\n\n\n\n<p>Efter maten var det dags f\u00f6r kv\u00e4llens programpunkt d\u00e4r trubaduren P\u00e4r Anders Fahl\u00e9n underh\u00f6ll med en timsl\u00e5ng blandad musikunderh\u00e5llning med s\u00e5nger som ofta ledde till en igenk\u00e4nnande alls\u00e5ng.<\/p>\n\n\n\n<p>Efter programmet serverades kaffe och kaka och DD Hans \u00d6gren fr\u00e5n Logen Stockholm nr 589 tackade f\u00f6r en trevlig kv\u00e4ll och DM Maggie Ahlin Thelin fr\u00e5n Logen Br\u00e5viken nr 751, Norrk\u00f6ping tackade arbetsgruppen f\u00f6r mycket god mat och en trevlig kv\u00e4ll. Kv\u00e4llen avslutades med lotteridragning och fortsatt samvaro.<\/p>\n\n\n\n<figure class=\"wp-block-image size-full\"><img loading=\"lazy\" width=\"757\" height=\"794\" src=\"https:\/\/vasaorden.com\/vasteras\/wp-content\/uploads\/sites\/7\/2026\/01\/DSCN5962-horz.jpg\" alt=\"\" class=\"wp-image-4301\" srcset=\"https:\/\/vasaorden.com\/vasteras\/wp-content\/uploads\/sites\/7\/2026\/01\/DSCN5962-horz.jpg 757w, https:\/\/vasaorden.com\/vasteras\/wp-content\/uploads\/sites\/7\/2026\/01\/DSCN5962-horz-286x300.jpg 286w\" sizes=\"(max-width: 757px) 100vw, 757px\" \/><\/figure>\n\n\n\n<figure class=\"wp-block-image size-full\"><img loading=\"lazy\" width=\"693\" height=\"780\" src=\"https:\/\/vasaorden.com\/vasteras\/wp-content\/uploads\/sites\/7\/2026\/01\/DSCN5963-horz.jpg\" alt=\"\" class=\"wp-image-4302\" srcset=\"https:\/\/vasaorden.com\/vasteras\/wp-content\/uploads\/sites\/7\/2026\/01\/DSCN5963-horz.jpg 693w, https:\/\/vasaorden.com\/vasteras\/wp-content\/uploads\/sites\/7\/2026\/01\/DSCN5963-horz-267x300.jpg 267w\" sizes=\"(max-width: 693px) 100vw, 693px\" \/><\/figure>\n\n\n\n<figure class=\"wp-block-image size-full\"><img loading=\"lazy\" width=\"701\" height=\"784\" src=\"https:\/\/vasaorden.com\/vasteras\/wp-content\/uploads\/sites\/7\/2026\/01\/DSCN5964-horz.jpg\" alt=\"\" class=\"wp-image-4303\" srcset=\"https:\/\/vasaorden.com\/vasteras\/wp-content\/uploads\/sites\/7\/2026\/01\/DSCN5964-horz.jpg 701w, https:\/\/vasaorden.com\/vasteras\/wp-content\/uploads\/sites\/7\/2026\/01\/DSCN5964-horz-268x300.jpg 268w\" sizes=\"(max-width: 701px) 100vw, 701px\" \/><\/figure>\n\n\n\n<figure class=\"wp-block-image size-full\"><img loading=\"lazy\" width=\"682\" height=\"806\" src=\"https:\/\/vasaorden.com\/vasteras\/wp-content\/uploads\/sites\/7\/2026\/01\/DSCN5965-horz.jpg\" alt=\"\" class=\"wp-image-4304\" srcset=\"https:\/\/vasaorden.com\/vasteras\/wp-content\/uploads\/sites\/7\/2026\/01\/DSCN5965-horz.jpg 682w, https:\/\/vasaorden.com\/vasteras\/wp-content\/uploads\/sites\/7\/2026\/01\/DSCN5965-horz-254x300.jpg 254w\" sizes=\"(max-width: 682px) 100vw, 682px\" \/><\/figure>\n\n\n\n<figure class=\"wp-block-image size-full\"><img loading=\"lazy\" width=\"761\" height=\"966\" src=\"https:\/\/vasaorden.com\/vasteras\/wp-content\/uploads\/sites\/7\/2026\/01\/DSCN5966-horz.jpg\" alt=\"\" class=\"wp-image-4305\" srcset=\"https:\/\/vasaorden.com\/vasteras\/wp-content\/uploads\/sites\/7\/2026\/01\/DSCN5966-horz.jpg 761w, https:\/\/vasaorden.com\/vasteras\/wp-content\/uploads\/sites\/7\/2026\/01\/DSCN5966-horz-236x300.jpg 236w\" sizes=\"(max-width: 761px) 100vw, 761px\" \/><\/figure>\n\n\n\n<figure class=\"wp-block-image size-full\"><img loading=\"lazy\" width=\"735\" height=\"577\" src=\"https:\/\/vasaorden.com\/vasteras\/wp-content\/uploads\/sites\/7\/2026\/01\/DSCN5967-horz.jpg\" alt=\"\" class=\"wp-image-4306\" srcset=\"https:\/\/vasaorden.com\/vasteras\/wp-content\/uploads\/sites\/7\/2026\/01\/DSCN5967-horz.jpg 735w, https:\/\/vasaorden.com\/vasteras\/wp-content\/uploads\/sites\/7\/2026\/01\/DSCN5967-horz-300x236.jpg 300w\" sizes=\"(max-width: 735px) 100vw, 735px\" \/><\/figure>\n\n\n\n<figure class=\"wp-block-image size-large\"><img loading=\"lazy\" width=\"1024\" height=\"595\" src=\"https:\/\/vasaorden.com\/vasteras\/wp-content\/uploads\/sites\/7\/2026\/01\/DSCN5968-horz-1024x595.jpg\" alt=\"\" class=\"wp-image-4307\" srcset=\"https:\/\/vasaorden.com\/vasteras\/wp-content\/uploads\/sites\/7\/2026\/01\/DSCN5968-horz-1024x595.jpg 1024w, https:\/\/vasaorden.com\/vasteras\/wp-content\/uploads\/sites\/7\/2026\/01\/DSCN5968-horz-300x174.jpg 300w, https:\/\/vasaorden.com\/vasteras\/wp-content\/uploads\/sites\/7\/2026\/01\/DSCN5968-horz-768x446.jpg 768w, https:\/\/vasaorden.com\/vasteras\/wp-content\/uploads\/sites\/7\/2026\/01\/DSCN5968-horz.jpg 1071w\" sizes=\"(max-width: 1024px) 100vw, 1024px\" \/><\/figure>\n\n\n\n<figure class=\"wp-block-image size-full\"><img loading=\"lazy\" width=\"921\" height=\"867\" src=\"https:\/\/vasaorden.com\/vasteras\/wp-content\/uploads\/sites\/7\/2026\/01\/DSCN5969-horz.jpg\" alt=\"\" class=\"wp-image-4308\" srcset=\"https:\/\/vasaorden.com\/vasteras\/wp-content\/uploads\/sites\/7\/2026\/01\/DSCN5969-horz.jpg 921w, https:\/\/vasaorden.com\/vasteras\/wp-content\/uploads\/sites\/7\/2026\/01\/DSCN5969-horz-300x282.jpg 300w, https:\/\/vasaorden.com\/vasteras\/wp-content\/uploads\/sites\/7\/2026\/01\/DSCN5969-horz-768x723.jpg 768w\" sizes=\"(max-width: 921px) 100vw, 921px\" \/><\/figure>\n\n\n\n<figure class=\"wp-block-image size-full\"><img loading=\"lazy\" width=\"768\" height=\"600\" src=\"https:\/\/vasaorden.com\/vasteras\/wp-content\/uploads\/sites\/7\/2026\/01\/DSCN5970-horz.jpg\" alt=\"\" class=\"wp-image-4309\" srcset=\"https:\/\/vasaorden.com\/vasteras\/wp-content\/uploads\/sites\/7\/2026\/01\/DSCN5970-horz.jpg 768w, https:\/\/vasaorden.com\/vasteras\/wp-content\/uploads\/sites\/7\/2026\/01\/DSCN5970-horz-300x234.jpg 300w\" sizes=\"(max-width: 768px) 100vw, 768px\" \/><\/figure>\n\n\n\n<figure class=\"wp-block-image size-full\"><img loading=\"lazy\" width=\"888\" height=\"837\" src=\"https:\/\/vasaorden.com\/vasteras\/wp-content\/uploads\/sites\/7\/2026\/01\/DSCN5971-horz.jpg\" alt=\"\" class=\"wp-image-4310\" srcset=\"https:\/\/vasaorden.com\/vasteras\/wp-content\/uploads\/sites\/7\/2026\/01\/DSCN5971-horz.jpg 888w, https:\/\/vasaorden.com\/vasteras\/wp-content\/uploads\/sites\/7\/2026\/01\/DSCN5971-horz-300x283.jpg 300w, https:\/\/vasaorden.com\/vasteras\/wp-content\/uploads\/sites\/7\/2026\/01\/DSCN5971-horz-768x724.jpg 768w\" sizes=\"(max-width: 888px) 100vw, 888px\" \/><\/figure>\n\n\n\n<figure class=\"wp-block-image size-full\"><img loading=\"lazy\" width=\"686\" height=\"672\" src=\"https:\/\/vasaorden.com\/vasteras\/wp-content\/uploads\/sites\/7\/2026\/01\/DSCN5972-horz.jpg\" alt=\"\" class=\"wp-image-4311\" srcset=\"https:\/\/vasaorden.com\/vasteras\/wp-content\/uploads\/sites\/7\/2026\/01\/DSCN5972-horz.jpg 686w, https:\/\/vasaorden.com\/vasteras\/wp-content\/uploads\/sites\/7\/2026\/01\/DSCN5972-horz-300x294.jpg 300w\" sizes=\"(max-width: 686px) 100vw, 686px\" \/><\/figure>\n\n\n\n<figure class=\"wp-block-image size-full\"><img loading=\"lazy\" width=\"808\" height=\"694\" src=\"https:\/\/vasaorden.com\/vasteras\/wp-content\/uploads\/sites\/7\/2026\/01\/DSCN5973-horz.jpg\" alt=\"\" class=\"wp-image-4312\" srcset=\"https:\/\/vasaorden.com\/vasteras\/wp-content\/uploads\/sites\/7\/2026\/01\/DSCN5973-horz.jpg 808w, https:\/\/vasaorden.com\/vasteras\/wp-content\/uploads\/sites\/7\/2026\/01\/DSCN5973-horz-300x258.jpg 300w, https:\/\/vasaorden.com\/vasteras\/wp-content\/uploads\/sites\/7\/2026\/01\/DSCN5973-horz-768x660.jpg 768w\" sizes=\"(max-width: 808px) 100vw, 808px\" \/><\/figure>\n\n\n\n<figure class=\"wp-block-image size-large\"><img loading=\"lazy\" width=\"1024\" height=\"559\" src=\"https:\/\/vasaorden.com\/vasteras\/wp-content\/uploads\/sites\/7\/2026\/01\/DSCN5974-horz-1024x559.jpg\" alt=\"\" class=\"wp-image-4313\" srcset=\"https:\/\/vasaorden.com\/vasteras\/wp-content\/uploads\/sites\/7\/2026\/01\/DSCN5974-horz-1024x559.jpg 1024w, https:\/\/vasaorden.com\/vasteras\/wp-content\/uploads\/sites\/7\/2026\/01\/DSCN5974-horz-300x164.jpg 300w, https:\/\/vasaorden.com\/vasteras\/wp-content\/uploads\/sites\/7\/2026\/01\/DSCN5974-horz-768x419.jpg 768w, https:\/\/vasaorden.com\/vasteras\/wp-content\/uploads\/sites\/7\/2026\/01\/DSCN5974-horz.jpg 1082w\" sizes=\"(max-width: 1024px) 100vw, 1024px\" \/><\/figure>\n\n\n\n<figure class=\"wp-block-image size-large\"><img loading=\"lazy\" width=\"1024\" height=\"656\" src=\"https:\/\/vasaorden.com\/vasteras\/wp-content\/uploads\/sites\/7\/2026\/01\/DSCN5975-horz-1024x656.jpg\" alt=\"\" class=\"wp-image-4314\" srcset=\"https:\/\/vasaorden.com\/vasteras\/wp-content\/uploads\/sites\/7\/2026\/01\/DSCN5975-horz-1024x656.jpg 1024w, https:\/\/vasaorden.com\/vasteras\/wp-content\/uploads\/sites\/7\/2026\/01\/DSCN5975-horz-300x192.jpg 300w, https:\/\/vasaorden.com\/vasteras\/wp-content\/uploads\/sites\/7\/2026\/01\/DSCN5975-horz-768x492.jpg 768w, https:\/\/vasaorden.com\/vasteras\/wp-content\/uploads\/sites\/7\/2026\/01\/DSCN5975-horz.jpg 1028w\" sizes=\"(max-width: 1024px) 100vw, 1024px\" \/><\/figure>\n\n\n\n<figure class=\"wp-block-image size-large\"><img loading=\"lazy\" width=\"1024\" height=\"518\" src=\"https:\/\/vasaorden.com\/vasteras\/wp-content\/uploads\/sites\/7\/2026\/01\/DSCN5976-horz-1024x518.jpg\" alt=\"\" class=\"wp-image-4315\" srcset=\"https:\/\/vasaorden.com\/vasteras\/wp-content\/uploads\/sites\/7\/2026\/01\/DSCN5976-horz-1024x518.jpg 1024w, https:\/\/vasaorden.com\/vasteras\/wp-content\/uploads\/sites\/7\/2026\/01\/DSCN5976-horz-300x152.jpg 300w, https:\/\/vasaorden.com\/vasteras\/wp-content\/uploads\/sites\/7\/2026\/01\/DSCN5976-horz-768x389.jpg 768w, https:\/\/vasaorden.com\/vasteras\/wp-content\/uploads\/sites\/7\/2026\/01\/DSCN5976-horz.jpg 1152w\" sizes=\"(max-width: 1024px) 100vw, 1024px\" \/><\/figure>\n\n\n\n<figure class=\"wp-block-image size-large\"><img loading=\"lazy\" width=\"1024\" height=\"660\" src=\"https:\/\/vasaorden.com\/vasteras\/wp-content\/uploads\/sites\/7\/2026\/01\/DSCN5977-horz-1024x660.jpg\" alt=\"\" class=\"wp-image-4316\" srcset=\"https:\/\/vasaorden.com\/vasteras\/wp-content\/uploads\/sites\/7\/2026\/01\/DSCN5977-horz-1024x660.jpg 1024w, https:\/\/vasaorden.com\/vasteras\/wp-content\/uploads\/sites\/7\/2026\/01\/DSCN5977-horz-300x193.jpg 300w, https:\/\/vasaorden.com\/vasteras\/wp-content\/uploads\/sites\/7\/2026\/01\/DSCN5977-horz-768x495.jpg 768w, https:\/\/vasaorden.com\/vasteras\/wp-content\/uploads\/sites\/7\/2026\/01\/DSCN5977-horz.jpg 1189w\" sizes=\"(max-width: 1024px) 100vw, 1024px\" \/><\/figure>\n\n\n\n<figure class=\"wp-block-image size-full\"><img loading=\"lazy\" width=\"931\" height=\"518\" src=\"https:\/\/vasaorden.com\/vasteras\/wp-content\/uploads\/sites\/7\/2026\/01\/DSCN5978-horz.jpg\" alt=\"\" class=\"wp-image-4317\" srcset=\"https:\/\/vasaorden.com\/vasteras\/wp-content\/uploads\/sites\/7\/2026\/01\/DSCN5978-horz.jpg 931w, https:\/\/vasaorden.com\/vasteras\/wp-content\/uploads\/sites\/7\/2026\/01\/DSCN5978-horz-300x167.jpg 300w, https:\/\/vasaorden.com\/vasteras\/wp-content\/uploads\/sites\/7\/2026\/01\/DSCN5978-horz-768x427.jpg 768w\" sizes=\"(max-width: 931px) 100vw, 931px\" \/><\/figure>\n\n\n\n<figure class=\"wp-block-image size-full\"><img loading=\"lazy\" width=\"915\" height=\"688\" src=\"https:\/\/vasaorden.com\/vasteras\/wp-content\/uploads\/sites\/7\/2026\/01\/DSCN5979-horz.jpg\" alt=\"\" class=\"wp-image-4318\" srcset=\"https:\/\/vasaorden.com\/vasteras\/wp-content\/uploads\/sites\/7\/2026\/01\/DSCN5979-horz.jpg 915w, https:\/\/vasaorden.com\/vasteras\/wp-content\/uploads\/sites\/7\/2026\/01\/DSCN5979-horz-300x226.jpg 300w, https:\/\/vasaorden.com\/vasteras\/wp-content\/uploads\/sites\/7\/2026\/01\/DSCN5979-horz-768x577.jpg 768w\" sizes=\"(max-width: 915px) 100vw, 915px\" \/><\/figure>\n\n\n\n<figure class=\"wp-block-image size-large\"><img loading=\"lazy\" width=\"1024\" height=\"602\" src=\"https:\/\/vasaorden.com\/vasteras\/wp-content\/uploads\/sites\/7\/2026\/01\/DSCN5980-horz-1024x602.jpg\" alt=\"\" class=\"wp-image-4319\" srcset=\"https:\/\/vasaorden.com\/vasteras\/wp-content\/uploads\/sites\/7\/2026\/01\/DSCN5980-horz-1024x602.jpg 1024w, https:\/\/vasaorden.com\/vasteras\/wp-content\/uploads\/sites\/7\/2026\/01\/DSCN5980-horz-300x176.jpg 300w, https:\/\/vasaorden.com\/vasteras\/wp-content\/uploads\/sites\/7\/2026\/01\/DSCN5980-horz-768x452.jpg 768w, https:\/\/vasaorden.com\/vasteras\/wp-content\/uploads\/sites\/7\/2026\/01\/DSCN5980-horz.jpg 1253w\" sizes=\"(max-width: 1024px) 100vw, 1024px\" \/><\/figure>\n\n\n\n<figure class=\"wp-block-image size-large\"><img loading=\"lazy\" width=\"1024\" height=\"768\" src=\"https:\/\/vasaorden.com\/vasteras\/wp-content\/uploads\/sites\/7\/2026\/01\/DSCN5981-horz-1024x768.jpg\" alt=\"\" class=\"wp-image-4320\" srcset=\"https:\/\/vasaorden.com\/vasteras\/wp-content\/uploads\/sites\/7\/2026\/01\/DSCN5981-horz-1024x768.jpg 1024w, https:\/\/vasaorden.com\/vasteras\/wp-content\/uploads\/sites\/7\/2026\/01\/DSCN5981-horz-300x225.jpg 300w, https:\/\/vasaorden.com\/vasteras\/wp-content\/uploads\/sites\/7\/2026\/01\/DSCN5981-horz-768x576.jpg 768w, https:\/\/vasaorden.com\/vasteras\/wp-content\/uploads\/sites\/7\/2026\/01\/DSCN5981-horz.jpg 1288w\" sizes=\"(max-width: 1024px) 100vw, 1024px\" \/><\/figure>\n\n\n\n<figure class=\"wp-block-image size-large\"><img loading=\"lazy\" width=\"1024\" height=\"557\" src=\"https:\/\/vasaorden.com\/vasteras\/wp-content\/uploads\/sites\/7\/2026\/01\/DSCN5982-1024x557.jpg\" alt=\"\" class=\"wp-image-4321\" srcset=\"https:\/\/vasaorden.com\/vasteras\/wp-content\/uploads\/sites\/7\/2026\/01\/DSCN5982-1024x557.jpg 1024w, https:\/\/vasaorden.com\/vasteras\/wp-content\/uploads\/sites\/7\/2026\/01\/DSCN5982-300x163.jpg 300w, https:\/\/vasaorden.com\/vasteras\/wp-content\/uploads\/sites\/7\/2026\/01\/DSCN5982-768x418.jpg 768w, https:\/\/vasaorden.com\/vasteras\/wp-content\/uploads\/sites\/7\/2026\/01\/DSCN5982-1536x836.jpg 1536w, https:\/\/vasaorden.com\/vasteras\/wp-content\/uploads\/sites\/7\/2026\/01\/DSCN5982-2048x1115.jpg 2048w\" sizes=\"(max-width: 1024px) 100vw, 1024px\" \/><\/figure>\n\n\n\n<figure class=\"wp-block-image size-large\"><img loading=\"lazy\" width=\"1024\" height=\"557\" src=\"https:\/\/vasaorden.com\/vasteras\/wp-content\/uploads\/sites\/7\/2026\/01\/DSCN5982-horz-1024x557.jpg\" alt=\"\" class=\"wp-image-4322\" srcset=\"https:\/\/vasaorden.com\/vasteras\/wp-content\/uploads\/sites\/7\/2026\/01\/DSCN5982-horz-1024x557.jpg 1024w, https:\/\/vasaorden.com\/vasteras\/wp-content\/uploads\/sites\/7\/2026\/01\/DSCN5982-horz-300x163.jpg 300w, https:\/\/vasaorden.com\/vasteras\/wp-content\/uploads\/sites\/7\/2026\/01\/DSCN5982-horz-768x418.jpg 768w, https:\/\/vasaorden.com\/vasteras\/wp-content\/uploads\/sites\/7\/2026\/01\/DSCN5982-horz.jpg 1075w\" sizes=\"(max-width: 1024px) 100vw, 1024px\" \/><\/figure>\n\n\n\n<figure class=\"wp-block-image size-large\"><img loading=\"lazy\" width=\"1024\" height=\"664\" src=\"https:\/\/vasaorden.com\/vasteras\/wp-content\/uploads\/sites\/7\/2026\/01\/DSCN5983-horz-1024x664.jpg\" alt=\"\" class=\"wp-image-4323\" srcset=\"https:\/\/vasaorden.com\/vasteras\/wp-content\/uploads\/sites\/7\/2026\/01\/DSCN5983-horz-1024x664.jpg 1024w, https:\/\/vasaorden.com\/vasteras\/wp-content\/uploads\/sites\/7\/2026\/01\/DSCN5983-horz-300x195.jpg 300w, https:\/\/vasaorden.com\/vasteras\/wp-content\/uploads\/sites\/7\/2026\/01\/DSCN5983-horz-768x498.jpg 768w, https:\/\/vasaorden.com\/vasteras\/wp-content\/uploads\/sites\/7\/2026\/01\/DSCN5983-horz.jpg 1081w\" sizes=\"(max-width: 1024px) 100vw, 1024px\" \/><\/figure>\n\n\n\n<figure class=\"wp-block-image size-full\"><img loading=\"lazy\" width=\"912\" height=\"966\" src=\"https:\/\/vasaorden.com\/vasteras\/wp-content\/uploads\/sites\/7\/2026\/01\/DSCN5984-horz.jpg\" alt=\"\" class=\"wp-image-4324\" srcset=\"https:\/\/vasaorden.com\/vasteras\/wp-content\/uploads\/sites\/7\/2026\/01\/DSCN5984-horz.jpg 912w, https:\/\/vasaorden.com\/vasteras\/wp-content\/uploads\/sites\/7\/2026\/01\/DSCN5984-horz-283x300.jpg 283w, https:\/\/vasaorden.com\/vasteras\/wp-content\/uploads\/sites\/7\/2026\/01\/DSCN5984-horz-768x813.jpg 768w\" sizes=\"(max-width: 912px) 100vw, 912px\" \/><\/figure>\n\n\n\n<figure class=\"wp-block-image size-large\"><img loading=\"lazy\" width=\"768\" height=\"1024\" src=\"https:\/\/vasaorden.com\/vasteras\/wp-content\/uploads\/sites\/7\/2026\/01\/DSCN5987-horz-768x1024.jpg\" alt=\"\" class=\"wp-image-4325\" srcset=\"https:\/\/vasaorden.com\/vasteras\/wp-content\/uploads\/sites\/7\/2026\/01\/DSCN5987-horz-768x1024.jpg 768w, https:\/\/vasaorden.com\/vasteras\/wp-content\/uploads\/sites\/7\/2026\/01\/DSCN5987-horz-225x300.jpg 225w, https:\/\/vasaorden.com\/vasteras\/wp-content\/uploads\/sites\/7\/2026\/01\/DSCN5987-horz.jpg 966w\" sizes=\"(max-width: 768px) 100vw, 768px\" \/><\/figure>\n\n\n\n<figure class=\"wp-block-image size-large\"><img loading=\"lazy\" width=\"1024\" height=\"796\" src=\"https:\/\/vasaorden.com\/vasteras\/wp-content\/uploads\/sites\/7\/2026\/01\/DSCN5988-horz-1024x796.jpg\" alt=\"\" class=\"wp-image-4326\" srcset=\"https:\/\/vasaorden.com\/vasteras\/wp-content\/uploads\/sites\/7\/2026\/01\/DSCN5988-horz-1024x796.jpg 1024w, https:\/\/vasaorden.com\/vasteras\/wp-content\/uploads\/sites\/7\/2026\/01\/DSCN5988-horz-300x233.jpg 300w, https:\/\/vasaorden.com\/vasteras\/wp-content\/uploads\/sites\/7\/2026\/01\/DSCN5988-horz-768x597.jpg 768w, https:\/\/vasaorden.com\/vasteras\/wp-content\/uploads\/sites\/7\/2026\/01\/DSCN5988-horz.jpg 1055w\" sizes=\"(max-width: 1024px) 100vw, 1024px\" \/><\/figure>\n\n\n\n<figure class=\"wp-block-image size-full\"><img loading=\"lazy\" width=\"820\" height=\"763\" src=\"https:\/\/vasaorden.com\/vasteras\/wp-content\/uploads\/sites\/7\/2026\/01\/DSCN5989-horz.jpg\" alt=\"\" class=\"wp-image-4327\" srcset=\"https:\/\/vasaorden.com\/vasteras\/wp-content\/uploads\/sites\/7\/2026\/01\/DSCN5989-horz.jpg 820w, https:\/\/vasaorden.com\/vasteras\/wp-content\/uploads\/sites\/7\/2026\/01\/DSCN5989-horz-300x279.jpg 300w, https:\/\/vasaorden.com\/vasteras\/wp-content\/uploads\/sites\/7\/2026\/01\/DSCN5989-horz-768x715.jpg 768w\" sizes=\"(max-width: 820px) 100vw, 820px\" \/><\/figure>\n\n\n\n<figure class=\"wp-block-image size-full\"><img loading=\"lazy\" width=\"796\" height=\"813\" src=\"https:\/\/vasaorden.com\/vasteras\/wp-content\/uploads\/sites\/7\/2026\/01\/DSCN5990-horz.jpg\" alt=\"\" class=\"wp-image-4328\" srcset=\"https:\/\/vasaorden.com\/vasteras\/wp-content\/uploads\/sites\/7\/2026\/01\/DSCN5990-horz.jpg 796w, https:\/\/vasaorden.com\/vasteras\/wp-content\/uploads\/sites\/7\/2026\/01\/DSCN5990-horz-294x300.jpg 294w, https:\/\/vasaorden.com\/vasteras\/wp-content\/uploads\/sites\/7\/2026\/01\/DSCN5990-horz-768x784.jpg 768w\" sizes=\"(max-width: 796px) 100vw, 796px\" \/><\/figure>\n\n\n\n<figure class=\"wp-block-image size-large\"><img loading=\"lazy\" width=\"1024\" height=\"550\" src=\"https:\/\/vasaorden.com\/vasteras\/wp-content\/uploads\/sites\/7\/2026\/01\/DSCN5991-horz-1024x550.jpg\" alt=\"\" class=\"wp-image-4329\" srcset=\"https:\/\/vasaorden.com\/vasteras\/wp-content\/uploads\/sites\/7\/2026\/01\/DSCN5991-horz-1024x550.jpg 1024w, https:\/\/vasaorden.com\/vasteras\/wp-content\/uploads\/sites\/7\/2026\/01\/DSCN5991-horz-300x161.jpg 300w, https:\/\/vasaorden.com\/vasteras\/wp-content\/uploads\/sites\/7\/2026\/01\/DSCN5991-horz-768x413.jpg 768w, https:\/\/vasaorden.com\/vasteras\/wp-content\/uploads\/sites\/7\/2026\/01\/DSCN5991-horz.jpg 1131w\" sizes=\"(max-width: 1024px) 100vw, 1024px\" \/><\/figure>\n\n\n\n<figure class=\"wp-block-image size-full\"><img loading=\"lazy\" width=\"930\" height=\"730\" src=\"https:\/\/vasaorden.com\/vasteras\/wp-content\/uploads\/sites\/7\/2026\/01\/DSCN5995-horz.jpg\" alt=\"\" class=\"wp-image-4330\" srcset=\"https:\/\/vasaorden.com\/vasteras\/wp-content\/uploads\/sites\/7\/2026\/01\/DSCN5995-horz.jpg 930w, https:\/\/vasaorden.com\/vasteras\/wp-content\/uploads\/sites\/7\/2026\/01\/DSCN5995-horz-300x235.jpg 300w, https:\/\/vasaorden.com\/vasteras\/wp-content\/uploads\/sites\/7\/2026\/01\/DSCN5995-horz-768x603.jpg 768w\" sizes=\"(max-width: 930px) 100vw, 930px\" \/><\/figure>\n\n\n\n<figure class=\"wp-block-image size-large\"><img loading=\"lazy\" width=\"1024\" height=\"613\" src=\"https:\/\/vasaorden.com\/vasteras\/wp-content\/uploads\/sites\/7\/2026\/01\/DSCN5996-horz-1024x613.jpg\" alt=\"\" class=\"wp-image-4331\" srcset=\"https:\/\/vasaorden.com\/vasteras\/wp-content\/uploads\/sites\/7\/2026\/01\/DSCN5996-horz-1024x613.jpg 1024w, https:\/\/vasaorden.com\/vasteras\/wp-content\/uploads\/sites\/7\/2026\/01\/DSCN5996-horz-300x180.jpg 300w, https:\/\/vasaorden.com\/vasteras\/wp-content\/uploads\/sites\/7\/2026\/01\/DSCN5996-horz-768x460.jpg 768w, https:\/\/vasaorden.com\/vasteras\/wp-content\/uploads\/sites\/7\/2026\/01\/DSCN5996-horz.jpg 1167w\" sizes=\"(max-width: 1024px) 100vw, 1024px\" \/><\/figure>\n\n\n\n<figure class=\"wp-block-image size-large\"><img loading=\"lazy\" width=\"1024\" height=\"883\" src=\"https:\/\/vasaorden.com\/vasteras\/wp-content\/uploads\/sites\/7\/2026\/01\/DSCN5998-horz-1024x883.jpg\" alt=\"\" class=\"wp-image-4332\" srcset=\"https:\/\/vasaorden.com\/vasteras\/wp-content\/uploads\/sites\/7\/2026\/01\/DSCN5998-horz-1024x883.jpg 1024w, https:\/\/vasaorden.com\/vasteras\/wp-content\/uploads\/sites\/7\/2026\/01\/DSCN5998-horz-300x259.jpg 300w, https:\/\/vasaorden.com\/vasteras\/wp-content\/uploads\/sites\/7\/2026\/01\/DSCN5998-horz-768x662.jpg 768w, https:\/\/vasaorden.com\/vasteras\/wp-content\/uploads\/sites\/7\/2026\/01\/DSCN5998-horz.jpg 1032w\" sizes=\"(max-width: 1024px) 100vw, 1024px\" \/><\/figure>\n\n\n\n<pre class=\"wp-block-code\"><code>Tillbaka till <a href=\"https:\/\/vasaorden.com\/vasteras\/information\/\" data-type=\"page\" data-id=\"2992\">Information<\/a><\/code><\/pre>\n","protected":false},"excerpt":{"rendered":"<p>Logen Engelbrekt Nr 619, en lokalloge inom Vasa Orden av Amerika, hade sitt \u00e5rsm\u00f6te den 24 januari i Odd Fellow-husets festv\u00e5ning. Kv\u00e4llen inleddes med ett logem\u00f6te som ut\u00f6ver normala \u00e5rsm\u00f6tesf\u00f6rhandlingar \u00e4ven inneh\u00f6ll inr\u00f6stning och intagning av tidigare medlemmar samt intagning av \u00f6verflyttad medlem. Dessutom installerades 2026 \u00e5rs tj\u00e4nstem\u00e4n. Under punkten kontakt Amerika ber\u00e4ttade Gunnie Sundqvist-S\u00f6derman [&hellip;]<\/p>\n","protected":false},"author":15,"featured_media":0,"parent":0,"menu_order":0,"comment_status":"closed","ping_status":"closed","template":"","meta":{"ngg_post_thumbnail":0,"ocean_post_layout":"","ocean_both_sidebars_style":"","ocean_both_sidebars_content_width":0,"ocean_both_sidebars_sidebars_width":0,"ocean_sidebar":"","ocean_second_sidebar":"","ocean_disable_margins":"enable","ocean_add_body_class":"","ocean_shortcode_before_top_bar":"","ocean_shortcode_after_top_bar":"","ocean_shortcode_before_header":"","ocean_shortcode_after_header":"","ocean_has_shortcode":"","ocean_shortcode_after_title":"","ocean_shortcode_before_footer_widgets":"","ocean_shortcode_after_footer_widgets":"","ocean_shortcode_before_footer_bottom":"","ocean_shortcode_after_footer_bottom":"","ocean_display_top_bar":"default","ocean_display_header":"default","ocean_header_style":"","ocean_center_header_left_menu":"","ocean_custom_header_template":"","ocean_custom_logo":0,"ocean_custom_retina_logo":0,"ocean_custom_logo_max_width":0,"ocean_custom_logo_tablet_max_width":0,"ocean_custom_logo_mobile_max_width":0,"ocean_custom_logo_max_height":0,"ocean_custom_logo_tablet_max_height":0,"ocean_custom_logo_mobile_max_height":0,"ocean_header_custom_menu":"","ocean_menu_typo_font_family":"","ocean_menu_typo_font_subset":"","ocean_menu_typo_font_size":0,"ocean_menu_typo_font_size_tablet":0,"ocean_menu_typo_font_size_mobile":0,"ocean_menu_typo_font_size_unit":"px","ocean_menu_typo_font_weight":"","ocean_menu_typo_font_weight_tablet":"","ocean_menu_typo_font_weight_mobile":"","ocean_menu_typo_transform":"","ocean_menu_typo_transform_tablet":"","ocean_menu_typo_transform_mobile":"","ocean_menu_typo_line_height":0,"ocean_menu_typo_line_height_tablet":0,"ocean_menu_typo_line_height_mobile":0,"ocean_menu_typo_line_height_unit":"","ocean_menu_typo_spacing":0,"ocean_menu_typo_spacing_tablet":0,"ocean_menu_typo_spacing_mobile":0,"ocean_menu_typo_spacing_unit":"","ocean_menu_link_color":"","ocean_menu_link_color_hover":"","ocean_menu_link_color_active":"","ocean_menu_link_background":"","ocean_menu_link_hover_background":"","ocean_menu_link_active_background":"","ocean_menu_social_links_bg":"","ocean_menu_social_hover_links_bg":"","ocean_menu_social_links_color":"","ocean_menu_social_hover_links_color":"","ocean_disable_title":"default","ocean_disable_heading":"default","ocean_post_title":"","ocean_post_subheading":"","ocean_post_title_style":"","ocean_post_title_background_color":"","ocean_post_title_background":0,"ocean_post_title_bg_image_position":"","ocean_post_title_bg_image_attachment":"","ocean_post_title_bg_image_repeat":"","ocean_post_title_bg_image_size":"","ocean_post_title_height":0,"ocean_post_title_bg_overlay":0.5,"ocean_post_title_bg_overlay_color":"","ocean_disable_breadcrumbs":"default","ocean_breadcrumbs_color":"","ocean_breadcrumbs_separator_color":"","ocean_breadcrumbs_links_color":"","ocean_breadcrumbs_links_hover_color":"","ocean_display_footer_widgets":"default","ocean_display_footer_bottom":"default","ocean_custom_footer_template":""},"_links":{"self":[{"href":"https:\/\/vasaorden.com\/vasteras\/wp-json\/wp\/v2\/pages\/4300"}],"collection":[{"href":"https:\/\/vasaorden.com\/vasteras\/wp-json\/wp\/v2\/pages"}],"about":[{"href":"https:\/\/vasaorden.com\/vasteras\/wp-json\/wp\/v2\/types\/page"}],"author":[{"embeddable":true,"href":"https:\/\/vasaorden.com\/vasteras\/wp-json\/wp\/v2\/users\/15"}],"replies":[{"embeddable":true,"href":"https:\/\/vasaorden.com\/vasteras\/wp-json\/wp\/v2\/comments?post=4300"}],"version-history":[{"count":2,"href":"https:\/\/vasaorden.com\/vasteras\/wp-json\/wp\/v2\/pages\/4300\/revisions"}],"predecessor-version":[{"id":4342,"href":"https:\/\/vasaorden.com\/vasteras\/wp-json\/wp\/v2\/pages\/4300\/revisions\/4342"}],"wp:attachment":[{"href":"https:\/\/vasaorden.com\/vasteras\/wp-json\/wp\/v2\/media?parent=4300"}],"curies":[{"name":"wp","href":"https:\/\/api.w.org\/{rel}","templated":true}]}}