{"id":2992,"date":"2012-02-13T20:37:18","date_gmt":"2012-02-13T20:37:18","guid":{"rendered":"http:\/\/bu2022.vasaorden.com\/boras\/?page_id=13"},"modified":"2026-03-31T12:04:38","modified_gmt":"2026-03-31T10:04:38","slug":"information","status":"publish","type":"page","link":"https:\/\/vasaorden.com\/vasteras\/information\/","title":{"rendered":"Information"},"content":{"rendered":"\n<!--more-->\n\n\n\n<h2>N\u00e4sta m\u00f6te:              2026-10-24    H\u00f6gtidsm\u00f6te<\/h2>\n\n\n\n<h2 class=\"has-vivid-purple-color has-text-color\"><span style=\"text-decoration: underline\"><strong>Bilder fr\u00e5n tidigare aktiviteter<\/strong><\/span><strong>&nbsp;<\/strong><\/h2>\n\n\n\n<h2><a href=\"https:\/\/vasaorden.com\/vasteras\/logemote-2026-03-28\/\" data-type=\"page\" data-id=\"4367\">2026-03-28    Logem\u00f6te Br\u00f6dernas Afton<\/a><\/h2>\n\n\n\n<h2><a href=\"https:\/\/vasaorden.com\/vasteras\/logemote-2026-02-21\/\" data-type=\"page\" data-id=\"4346\">2026-02-21    Logem\u00f6te<\/a><\/h2>\n\n\n\n<h2><a href=\"https:\/\/vasaorden.com\/vasteras\/arsmote-2026-01-24\/\" data-type=\"page\" data-id=\"4300\">2026-01-24    \u00c5rsm\u00f6te<\/a><\/h2>\n\n\n\n<h2><a href=\"https:\/\/vasaorden.com\/vasteras\/?page_id=4272\" data-type=\"page\" data-id=\"4272\">2025-12-06    Logem\u00f6te<\/a><\/h2>\n\n\n\n<h2><a href=\"https:\/\/vasaorden.com\/vasteras\/?page_id=4237\" data-type=\"page\" data-id=\"4237\">2025-11-15    Logem\u00f6te<\/a><\/h2>\n\n\n\n<p><\/p>\n\n\n\n<h2><a href=\"https:\/\/vasaorden.com\/vasteras\/hogtidsmote-2025-10-18\/\" data-type=\"page\" data-id=\"4190\">2025-10-18   H\u00f6gtidsm\u00f6te<\/a><\/h2>\n\n\n\n<h2><a href=\"https:\/\/vasaorden.com\/vasteras\/sveriges-nationaldag-2025-06-6\/\" data-type=\"page\" data-id=\"4148\">2025-06-06  Sveriges Nationaldag<\/a><\/h2>\n\n\n\n<h2><\/h2>\n\n\n\n<h2><\/h2>\n\n\n\n<h2><\/h2>\n\n\n\n<h2><\/h2>\n\n\n\n<h2><\/h2>\n\n\n\n<h2> <\/h2>\n\n\n\n<h2 class=\"has-vivid-purple-color has-text-color\"><\/h2>\n\n\n\n<h2><\/h2>\n\n\n\n<p> <\/p>\n\n\n\n<h2> <\/h2>\n\n\n\n<h2><\/h2>\n\n\n\n<h2><\/h2>\n\n\n\n<p class=\"has-medium-font-size\"><\/p>\n\n\n\n<p class=\"has-medium-font-size\"><\/p>\n\n\n\n<p><\/p>\n\n\n\n<p class=\"has-medium-font-size\"><\/p>\n\n\n\n<p class=\"has-medium-font-size\"><\/p>\n\n\n\n<p><\/p>\n\n\n\n<h2><\/h2>\n\n\n\n<p class=\"has-vivid-cyan-blue-color has-text-color has-medium-font-size\"><\/p>\n\n\n\n<p><\/p>\n\n\n\n<h3><\/h3>\n\n\n\n<h3><\/h3>\n\n\n\n<h3><\/h3>\n\n\n\n<h3><\/h3>\n\n\n\n<h3><\/h3>\n\n\n\n<h3><\/h3>\n","protected":false},"excerpt":{"rendered":"","protected":false},"author":14,"featured_media":0,"parent":0,"menu_order":0,"comment_status":"closed","ping_status":"closed","template":"","meta":{"ngg_post_thumbnail":0,"ocean_post_layout":"","ocean_both_sidebars_style":"","ocean_both_sidebars_content_width":0,"ocean_both_sidebars_sidebars_width":0,"ocean_sidebar":"0","ocean_second_sidebar":"0","ocean_disable_margins":"enable","ocean_add_body_class":"","ocean_shortcode_before_top_bar":"","ocean_shortcode_after_top_bar":"","ocean_shortcode_before_header":"","ocean_shortcode_after_header":"","ocean_has_shortcode":"","ocean_shortcode_after_title":"","ocean_shortcode_before_footer_widgets":"","ocean_shortcode_after_footer_widgets":"","ocean_shortcode_before_footer_bottom":"","ocean_shortcode_after_footer_bottom":"","ocean_display_top_bar":"default","ocean_display_header":"default","ocean_header_style":"","ocean_center_header_left_menu":"0","ocean_custom_header_template":"0","ocean_custom_logo":0,"ocean_custom_retina_logo":0,"ocean_custom_logo_max_width":0,"ocean_custom_logo_tablet_max_width":0,"ocean_custom_logo_mobile_max_width":0,"ocean_custom_logo_max_height":0,"ocean_custom_logo_tablet_max_height":0,"ocean_custom_logo_mobile_max_height":0,"ocean_header_custom_menu":"0","ocean_menu_typo_font_family":"0","ocean_menu_typo_font_subset":"","ocean_menu_typo_font_size":0,"ocean_menu_typo_font_size_tablet":0,"ocean_menu_typo_font_size_mobile":0,"ocean_menu_typo_font_size_unit":"px","ocean_menu_typo_font_weight":"","ocean_menu_typo_font_weight_tablet":"","ocean_menu_typo_font_weight_mobile":"","ocean_menu_typo_transform":"","ocean_menu_typo_transform_tablet":"","ocean_menu_typo_transform_mobile":"","ocean_menu_typo_line_height":0,"ocean_menu_typo_line_height_tablet":0,"ocean_menu_typo_line_height_mobile":0,"ocean_menu_typo_line_height_unit":"","ocean_menu_typo_spacing":0,"ocean_menu_typo_spacing_tablet":0,"ocean_menu_typo_spacing_mobile":0,"ocean_menu_typo_spacing_unit":"","ocean_menu_link_color":"","ocean_menu_link_color_hover":"","ocean_menu_link_color_active":"","ocean_menu_link_background":"","ocean_menu_link_hover_background":"","ocean_menu_link_active_background":"","ocean_menu_social_links_bg":"","ocean_menu_social_hover_links_bg":"","ocean_menu_social_links_color":"","ocean_menu_social_hover_links_color":"","ocean_disable_title":"default","ocean_disable_heading":"default","ocean_post_title":"","ocean_post_subheading":"","ocean_post_title_style":"","ocean_post_title_background_color":"","ocean_post_title_background":0,"ocean_post_title_bg_image_position":"","ocean_post_title_bg_image_attachment":"","ocean_post_title_bg_image_repeat":"","ocean_post_title_bg_image_size":"","ocean_post_title_height":0,"ocean_post_title_bg_overlay":0.5,"ocean_post_title_bg_overlay_color":"","ocean_disable_breadcrumbs":"default","ocean_breadcrumbs_color":"","ocean_breadcrumbs_separator_color":"","ocean_breadcrumbs_links_color":"","ocean_breadcrumbs_links_hover_color":"","ocean_display_footer_widgets":"default","ocean_display_footer_bottom":"default","ocean_custom_footer_template":"0"},"_links":{"self":[{"href":"https:\/\/vasaorden.com\/vasteras\/wp-json\/wp\/v2\/pages\/2992"}],"collection":[{"href":"https:\/\/vasaorden.com\/vasteras\/wp-json\/wp\/v2\/pages"}],"about":[{"href":"https:\/\/vasaorden.com\/vasteras\/wp-json\/wp\/v2\/types\/page"}],"author":[{"embeddable":true,"href":"https:\/\/vasaorden.com\/vasteras\/wp-json\/wp\/v2\/users\/14"}],"replies":[{"embeddable":true,"href":"https:\/\/vasaorden.com\/vasteras\/wp-json\/wp\/v2\/comments?post=2992"}],"version-history":[{"count":151,"href":"https:\/\/vasaorden.com\/vasteras\/wp-json\/wp\/v2\/pages\/2992\/revisions"}],"predecessor-version":[{"id":4397,"href":"https:\/\/vasaorden.com\/vasteras\/wp-json\/wp\/v2\/pages\/2992\/revisions\/4397"}],"wp:attachment":[{"href":"https:\/\/vasaorden.com\/vasteras\/wp-json\/wp\/v2\/media?parent=2992"}],"curies":[{"name":"wp","href":"https:\/\/api.w.org\/{rel}","templated":true}]}}