{"id":268,"date":"2012-03-28T07:00:24","date_gmt":"2012-03-28T07:00:24","guid":{"rendered":"http:\/\/bu2022.vasaorden.com\/vasteras\/?page_id=268"},"modified":"2022-09-13T12:31:32","modified_gmt":"2022-09-13T10:31:32","slug":"historik-50-och-60-talet","status":"publish","type":"page","link":"https:\/\/vasaorden.com\/vasteras\/historik-50-och-60-talet\/","title":{"rendered":"Historik 50- och 60-talet"},"content":{"rendered":"<p>1951-05-17 &nbsp;stod logen f\u00f6r f\u00f6rsta g\u00e5ngen som v\u00e4rd f\u00f6r DL 19&nbsp; Distriktsm\u00f6te i V\u00e4ster\u00e5s.<br \/>\n1951-04-07 anordnades p\u00e5 Kvicksunds Hotell ett gemensamhetsm\u00f6te med logerna M\u00e4lardrottningen Nr 563, Logen Kung Karl Nr 614, Kungs\u00f6r, Logen Upsala Nr 623, Logen Stockholm Nr 589 och Logen Hj\u00e4lmaren Nr 625.<br \/>\nI februari 1955 instiftades Logen Eskilstuna Nr 633 och Br Eric Astvald blev utsedd som logens DD, vilket han sedan var <strong>22 \u00e5r<\/strong>.<br \/>\n1956 genomf\u00f6rdes f\u00f6r f\u00f6rsta g\u00e5ngen Br\u00f6dernas Afton. Det blev s\u00e5 lyckat att programpunkten sedan dess f\u00f6rekommit i september-oktober varje \u00e5r. Systrarna ville ju inte vara s\u00e4mre, s\u00e5 Systrarnas afton har ocks\u00e5 blivit tradition.<br \/>\n1957 fastst\u00e4lldes \u00e5rsavgiften till 40,- kr per \u00e5r.<br \/>\nUnder \u00e5r 1960 b\u00f6rjade Vasa Star tilldelas alla Vasahem.<br \/>\nI april 1960 bildas Logen Enk\u00f6ping Nr 646&nbsp;med Logen Engelbrekt Nr 619 som fadderloge. M\u00e5nga gemensamhetsm\u00f6ten har h\u00e5llits under \u00e5ren och bes\u00f6ken mellan logerna \u00e4r m\u00e5nga.<br \/>\n1968 fick logen sin f\u00f6rsta kvinnliga ordf\u00f6rande, Inga Lindkvist.<br \/>\nDetta \u00e5r firade man ocks\u00e5 20-\u00e5rsjubileum. Logen fick en stilfull ljusstake av Logen Kung Karl, som tillverkats i Kungs\u00f6r.<br \/>\n<a title=\"Historik\" href=\"https:\/\/vasaorden.com\/vasteras\/historik\/\">Tillbaka<\/a>&nbsp;&nbsp;&nbsp;&nbsp;&nbsp;&nbsp;&nbsp;&nbsp;&nbsp;&nbsp;&nbsp;&nbsp;&nbsp;&nbsp;&nbsp;&nbsp;&nbsp;&nbsp;&nbsp;&nbsp;&nbsp;&nbsp;&nbsp;&nbsp;&nbsp;&nbsp;&nbsp;&nbsp;&nbsp;&nbsp;&nbsp;&nbsp;&nbsp;&nbsp;&nbsp;&nbsp;&nbsp;&nbsp;&nbsp;&nbsp;&nbsp;&nbsp;&nbsp;&nbsp;&nbsp;&nbsp;&nbsp;&nbsp;&nbsp;&nbsp;&nbsp;&nbsp;&nbsp;&nbsp;&nbsp;&nbsp;&nbsp;&nbsp;&nbsp;&nbsp;&nbsp;&nbsp;&nbsp;&nbsp;&nbsp;&nbsp;&nbsp;&nbsp;&nbsp;&nbsp;&nbsp;&nbsp;&nbsp;&nbsp;&nbsp;&nbsp; <a title=\"Historik 70-talet\" href=\"https:\/\/vasaorden.com\/vasteras\/historik-70-talet\/\">Forts. till 70-talet<\/a><\/p>\n","protected":false},"excerpt":{"rendered":"<p>1951-05-17 &nbsp;stod logen f\u00f6r f\u00f6rsta g\u00e5ngen som v\u00e4rd f\u00f6r DL 19&nbsp; Distriktsm\u00f6te i V\u00e4ster\u00e5s. 1951-04-07 anordnades p\u00e5 Kvicksunds Hotell ett gemensamhetsm\u00f6te med logerna M\u00e4lardrottningen Nr 563, Logen Kung Karl Nr 614, Kungs\u00f6r, Logen Upsala Nr 623, Logen Stockholm Nr 589 och Logen Hj\u00e4lmaren Nr 625. I februari 1955 instiftades Logen Eskilstuna Nr 633 och Br [&hellip;]<\/p>\n","protected":false},"author":15,"featured_media":0,"parent":0,"menu_order":0,"comment_status":"closed","ping_status":"closed","template":"","meta":{"ngg_post_thumbnail":0,"ocean_post_layout":"","ocean_both_sidebars_style":"","ocean_both_sidebars_content_width":0,"ocean_both_sidebars_sidebars_width":0,"ocean_sidebar":"0","ocean_second_sidebar":"0","ocean_disable_margins":"enable","ocean_add_body_class":"","ocean_shortcode_before_top_bar":"","ocean_shortcode_after_top_bar":"","ocean_shortcode_before_header":"","ocean_shortcode_after_header":"","ocean_has_shortcode":"","ocean_shortcode_after_title":"","ocean_shortcode_before_footer_widgets":"","ocean_shortcode_after_footer_widgets":"","ocean_shortcode_before_footer_bottom":"","ocean_shortcode_after_footer_bottom":"","ocean_display_top_bar":"default","ocean_display_header":"default","ocean_header_style":"","ocean_center_header_left_menu":"0","ocean_custom_header_template":"0","ocean_custom_logo":0,"ocean_custom_retina_logo":0,"ocean_custom_logo_max_width":0,"ocean_custom_logo_tablet_max_width":0,"ocean_custom_logo_mobile_max_width":0,"ocean_custom_logo_max_height":0,"ocean_custom_logo_tablet_max_height":0,"ocean_custom_logo_mobile_max_height":0,"ocean_header_custom_menu":"0","ocean_menu_typo_font_family":"0","ocean_menu_typo_font_subset":"","ocean_menu_typo_font_size":0,"ocean_menu_typo_font_size_tablet":0,"ocean_menu_typo_font_size_mobile":0,"ocean_menu_typo_font_size_unit":"px","ocean_menu_typo_font_weight":"","ocean_menu_typo_font_weight_tablet":"","ocean_menu_typo_font_weight_mobile":"","ocean_menu_typo_transform":"","ocean_menu_typo_transform_tablet":"","ocean_menu_typo_transform_mobile":"","ocean_menu_typo_line_height":0,"ocean_menu_typo_line_height_tablet":0,"ocean_menu_typo_line_height_mobile":0,"ocean_menu_typo_line_height_unit":"","ocean_menu_typo_spacing":0,"ocean_menu_typo_spacing_tablet":0,"ocean_menu_typo_spacing_mobile":0,"ocean_menu_typo_spacing_unit":"","ocean_menu_link_color":"","ocean_menu_link_color_hover":"","ocean_menu_link_color_active":"","ocean_menu_link_background":"","ocean_menu_link_hover_background":"","ocean_menu_link_active_background":"","ocean_menu_social_links_bg":"","ocean_menu_social_hover_links_bg":"","ocean_menu_social_links_color":"","ocean_menu_social_hover_links_color":"","ocean_disable_title":"default","ocean_disable_heading":"default","ocean_post_title":"","ocean_post_subheading":"","ocean_post_title_style":"","ocean_post_title_background_color":"","ocean_post_title_background":0,"ocean_post_title_bg_image_position":"","ocean_post_title_bg_image_attachment":"","ocean_post_title_bg_image_repeat":"","ocean_post_title_bg_image_size":"","ocean_post_title_height":0,"ocean_post_title_bg_overlay":0.5,"ocean_post_title_bg_overlay_color":"","ocean_disable_breadcrumbs":"default","ocean_breadcrumbs_color":"","ocean_breadcrumbs_separator_color":"","ocean_breadcrumbs_links_color":"","ocean_breadcrumbs_links_hover_color":"","ocean_display_footer_widgets":"default","ocean_display_footer_bottom":"default","ocean_custom_footer_template":"0"},"_links":{"self":[{"href":"https:\/\/vasaorden.com\/vasteras\/wp-json\/wp\/v2\/pages\/268"}],"collection":[{"href":"https:\/\/vasaorden.com\/vasteras\/wp-json\/wp\/v2\/pages"}],"about":[{"href":"https:\/\/vasaorden.com\/vasteras\/wp-json\/wp\/v2\/types\/page"}],"author":[{"embeddable":true,"href":"https:\/\/vasaorden.com\/vasteras\/wp-json\/wp\/v2\/users\/15"}],"replies":[{"embeddable":true,"href":"https:\/\/vasaorden.com\/vasteras\/wp-json\/wp\/v2\/comments?post=268"}],"version-history":[{"count":2,"href":"https:\/\/vasaorden.com\/vasteras\/wp-json\/wp\/v2\/pages\/268\/revisions"}],"predecessor-version":[{"id":3075,"href":"https:\/\/vasaorden.com\/vasteras\/wp-json\/wp\/v2\/pages\/268\/revisions\/3075"}],"wp:attachment":[{"href":"https:\/\/vasaorden.com\/vasteras\/wp-json\/wp\/v2\/media?parent=268"}],"curies":[{"name":"wp","href":"https:\/\/api.w.org\/{rel}","templated":true}]}}