{"id":17,"date":"2012-02-13T20:37:45","date_gmt":"2012-02-13T20:37:45","guid":{"rendered":"http:\/\/bu2022.vasaorden.com\/boras\/?page_id=17"},"modified":"2022-09-07T15:50:26","modified_gmt":"2022-09-07T13:50:26","slug":"motesplats","status":"publish","type":"page","link":"https:\/\/vasaorden.com\/vasteras\/motesplats\/","title":{"rendered":"M\u00f6tesplats"},"content":{"rendered":"<p><span style=\"font-family: arial,helvetica;\"><span style=\"font-family: Arial; font-size: x-small;\">&nbsp;<\/span><\/span><br \/>\nLogen Engelbrekt Nr 619:s m\u00f6teslokal \u00e4r Odd Fellow-huset K\u00e4llgatan 13 i V\u00e4ster\u00e5s.<br \/>\n<strong><a href=\"https:\/\/vasaorden.com\/vasteras\">Hemsida<\/a><\/strong><br \/>\nFlera andra ordens\u00e4llskap och f\u00f6reningar hyr lokaler i Odd Fellow-huset.<br \/>\n&nbsp;<br \/>\n<span style=\"font-family: arial,helvetica;\"><span style=\"font-family: Arial;\"><a href=\"https:\/\/vasaorden.com\/vasteras\/wp-content\/uploads\/sites\/7\/2012\/02\/DSCN16812.jpg\"><img loading=\"lazy\" class=\"size-medium wp-image-66 alignleft\" src=\"https:\/\/vasaorden.com\/vasteras\/wp-content\/uploads\/sites\/7\/2012\/02\/DSCN16812-300x225.jpg\" alt=\"\" width=\"300\" height=\"225\" srcset=\"https:\/\/vasaorden.com\/vasteras\/wp-content\/uploads\/sites\/7\/2012\/02\/DSCN16812-300x225.jpg 300w, https:\/\/vasaorden.com\/vasteras\/wp-content\/uploads\/sites\/7\/2012\/02\/DSCN16812-1024x768.jpg 1024w, https:\/\/vasaorden.com\/vasteras\/wp-content\/uploads\/sites\/7\/2012\/02\/DSCN16812-768x576.jpg 768w, https:\/\/vasaorden.com\/vasteras\/wp-content\/uploads\/sites\/7\/2012\/02\/DSCN16812-1536x1152.jpg 1536w, https:\/\/vasaorden.com\/vasteras\/wp-content\/uploads\/sites\/7\/2012\/02\/DSCN16812-2048x1536.jpg 2048w\" sizes=\"(max-width: 300px) 100vw, 300px\" \/><\/a><br \/>\n<strong>&nbsp;&nbsp;&nbsp;&nbsp;&nbsp;&nbsp;&nbsp;&nbsp;&nbsp;&nbsp;&nbsp;&nbsp;&nbsp;&nbsp;&nbsp;&nbsp;&nbsp;&nbsp;&nbsp;&nbsp;&nbsp;&nbsp;&nbsp;&nbsp;&nbsp;&nbsp;&nbsp;&nbsp;&nbsp;&nbsp;&nbsp;&nbsp;&nbsp;&nbsp;&nbsp;&nbsp;&nbsp;&nbsp;&nbsp;&nbsp;&nbsp;&nbsp;&nbsp;&nbsp; <\/strong><\/span><\/span><br \/>\n&nbsp;<br \/>\n&nbsp;<br \/>\n&nbsp;<br \/>\n&nbsp;<br \/>\n&nbsp;<br \/>\n&nbsp;<br \/>\nI centrum av V\u00e4ster\u00e5s hittar du l\u00e4tt m\u00f6teslokalen i h\u00f6rnhuset Stora gatan &#8211; K\u00e4llgatan.<\/p>\n","protected":false},"excerpt":{"rendered":"<p>&nbsp; Logen Engelbrekt Nr 619:s m\u00f6teslokal \u00e4r Odd Fellow-huset K\u00e4llgatan 13 i V\u00e4ster\u00e5s. Hemsida Flera andra ordens\u00e4llskap och f\u00f6reningar hyr lokaler i Odd Fellow-huset. &nbsp; &nbsp;&nbsp;&nbsp;&nbsp;&nbsp;&nbsp;&nbsp;&nbsp;&nbsp;&nbsp;&nbsp;&nbsp;&nbsp;&nbsp;&nbsp;&nbsp;&nbsp;&nbsp;&nbsp;&nbsp;&nbsp;&nbsp;&nbsp;&nbsp;&nbsp;&nbsp;&nbsp;&nbsp;&nbsp;&nbsp;&nbsp;&nbsp;&nbsp;&nbsp;&nbsp;&nbsp;&nbsp;&nbsp;&nbsp;&nbsp;&nbsp;&nbsp;&nbsp;&nbsp; &nbsp; &nbsp; &nbsp; &nbsp; &nbsp; &nbsp; I centrum av V\u00e4ster\u00e5s hittar du l\u00e4tt m\u00f6teslokalen i h\u00f6rnhuset Stora gatan &#8211; K\u00e4llgatan.<\/p>\n","protected":false},"author":14,"featured_media":0,"parent":0,"menu_order":0,"comment_status":"closed","ping_status":"closed","template":"","meta":{"ngg_post_thumbnail":0,"ocean_post_layout":"","ocean_both_sidebars_style":"","ocean_both_sidebars_content_width":0,"ocean_both_sidebars_sidebars_width":0,"ocean_sidebar":"0","ocean_second_sidebar":"0","ocean_disable_margins":"enable","ocean_add_body_class":"","ocean_shortcode_before_top_bar":"","ocean_shortcode_after_top_bar":"","ocean_shortcode_before_header":"","ocean_shortcode_after_header":"","ocean_has_shortcode":"","ocean_shortcode_after_title":"","ocean_shortcode_before_footer_widgets":"","ocean_shortcode_after_footer_widgets":"","ocean_shortcode_before_footer_bottom":"","ocean_shortcode_after_footer_bottom":"","ocean_display_top_bar":"default","ocean_display_header":"default","ocean_header_style":"","ocean_center_header_left_menu":"0","ocean_custom_header_template":"0","ocean_custom_logo":0,"ocean_custom_retina_logo":0,"ocean_custom_logo_max_width":0,"ocean_custom_logo_tablet_max_width":0,"ocean_custom_logo_mobile_max_width":0,"ocean_custom_logo_max_height":0,"ocean_custom_logo_tablet_max_height":0,"ocean_custom_logo_mobile_max_height":0,"ocean_header_custom_menu":"0","ocean_menu_typo_font_family":"0","ocean_menu_typo_font_subset":"","ocean_menu_typo_font_size":0,"ocean_menu_typo_font_size_tablet":0,"ocean_menu_typo_font_size_mobile":0,"ocean_menu_typo_font_size_unit":"px","ocean_menu_typo_font_weight":"","ocean_menu_typo_font_weight_tablet":"","ocean_menu_typo_font_weight_mobile":"","ocean_menu_typo_transform":"","ocean_menu_typo_transform_tablet":"","ocean_menu_typo_transform_mobile":"","ocean_menu_typo_line_height":0,"ocean_menu_typo_line_height_tablet":0,"ocean_menu_typo_line_height_mobile":0,"ocean_menu_typo_line_height_unit":"","ocean_menu_typo_spacing":0,"ocean_menu_typo_spacing_tablet":0,"ocean_menu_typo_spacing_mobile":0,"ocean_menu_typo_spacing_unit":"","ocean_menu_link_color":"","ocean_menu_link_color_hover":"","ocean_menu_link_color_active":"","ocean_menu_link_background":"","ocean_menu_link_hover_background":"","ocean_menu_link_active_background":"","ocean_menu_social_links_bg":"","ocean_menu_social_hover_links_bg":"","ocean_menu_social_links_color":"","ocean_menu_social_hover_links_color":"","ocean_disable_title":"default","ocean_disable_heading":"default","ocean_post_title":"","ocean_post_subheading":"","ocean_post_title_style":"","ocean_post_title_background_color":"","ocean_post_title_background":0,"ocean_post_title_bg_image_position":"","ocean_post_title_bg_image_attachment":"","ocean_post_title_bg_image_repeat":"","ocean_post_title_bg_image_size":"","ocean_post_title_height":0,"ocean_post_title_bg_overlay":0.5,"ocean_post_title_bg_overlay_color":"","ocean_disable_breadcrumbs":"default","ocean_breadcrumbs_color":"","ocean_breadcrumbs_separator_color":"","ocean_breadcrumbs_links_color":"","ocean_breadcrumbs_links_hover_color":"","ocean_display_footer_widgets":"default","ocean_display_footer_bottom":"default","ocean_custom_footer_template":"0"},"_links":{"self":[{"href":"https:\/\/vasaorden.com\/vasteras\/wp-json\/wp\/v2\/pages\/17"}],"collection":[{"href":"https:\/\/vasaorden.com\/vasteras\/wp-json\/wp\/v2\/pages"}],"about":[{"href":"https:\/\/vasaorden.com\/vasteras\/wp-json\/wp\/v2\/types\/page"}],"author":[{"embeddable":true,"href":"https:\/\/vasaorden.com\/vasteras\/wp-json\/wp\/v2\/users\/14"}],"replies":[{"embeddable":true,"href":"https:\/\/vasaorden.com\/vasteras\/wp-json\/wp\/v2\/comments?post=17"}],"version-history":[{"count":5,"href":"https:\/\/vasaorden.com\/vasteras\/wp-json\/wp\/v2\/pages\/17\/revisions"}],"predecessor-version":[{"id":3042,"href":"https:\/\/vasaorden.com\/vasteras\/wp-json\/wp\/v2\/pages\/17\/revisions\/3042"}],"wp:attachment":[{"href":"https:\/\/vasaorden.com\/vasteras\/wp-json\/wp\/v2\/media?parent=17"}],"curies":[{"name":"wp","href":"https:\/\/api.w.org\/{rel}","templated":true}]}}