{"id":13,"date":"2012-02-13T20:37:18","date_gmt":"2012-02-13T20:37:18","guid":{"rendered":"http:\/\/bu2022.vasaorden.com\/boras\/?page_id=13"},"modified":"2012-02-13T20:37:18","modified_gmt":"2012-02-13T20:37:18","slug":"information","status":"publish","type":"page","link":"https:\/\/vasaorden.com\/vadstena\/information\/","title":{"rendered":"Information verksamhet"},"content":{"rendered":"<table style=\"height: 295px;background-color: #ffffff\" border=\"0\" width=\"907\" cellspacing=\"0\" cellpadding=\"0\">\n<tfoot style=\"background-color: black\">\n<tr>\n<td>\u00a0\u00a0<a href=\"http:\/\/bu2022.vasaorden.com\/vadstena\/information\/\"><span style=\"color: #ffffff\">Information verksamhet<\/span><\/a><\/td>\n<\/tr>\n<\/tfoot>\n<tbody>\n<tr>\n<td><a href=\"https:\/\/vasaorden.com\/vadstena\/wp-content\/uploads\/sites\/9\/2015\/12\/vadstenalogen-2-_new-copy.jpg\"><img loading=\"lazy\" class=\"alignnone size-full wp-image-530\" src=\"https:\/\/vasaorden.com\/vadstena\/wp-content\/uploads\/sites\/9\/2015\/12\/vadstenalogen-2-_new-copy.jpg\" alt=\"vadstenalogen 2 _new copy\" width=\"760\" height=\"215\" \/><\/a><\/td>\n<\/tr>\n<\/tbody>\n<\/table>\n<h3><\/h3>\n<p>F\u00f6rutom mer traditionella kulturaktiviteter, utg\u00f6r v\u00e5r verksamhet mycket av fester och underh\u00e5llning. Vid v\u00e5ra efterkapitel i samband med logem\u00f6ten har vi programpunkter s\u00e5som intressanta f\u00f6redrag, filmer, framtr\u00e4danden. Vi har ocks\u00e5 andra mer spontana tr\u00e4ffar under trevliga former.<br \/>\n\u200b<br \/>\nV\u00e5r verksamhet inkluderar \u00e4ven utflykter i glada v\u00e4nners lag, antingen till trevliga och intressanta m\u00e5l eller till en grannloge.<br \/>\n\u200b<br \/>\nUnder meny-rubriken &#8221;Information Verksamhet&#8221; presenterar vi v\u00e5ra aktiviteter med bildspel och videos. Vi f\u00f6rs\u00f6ker ocks\u00e5 f\u00f6lja upp tr\u00e4ffar och utflykter med kortare referat fr\u00e5n respektive aktivitet. Vi hoppas att du som redan \u00e4r medlem i Logen Vadstena nr 762\u00a0eller annan loge och\u00a0medlem i Vasa Orden av Amerika k\u00e4nner igen dig i v\u00e5ra trivsamma aktiviteter. Vi hoppas ocks\u00e5 att du som inte \u00e4r medlem blir intresserad av Vasa Orden av Amerika och \u00e4ven bes\u00f6ker v\u00e5rt distrikts (DL 19) sida &#8221;<a href=\"http:\/\/bu2022.vasaorden.com\/?page_id=30\" target=\"_blank\" rel=\"noopener\">Medlemskap<\/a>&#8221; d\u00e4r du f\u00e5r information hur du ska g\u00e5 till v\u00e4ga.<\/p>\n<h3>Bildspel<\/h3>\n<p>H\u00e4r presenterar vi bildspel med foton fr\u00e5n v\u00e5ra tr\u00e4ffar och utflykter.<\/p>\n<table style=\"background-color: #ffffff\" border=\"0\" width=\"600\" cellspacing=\"3\" cellpadding=\"3\">\n<tbody>\n<tr>\n<td width=\"190\">\n<figure id=\"attachment_627\" aria-describedby=\"caption-attachment-627\" style=\"width: 150px\" class=\"wp-caption aligncenter\"><a href=\"https:\/\/vasaorden.com\/vadstena\/wp-content\/uploads\/sites\/9\/2015\/12\/jubileum-bakelse.jpg\"><img loading=\"lazy\" class=\"size-thumbnail wp-image-627\" src=\"https:\/\/vasaorden.com\/vadstena\/wp-content\/uploads\/sites\/9\/2015\/12\/jubileum-bakelse-150x150.jpg\" alt=\"Logen Vadstena \" width=\"150\" height=\"150\" srcset=\"https:\/\/vasaorden.com\/vadstena\/wp-content\/uploads\/sites\/9\/2015\/12\/jubileum-bakelse-150x150.jpg 150w, https:\/\/vasaorden.com\/vadstena\/wp-content\/uploads\/sites\/9\/2015\/12\/jubileum-bakelse-600x600.jpg 600w\" sizes=\"(max-width: 150px) 100vw, 150px\" \/><\/a><figcaption id=\"caption-attachment-627\" class=\"wp-caption-text\">Logen Vadstenas<br \/> <span style=\"font-family: inherit\">5-\u00e5rs jubileum &#8211; se v\u00e5rt bildspel!<\/span><\/figcaption><\/figure><\/td>\n<td width=\"190\">\n<figure id=\"attachment_626\" aria-describedby=\"caption-attachment-626\" style=\"width: 150px\" class=\"wp-caption alignnone\"><a href=\"https:\/\/vasaorden.com\/vadstena\/wp-content\/uploads\/sites\/9\/2015\/12\/konstvisning.jpg\"><img loading=\"lazy\" class=\"size-thumbnail wp-image-626\" src=\"https:\/\/vasaorden.com\/vadstena\/wp-content\/uploads\/sites\/9\/2015\/12\/konstvisning-150x150.jpg\" alt=\"Logen Vadstena medverkar i konstutst\u00e4llningen i Vadstena\" width=\"150\" height=\"150\" \/><\/a><figcaption id=\"caption-attachment-626\" class=\"wp-caption-text\">Logen Vadstena medverkar vid konstutst\u00e4llning<\/figcaption><\/figure><\/td>\n<td width=\"190\">\n<figure id=\"attachment_625\" aria-describedby=\"caption-attachment-625\" style=\"width: 150px\" class=\"wp-caption alignnone\"><a href=\"https:\/\/vasaorden.com\/vadstena\/wp-content\/uploads\/sites\/9\/2015\/12\/Boxholm-II_b.jpg\"><img loading=\"lazy\" class=\"size-thumbnail wp-image-625\" src=\"https:\/\/vasaorden.com\/vadstena\/wp-content\/uploads\/sites\/9\/2015\/12\/Boxholm-II_b-150x150.jpg\" alt=\"Vadstena Logens ordnar gemensamhetsutflykt 2014\" width=\"150\" height=\"150\" \/><\/a><figcaption id=\"caption-attachment-625\" class=\"wp-caption-text\">Vadstena Logens ordnar gemensamhetsutflykt 2014<\/figcaption><\/figure><\/td>\n<\/tr>\n<tr>\n<td style=\"vertical-align: top\">Vasa Orden av Amerika, Logen Vadstena nr 762 firade sitt 5-\u00e5rs jubileum 2012<a class=\"read-more\" href=\"http:\/\/bu2022.vasaorden.com\/vadstena\/information\/5-ars-jubileum-2012-bildspel\/\"><br \/>\nSe bildspel ==&gt;<\/a><\/td>\n<td style=\"vertical-align: top\">Vasa Orden av Amerika, Logen Vadstena nr 762 samverkar med konstn\u00e4ren Hans Str\u00f6m\u00a0<a class=\"read-more\" href=\"http:\/\/bu2022.vasaorden.com\/vadstena\/information\/konstvisning-bildspel\/\"><br \/>\nSe bildspel ==&gt;<\/a><\/td>\n<td style=\"vertical-align: top\">Vasa Orden av Amerika, Logen Vadstena nr 76 ordnar gemensamhetsutflykt\u00a0<a class=\"read-more\" href=\"http:\/\/bu2022.vasaorden.com\/vadstena\/information\/utflykt-boxholm-ii-pa-sjon-sommen\/\"><br \/>\nSe bildspel ==&gt;<\/a><\/td>\n<\/tr>\n<\/tbody>\n<\/table>\n<h3><\/h3>\n<h3>Videoinspelningar<\/h3>\n<p>H\u00e4r presenterar vi v\u00e5ra video-clips allt fr\u00e5n underh\u00e5llning vid v\u00e5ra tr\u00e4ffar till v\u00e5ra utflykter och kulturarrangemang.<\/p>\n<table style=\"background-color: #ffffff\" border=\"0\" width=\"600\" cellspacing=\"3\" cellpadding=\"3\">\n<tbody>\n<tr>\n<td width=\"190\">\n<figure id=\"attachment_243\" aria-describedby=\"caption-attachment-243\" style=\"width: 150px\" class=\"wp-caption alignnone\"><a href=\"http:\/\/vadstena.vasaorder.se\/wp-content\/uploads\/2015\/02\/savenstedt_s.jpg\"><img loading=\"lazy\" class=\"size-thumbnail wp-image-243\" src=\"http:\/\/vadstena.vasaorder.se\/wp-content\/uploads\/2015\/02\/savenstedt_s-150x150.jpg\" alt=\"Dragspelsunderh\u00e5llning\" width=\"150\" height=\"150\" \/><\/a><figcaption id=\"caption-attachment-243\" class=\"wp-caption-text\">Tomas och Lisbet S\u00e4venstedt \u00e4r n\u00e5gra som underh\u00e5llit oss.<\/figcaption><\/figure><\/td>\n<td width=\"190\">\n<figure id=\"attachment_87\" aria-describedby=\"caption-attachment-87\" style=\"width: 150px\" class=\"wp-caption alignnone\"><a href=\"https:\/\/vasaorden.com\/vadstena\/wp-content\/uploads\/sites\/9\/2012\/02\/utstallning-231.jpg\"><img loading=\"lazy\" class=\"size-thumbnail wp-image-87\" src=\"https:\/\/vasaorden.com\/vadstena\/wp-content\/uploads\/sites\/9\/2012\/02\/utstallning-231-150x150.jpg\" alt=\"Elever i studier av konst\" width=\"150\" height=\"150\" srcset=\"https:\/\/vasaorden.com\/vadstena\/wp-content\/uploads\/sites\/9\/2012\/02\/utstallning-231-150x150.jpg 150w, https:\/\/vasaorden.com\/vadstena\/wp-content\/uploads\/sites\/9\/2012\/02\/utstallning-231-600x600.jpg 600w\" sizes=\"(max-width: 150px) 100vw, 150px\" \/><\/a><figcaption id=\"caption-attachment-87\" class=\"wp-caption-text\">Elever studerar och diskuterar Hans Str\u00f6ms reliefkonst<\/figcaption><\/figure><\/td>\n<td width=\"190\">\n<figure id=\"attachment_660\" aria-describedby=\"caption-attachment-660\" style=\"width: 150px\" class=\"wp-caption alignnone\"><a href=\"https:\/\/vasaorden.com\/vadstena\/wp-content\/uploads\/sites\/9\/2015\/12\/ovralid-host1.jpg\"><img loading=\"lazy\" class=\"size-thumbnail wp-image-660\" src=\"https:\/\/vasaorden.com\/vadstena\/wp-content\/uploads\/sites\/9\/2015\/12\/ovralid-host1-150x150.jpg\" alt=\"H\u00f6stvandring i \u00d6vralids vackra omgivningar norr om Motala.\" width=\"150\" height=\"150\" \/><\/a><figcaption id=\"caption-attachment-660\" class=\"wp-caption-text\">H\u00f6stvandring i \u00d6vralids vackra omgivningar norr om Motala<\/figcaption><\/figure><\/td>\n<td width=\"190\">\n<figure id=\"attachment_699\" aria-describedby=\"caption-attachment-699\" style=\"width: 150px\" class=\"wp-caption alignnone\"><a href=\"https:\/\/vasaorden.com\/vadstena\/wp-content\/uploads\/sites\/9\/2016\/01\/Filbyter_160123.jpg\" rel=\"attachment wp-att-699\"><img loading=\"lazy\" class=\"size-thumbnail wp-image-699\" src=\"https:\/\/vasaorden.com\/vadstena\/wp-content\/uploads\/sites\/9\/2016\/01\/Filbyter_160123-150x150.jpg\" alt=\"Underh\u00e5llning vid Logen Filbyters efterkapitel 23 jan 2016\" width=\"150\" height=\"150\" srcset=\"https:\/\/vasaorden.com\/vadstena\/wp-content\/uploads\/sites\/9\/2016\/01\/Filbyter_160123-150x150.jpg 150w, https:\/\/vasaorden.com\/vadstena\/wp-content\/uploads\/sites\/9\/2016\/01\/Filbyter_160123-600x600.jpg 600w\" sizes=\"(max-width: 150px) 100vw, 150px\" \/><\/a><figcaption id=\"caption-attachment-699\" class=\"wp-caption-text\">Underh\u00e5llning vid Logen Filbyters efterkapitel 23 jan 2016<\/figcaption><\/figure><\/td>\n<\/tr>\n<tr>\n<td style=\"vertical-align: top\">Trevlig och h\u00e4rlig musikunderh\u00e5llning vid efterkapitel p\u00e5\u00a0v\u00e5ra logem\u00f6ten.<a class=\"read-more\" href=\"http:\/\/vadstena.vasaorder.se\/galleri\/video-underhallning\/\"><br \/>\nSe videon ==&gt;<\/a><\/td>\n<td style=\"vertical-align: top\">Konstutst\u00e4llning med Hans Str\u00f6ms konstvisning f\u00f6r skolelever i Vadstena.<a class=\"read-more\" href=\"http:\/\/vadstena.vasaorder.se\/galleri\/video-galleri-konstvisning\/\"><br \/>\nSe videon ==&gt;<\/a><\/td>\n<td style=\"vertical-align: top\">Str\u00f6vt\u00e5g i omgivning-arna\u00a0i Logen Vadstena nr 762:s upptagnings-omr\u00e5de.<a class=\"read-more\" href=\"http:\/\/vadstena.vasaorder.se\/galleri\/video-strovtag-i-omgivningarna\/\"><br \/>\nSe videon ==&gt;<\/a><\/td>\n<td style=\"vertical-align: top\">Cecilia L\u00f6vdahl-Lundgren sj\u00f6ng med ackompanje-mang av Nils-Peter Vaggelyr.<a class=\"read-more\" href=\"http:\/\/vadstena.vasaorder.se\/galleri\/video-underhallning\/underhallning-vid-besok-hos-logen-filbyter-23-jan-2016\/\"><br \/>\nSe videon ==&gt;<\/a><\/td>\n<\/tr>\n<\/tbody>\n<\/table>\n","protected":false},"excerpt":{"rendered":"<p>\u00a0\u00a0Information verksamhet F\u00f6rutom mer traditionella kulturaktiviteter, utg\u00f6r v\u00e5r verksamhet mycket av fester och underh\u00e5llning. Vid v\u00e5ra efterkapitel i samband med logem\u00f6ten har vi programpunkter s\u00e5som intressanta f\u00f6redrag, filmer, framtr\u00e4danden. Vi har ocks\u00e5 andra mer spontana tr\u00e4ffar under trevliga former. \u200b V\u00e5r verksamhet inkluderar \u00e4ven utflykter i glada v\u00e4nners lag, antingen till trevliga och intressanta m\u00e5l [&hellip;]<\/p>\n","protected":false},"author":19,"featured_media":0,"parent":0,"menu_order":0,"comment_status":"closed","ping_status":"closed","template":"","meta":{"ngg_post_thumbnail":0,"ocean_post_layout":"","ocean_both_sidebars_style":"","ocean_both_sidebars_content_width":0,"ocean_both_sidebars_sidebars_width":0,"ocean_sidebar":"","ocean_second_sidebar":"","ocean_disable_margins":"enable","ocean_add_body_class":"","ocean_shortcode_before_top_bar":"","ocean_shortcode_after_top_bar":"","ocean_shortcode_before_header":"","ocean_shortcode_after_header":"","ocean_has_shortcode":"","ocean_shortcode_after_title":"","ocean_shortcode_before_footer_widgets":"","ocean_shortcode_after_footer_widgets":"","ocean_shortcode_before_footer_bottom":"","ocean_shortcode_after_footer_bottom":"","ocean_display_top_bar":"default","ocean_display_header":"default","ocean_header_style":"","ocean_center_header_left_menu":"","ocean_custom_header_template":"","ocean_custom_logo":0,"ocean_custom_retina_logo":0,"ocean_custom_logo_max_width":0,"ocean_custom_logo_tablet_max_width":0,"ocean_custom_logo_mobile_max_width":0,"ocean_custom_logo_max_height":0,"ocean_custom_logo_tablet_max_height":0,"ocean_custom_logo_mobile_max_height":0,"ocean_header_custom_menu":"","ocean_menu_typo_font_family":"","ocean_menu_typo_font_subset":"","ocean_menu_typo_font_size":0,"ocean_menu_typo_font_size_tablet":0,"ocean_menu_typo_font_size_mobile":0,"ocean_menu_typo_font_size_unit":"px","ocean_menu_typo_font_weight":"","ocean_menu_typo_font_weight_tablet":"","ocean_menu_typo_font_weight_mobile":"","ocean_menu_typo_transform":"","ocean_menu_typo_transform_tablet":"","ocean_menu_typo_transform_mobile":"","ocean_menu_typo_line_height":0,"ocean_menu_typo_line_height_tablet":0,"ocean_menu_typo_line_height_mobile":0,"ocean_menu_typo_line_height_unit":"","ocean_menu_typo_spacing":0,"ocean_menu_typo_spacing_tablet":0,"ocean_menu_typo_spacing_mobile":0,"ocean_menu_typo_spacing_unit":"","ocean_menu_link_color":"","ocean_menu_link_color_hover":"","ocean_menu_link_color_active":"","ocean_menu_link_background":"","ocean_menu_link_hover_background":"","ocean_menu_link_active_background":"","ocean_menu_social_links_bg":"","ocean_menu_social_hover_links_bg":"","ocean_menu_social_links_color":"","ocean_menu_social_hover_links_color":"","ocean_disable_title":"default","ocean_disable_heading":"default","ocean_post_title":"","ocean_post_subheading":"","ocean_post_title_style":"","ocean_post_title_background_color":"","ocean_post_title_background":0,"ocean_post_title_bg_image_position":"","ocean_post_title_bg_image_attachment":"","ocean_post_title_bg_image_repeat":"","ocean_post_title_bg_image_size":"","ocean_post_title_height":0,"ocean_post_title_bg_overlay":0.5,"ocean_post_title_bg_overlay_color":"","ocean_disable_breadcrumbs":"default","ocean_breadcrumbs_color":"","ocean_breadcrumbs_separator_color":"","ocean_breadcrumbs_links_color":"","ocean_breadcrumbs_links_hover_color":"","ocean_display_footer_widgets":"default","ocean_display_footer_bottom":"default","ocean_custom_footer_template":""},"_links":{"self":[{"href":"https:\/\/vasaorden.com\/vadstena\/wp-json\/wp\/v2\/pages\/13"}],"collection":[{"href":"https:\/\/vasaorden.com\/vadstena\/wp-json\/wp\/v2\/pages"}],"about":[{"href":"https:\/\/vasaorden.com\/vadstena\/wp-json\/wp\/v2\/types\/page"}],"author":[{"embeddable":true,"href":"https:\/\/vasaorden.com\/vadstena\/wp-json\/wp\/v2\/users\/19"}],"replies":[{"embeddable":true,"href":"https:\/\/vasaorden.com\/vadstena\/wp-json\/wp\/v2\/comments?post=13"}],"version-history":[{"count":0,"href":"https:\/\/vasaorden.com\/vadstena\/wp-json\/wp\/v2\/pages\/13\/revisions"}],"wp:attachment":[{"href":"https:\/\/vasaorden.com\/vadstena\/wp-json\/wp\/v2\/media?parent=13"}],"curies":[{"name":"wp","href":"https:\/\/api.w.org\/{rel}","templated":true}]}}