{"id":19,"date":"2012-02-13T20:37:58","date_gmt":"2012-02-13T20:37:58","guid":{"rendered":"http:\/\/bu2022.vasaorden.com\/boras\/?page_id=19"},"modified":"2024-03-18T16:46:40","modified_gmt":"2024-03-18T15:46:40","slug":"kontakter","status":"publish","type":"page","link":"https:\/\/vasaorden.com\/uddevalla\/kontakter\/","title":{"rendered":"Kontakter-Styrelsen"},"content":{"rendered":"\n<h4 class=\"has-black-color has-text-color\"><span style=\"color: #ffffff\">l<\/span>Kontakta oss <\/h4>\n\n\n\n<p><\/p>\n\n\n\n<h4 class=\"has-text-color\" style=\"color:#020202\">Ordf  Torsten Torstensson \u00a0 \u00a0  0703  221288\u00a0 \u00a0 \u00a0          emitot@yahoo.com     <\/h4>\n\n\n\n<h4 class=\"has-text-color\" style=\"color:#020202\">V.ordf   Peter Holm                  0704 852207                 kpeterholm@me.com<\/h4>\n\n\n\n<h4>Sekr Karin Peders\u00e8n                    0703  06 74 97           karin.pedersen2@comhem.se<\/h4>\n\n\n\n<h4>Kass\u00f6r Gunnar Axelsson             0761 653003             svengunnar.axelsson@gmail.com<\/h4>\n\n\n\n<h4>Kulturledare Anita B\u00e4ckerbo      076 228 31 75            anitha.backerbo@hotmail.com<br><\/h4>\n\n\n\n<div class=\"wp-block-media-text alignwide is-stacked-on-mobile\"><figure class=\"wp-block-media-text__media\"><\/figure><div class=\"wp-block-media-text__content\">\n<p><\/p>\n<\/div><\/div>\n\n\n\n<div class=\"wp-block-media-text alignwide is-stacked-on-mobile\"><figure class=\"wp-block-media-text__media\"><\/figure><div class=\"wp-block-media-text__content\">\n<p><\/p>\n<\/div><\/div>\n\n\n\n<h4><br><\/h4>\n\n\n\n<h2><\/h2>\n\n\n\n<p><\/p>\n\n\n\n<h2><span style=\"color: #993366\">&nbsp;V\u00e4lkommen att h\u00f6ra av dig!<\/span><\/h2>\n\n\n\n<p><\/p>\n","protected":false},"excerpt":{"rendered":"<p>lKontakta oss Ordf Torsten Torstensson \u00a0 \u00a0 0703 221288\u00a0 \u00a0 \u00a0 emitot@yahoo.com V.ordf Peter Holm 0704 852207 kpeterholm@me.com Sekr Karin Peders\u00e8n 0703 06 74 97 karin.pedersen2@comhem.se Kass\u00f6r Gunnar Axelsson 0761 653003 svengunnar.axelsson@gmail.com Kulturledare Anita B\u00e4ckerbo 076 228 31 75 anitha.backerbo@hotmail.com &nbsp;V\u00e4lkommen att h\u00f6ra av dig!<\/p>\n","protected":false},"author":21,"featured_media":0,"parent":0,"menu_order":0,"comment_status":"closed","ping_status":"closed","template":"","meta":{"ngg_post_thumbnail":0,"ocean_post_layout":"","ocean_both_sidebars_style":"","ocean_both_sidebars_content_width":0,"ocean_both_sidebars_sidebars_width":0,"ocean_sidebar":"0","ocean_second_sidebar":"0","ocean_disable_margins":"enable","ocean_add_body_class":"","ocean_shortcode_before_top_bar":"","ocean_shortcode_after_top_bar":"","ocean_shortcode_before_header":"","ocean_shortcode_after_header":"","ocean_has_shortcode":"","ocean_shortcode_after_title":"","ocean_shortcode_before_footer_widgets":"","ocean_shortcode_after_footer_widgets":"","ocean_shortcode_before_footer_bottom":"","ocean_shortcode_after_footer_bottom":"","ocean_display_top_bar":"default","ocean_display_header":"default","ocean_header_style":"","ocean_center_header_left_menu":"0","ocean_custom_header_template":"0","ocean_custom_logo":0,"ocean_custom_retina_logo":0,"ocean_custom_logo_max_width":0,"ocean_custom_logo_tablet_max_width":0,"ocean_custom_logo_mobile_max_width":0,"ocean_custom_logo_max_height":0,"ocean_custom_logo_tablet_max_height":0,"ocean_custom_logo_mobile_max_height":0,"ocean_header_custom_menu":"0","ocean_menu_typo_font_family":"0","ocean_menu_typo_font_subset":"","ocean_menu_typo_font_size":0,"ocean_menu_typo_font_size_tablet":0,"ocean_menu_typo_font_size_mobile":0,"ocean_menu_typo_font_size_unit":"px","ocean_menu_typo_font_weight":"","ocean_menu_typo_font_weight_tablet":"","ocean_menu_typo_font_weight_mobile":"","ocean_menu_typo_transform":"","ocean_menu_typo_transform_tablet":"","ocean_menu_typo_transform_mobile":"","ocean_menu_typo_line_height":0,"ocean_menu_typo_line_height_tablet":0,"ocean_menu_typo_line_height_mobile":0,"ocean_menu_typo_line_height_unit":"","ocean_menu_typo_spacing":0,"ocean_menu_typo_spacing_tablet":0,"ocean_menu_typo_spacing_mobile":0,"ocean_menu_typo_spacing_unit":"","ocean_menu_link_color":"","ocean_menu_link_color_hover":"","ocean_menu_link_color_active":"","ocean_menu_link_background":"","ocean_menu_link_hover_background":"","ocean_menu_link_active_background":"","ocean_menu_social_links_bg":"","ocean_menu_social_hover_links_bg":"","ocean_menu_social_links_color":"","ocean_menu_social_hover_links_color":"","ocean_disable_title":"default","ocean_disable_heading":"default","ocean_post_title":"","ocean_post_subheading":"","ocean_post_title_style":"","ocean_post_title_background_color":"","ocean_post_title_background":0,"ocean_post_title_bg_image_position":"","ocean_post_title_bg_image_attachment":"","ocean_post_title_bg_image_repeat":"","ocean_post_title_bg_image_size":"","ocean_post_title_height":0,"ocean_post_title_bg_overlay":0.5,"ocean_post_title_bg_overlay_color":"","ocean_disable_breadcrumbs":"default","ocean_breadcrumbs_color":"","ocean_breadcrumbs_separator_color":"","ocean_breadcrumbs_links_color":"","ocean_breadcrumbs_links_hover_color":"","ocean_display_footer_widgets":"default","ocean_display_footer_bottom":"default","ocean_custom_footer_template":"0"},"_links":{"self":[{"href":"https:\/\/vasaorden.com\/uddevalla\/wp-json\/wp\/v2\/pages\/19"}],"collection":[{"href":"https:\/\/vasaorden.com\/uddevalla\/wp-json\/wp\/v2\/pages"}],"about":[{"href":"https:\/\/vasaorden.com\/uddevalla\/wp-json\/wp\/v2\/types\/page"}],"author":[{"embeddable":true,"href":"https:\/\/vasaorden.com\/uddevalla\/wp-json\/wp\/v2\/users\/21"}],"replies":[{"embeddable":true,"href":"https:\/\/vasaorden.com\/uddevalla\/wp-json\/wp\/v2\/comments?post=19"}],"version-history":[{"count":15,"href":"https:\/\/vasaorden.com\/uddevalla\/wp-json\/wp\/v2\/pages\/19\/revisions"}],"predecessor-version":[{"id":4645,"href":"https:\/\/vasaorden.com\/uddevalla\/wp-json\/wp\/v2\/pages\/19\/revisions\/4645"}],"wp:attachment":[{"href":"https:\/\/vasaorden.com\/uddevalla\/wp-json\/wp\/v2\/media?parent=19"}],"curies":[{"name":"wp","href":"https:\/\/api.w.org\/{rel}","templated":true}]}}

<h4 class="has-black-color has-text-color"><span style="color: #ffffff">l</span>Kontakta oss </h4>



<p></p>



<h4 class="has-text-color" style="color:#020202">Ordf  Torsten Torstensson      0703  221288               emitot@yahoo.com     </h4>



<h4 class="has-text-color" style="color:#020202">V.ordf   Peter Holm                  0704 852207                 kpeterholm@me.com</h4>



<h4>Sekr Karin Pedersèn                    0703  06 74 97           karin.pedersen2@comhem.se</h4>



<h4>Kassör Gunnar Axelsson             0761 653003             svengunnar.axelsson@gmail.com</h4>



<h4>Kulturledare Anita Bäckerbo      076 228 31 75            anitha.backerbo@hotmail.com<br></h4>



<div class="wp-block-media-text alignwide is-stacked-on-mobile"><figure class="wp-block-media-text__media"></figure><div class="wp-block-media-text__content">
<p></p>
</div></div>



<div class="wp-block-media-text alignwide is-stacked-on-mobile"><figure class="wp-block-media-text__media"></figure><div class="wp-block-media-text__content">
<p></p>
</div></div>



<h4><br></h4>



<h2></h2>



<p></p>



<h2><span style="color: #993366">&nbsp;Välkommen att höra av dig!</span></h2>



<p></p>

<p>lKontakta oss Ordf Torsten Torstensson     0703 221288      emitot@yahoo.com V.ordf Peter Holm 0704 852207 kpeterholm@me.com Sekr Karin Pedersèn 0703 06 74 97 karin.pedersen2@comhem.se Kassör Gunnar Axelsson 0761 653003 svengunnar.axelsson@gmail.com Kulturledare Anita Bäckerbo 076 228 31 75 anitha.backerbo@hotmail.com &nbsp;Välkommen att höra av dig!</p>
