{"id":1337,"date":"2012-02-13T20:36:58","date_gmt":"2012-02-13T20:36:58","guid":{"rendered":"http:\/\/bu2022.vasaorden.com\/boras\/?page_id=11"},"modified":"2026-02-24T15:43:05","modified_gmt":"2026-02-24T14:43:05","slug":"arsprogram","status":"publish","type":"page","link":"https:\/\/vasaorden.com\/stockholm\/arsprogram\/","title":{"rendered":"\u00c5rsprogram 2026"},"content":{"rendered":"\n<figure class=\"wp-block-image size-full is-resized\"><img loading=\"lazy\" src=\"https:\/\/vasaorden.com\/stockholm\/wp-content\/uploads\/sites\/6\/2025\/02\/Stadshuset.jpg\" alt=\"\" class=\"wp-image-1558\" width=\"839\" height=\"282\" srcset=\"https:\/\/vasaorden.com\/stockholm\/wp-content\/uploads\/sites\/6\/2025\/02\/Stadshuset.jpg 605w, https:\/\/vasaorden.com\/stockholm\/wp-content\/uploads\/sites\/6\/2025\/02\/Stadshuset-300x101.jpg 300w, https:\/\/vasaorden.com\/stockholm\/wp-content\/uploads\/sites\/6\/2025\/02\/Stadshuset-600x203.jpg 600w\" sizes=\"(max-width: 839px) 100vw, 839px\" \/><\/figure>\n\n\n\n<h2><span style=\"color: #0000ff\">&nbsp;<\/span>Logen Stockholm 589  <\/h2>\n\n\n\n<h1>&nbsp;<\/h1>\n\n\n\n<figure class=\"wp-block-table\"><table><thead><tr><th>Datum<\/th><th>M\u00f6te<\/th><th>Plats<\/th><\/tr><\/thead><tbody><tr><td>&nbsp;5 januari<\/td><td>&nbsp;Trettondagsaftonsbal&nbsp;<\/td><td>Bal p\u00e5 Haymarket Scandic H\u00f6torget<\/td><\/tr><tr><td>27 februari<\/td><td>\u00c5rsm\u00f6te<\/td><td>&nbsp;<\/td><\/tr><tr><td>27  mars<\/td><td>Logem\u00f6te<\/td><td>&nbsp;<\/td><\/tr><tr><td>24 april<\/td><td>&nbsp;Logem\u00f6te<\/td><td>&nbsp;<\/td><\/tr><tr><td>xx maj<\/td><td>&nbsp;Utflykt<\/td><td><\/td><\/tr><tr><td>29 augusti<\/td><td>Kr\u00e4ftor<\/td><td>Folkets Hus i Sundbyberg<\/td><\/tr><tr><td>25 september&nbsp;<\/td><td>Logem\u00f6te&nbsp;<\/td><td>&nbsp;<\/td><\/tr><tr><td>23 oktober<\/td><td>Logem\u00f6te&nbsp;<\/td><td>&nbsp;<\/td><\/tr><tr><td>27  november<\/td><td>Logem\u00f6te&nbsp;<\/td><td>&nbsp;<\/td><\/tr><tr><td>11 december<\/td><td>Arbetsm\u00f6te med julbord<\/td><td>&nbsp;<\/td><\/tr><\/tbody><\/table><\/figure>\n\n\n\n<p>Samtliga Logem\u00f6ten \u00e4ger rum i Odd Fellowhuset, V\u00e4stra Tr\u00e4dg\u00e5rdsgatan 11 A om inte annat anges.<\/p>\n","protected":false},"excerpt":{"rendered":"<p>&nbsp;Logen Stockholm 589 &nbsp; Datum M\u00f6te Plats &nbsp;5 januari &nbsp;Trettondagsaftonsbal&nbsp; Bal p\u00e5 Haymarket Scandic H\u00f6torget 27 februari \u00c5rsm\u00f6te &nbsp; 27 mars Logem\u00f6te &nbsp; 24 april &nbsp;Logem\u00f6te &nbsp; xx maj &nbsp;Utflykt 29 augusti Kr\u00e4ftor Folkets Hus i Sundbyberg 25 september&nbsp; Logem\u00f6te&nbsp; &nbsp; 23 oktober Logem\u00f6te&nbsp; &nbsp; 27 november Logem\u00f6te&nbsp; &nbsp; 11 december Arbetsm\u00f6te med julbord &nbsp; [&hellip;]<\/p>\n","protected":false},"author":11,"featured_media":0,"parent":0,"menu_order":0,"comment_status":"closed","ping_status":"closed","template":"","meta":{"ngg_post_thumbnail":0,"ocean_post_layout":"","ocean_both_sidebars_style":"","ocean_both_sidebars_content_width":0,"ocean_both_sidebars_sidebars_width":0,"ocean_sidebar":"0","ocean_second_sidebar":"0","ocean_disable_margins":"enable","ocean_add_body_class":"","ocean_shortcode_before_top_bar":"","ocean_shortcode_after_top_bar":"","ocean_shortcode_before_header":"","ocean_shortcode_after_header":"","ocean_has_shortcode":"","ocean_shortcode_after_title":"","ocean_shortcode_before_footer_widgets":"","ocean_shortcode_after_footer_widgets":"","ocean_shortcode_before_footer_bottom":"","ocean_shortcode_after_footer_bottom":"","ocean_display_top_bar":"default","ocean_display_header":"default","ocean_header_style":"","ocean_center_header_left_menu":"0","ocean_custom_header_template":"0","ocean_custom_logo":0,"ocean_custom_retina_logo":0,"ocean_custom_logo_max_width":0,"ocean_custom_logo_tablet_max_width":0,"ocean_custom_logo_mobile_max_width":0,"ocean_custom_logo_max_height":0,"ocean_custom_logo_tablet_max_height":0,"ocean_custom_logo_mobile_max_height":0,"ocean_header_custom_menu":"0","ocean_menu_typo_font_family":"0","ocean_menu_typo_font_subset":"","ocean_menu_typo_font_size":0,"ocean_menu_typo_font_size_tablet":0,"ocean_menu_typo_font_size_mobile":0,"ocean_menu_typo_font_size_unit":"px","ocean_menu_typo_font_weight":"","ocean_menu_typo_font_weight_tablet":"","ocean_menu_typo_font_weight_mobile":"","ocean_menu_typo_transform":"","ocean_menu_typo_transform_tablet":"","ocean_menu_typo_transform_mobile":"","ocean_menu_typo_line_height":0,"ocean_menu_typo_line_height_tablet":0,"ocean_menu_typo_line_height_mobile":0,"ocean_menu_typo_line_height_unit":"","ocean_menu_typo_spacing":0,"ocean_menu_typo_spacing_tablet":0,"ocean_menu_typo_spacing_mobile":0,"ocean_menu_typo_spacing_unit":"","ocean_menu_link_color":"","ocean_menu_link_color_hover":"","ocean_menu_link_color_active":"","ocean_menu_link_background":"","ocean_menu_link_hover_background":"","ocean_menu_link_active_background":"","ocean_menu_social_links_bg":"","ocean_menu_social_hover_links_bg":"","ocean_menu_social_links_color":"","ocean_menu_social_hover_links_color":"","ocean_disable_title":"default","ocean_disable_heading":"default","ocean_post_title":"","ocean_post_subheading":"","ocean_post_title_style":"","ocean_post_title_background_color":"","ocean_post_title_background":0,"ocean_post_title_bg_image_position":"","ocean_post_title_bg_image_attachment":"","ocean_post_title_bg_image_repeat":"","ocean_post_title_bg_image_size":"","ocean_post_title_height":0,"ocean_post_title_bg_overlay":0.5,"ocean_post_title_bg_overlay_color":"","ocean_disable_breadcrumbs":"default","ocean_breadcrumbs_color":"","ocean_breadcrumbs_separator_color":"","ocean_breadcrumbs_links_color":"","ocean_breadcrumbs_links_hover_color":"","ocean_display_footer_widgets":"default","ocean_display_footer_bottom":"default","ocean_custom_footer_template":"0"},"_links":{"self":[{"href":"https:\/\/vasaorden.com\/stockholm\/wp-json\/wp\/v2\/pages\/1337"}],"collection":[{"href":"https:\/\/vasaorden.com\/stockholm\/wp-json\/wp\/v2\/pages"}],"about":[{"href":"https:\/\/vasaorden.com\/stockholm\/wp-json\/wp\/v2\/types\/page"}],"author":[{"embeddable":true,"href":"https:\/\/vasaorden.com\/stockholm\/wp-json\/wp\/v2\/users\/11"}],"replies":[{"embeddable":true,"href":"https:\/\/vasaorden.com\/stockholm\/wp-json\/wp\/v2\/comments?post=1337"}],"version-history":[{"count":23,"href":"https:\/\/vasaorden.com\/stockholm\/wp-json\/wp\/v2\/pages\/1337\/revisions"}],"predecessor-version":[{"id":1610,"href":"https:\/\/vasaorden.com\/stockholm\/wp-json\/wp\/v2\/pages\/1337\/revisions\/1610"}],"wp:attachment":[{"href":"https:\/\/vasaorden.com\/stockholm\/wp-json\/wp\/v2\/media?parent=1337"}],"curies":[{"name":"wp","href":"https:\/\/api.w.org\/{rel}","templated":true}]}}

Årsprogram 2026

<figure class="wp-block-image size-full is-resized"><img loading="lazy" src="https://vasaorden.com/stockholm/wp-content/uploads/sites/6/2025/02/Stadshuset.jpg" alt="" class="wp-image-1558" width="839" height="282" srcset="https://vasaorden.com/stockholm/wp-content/uploads/sites/6/2025/02/Stadshuset.jpg 605w, https://vasaorden.com/stockholm/wp-content/uploads/sites/6/2025/02/Stadshuset-300x101.jpg 300w, https://vasaorden.com/stockholm/wp-content/uploads/sites/6/2025/02/Stadshuset-600x203.jpg 600w" sizes="(max-width: 839px) 100vw, 839px" /></figure>



<h2><span style="color: #0000ff">&nbsp;</span>Logen Stockholm 589  </h2>



<h1>&nbsp;</h1>



<figure class="wp-block-table"><table><thead><tr><th>Datum</th><th>Möte</th><th>Plats</th></tr></thead><tbody><tr><td>&nbsp;5 januari</td><td>&nbsp;Trettondagsaftonsbal&nbsp;</td><td>Bal på Haymarket Scandic Hötorget</td></tr><tr><td>27 februari</td><td>Årsmöte</td><td>&nbsp;</td></tr><tr><td>27  mars</td><td>Logemöte</td><td>&nbsp;</td></tr><tr><td>24 april</td><td>&nbsp;Logemöte</td><td>&nbsp;</td></tr><tr><td>xx maj</td><td>&nbsp;Utflykt</td><td></td></tr><tr><td>29 augusti</td><td>Kräftor</td><td>Folkets Hus i Sundbyberg</td></tr><tr><td>25 september&nbsp;</td><td>Logemöte&nbsp;</td><td>&nbsp;</td></tr><tr><td>23 oktober</td><td>Logemöte&nbsp;</td><td>&nbsp;</td></tr><tr><td>27  november</td><td>Logemöte&nbsp;</td><td>&nbsp;</td></tr><tr><td>11 december</td><td>Arbetsmöte med julbord</td><td>&nbsp;</td></tr></tbody></table></figure>



<p>Samtliga Logemöten äger rum i Odd Fellowhuset, Västra Trädgårdsgatan 11 A om inte annat anges.</p>

<p>&nbsp;Logen Stockholm 589 &nbsp; Datum Möte Plats &nbsp;5 januari &nbsp;Trettondagsaftonsbal&nbsp; Bal på Haymarket Scandic Hötorget 27 februari Årsmöte &nbsp; 27 mars Logemöte &nbsp; 24 april &nbsp;Logemöte &nbsp; xx maj &nbsp;Utflykt 29 augusti Kräftor Folkets Hus i Sundbyberg 25 september&nbsp; Logemöte&nbsp; &nbsp; 23 oktober Logemöte&nbsp; &nbsp; 27 november Logemöte&nbsp; &nbsp; 11 december Arbetsmöte med julbord &nbsp; [&hellip;]</p>
