{"id":5929,"date":"2012-02-11T22:53:06","date_gmt":"2012-02-11T21:53:06","guid":{"rendered":"http:\/\/bu2022.vasaorden.com\/boras\/?page_id=6"},"modified":"2026-04-07T11:41:23","modified_gmt":"2026-04-07T09:41:23","slug":"startsidan","status":"publish","type":"page","link":"https:\/\/vasaorden.com\/norrkoping\/","title":{"rendered":"Startsidan"},"content":{"rendered":"\n<h3>&nbsp;<img loading=\"lazy\" class=\"size-full wp-image-3038 aligncenter\" src=\"https:\/\/vasaorden.com\/norrkoping\/wp-content\/uploads\/sites\/5\/2016\/01\/Startsida-bild-2.jpg\" alt=\"Startsida bild 2\" width=\"700\" height=\"200\" srcset=\"https:\/\/vasaorden.com\/norrkoping\/wp-content\/uploads\/sites\/5\/2016\/01\/Startsida-bild-2.jpg 700w, https:\/\/vasaorden.com\/norrkoping\/wp-content\/uploads\/sites\/5\/2016\/01\/Startsida-bild-2-300x86.jpg 300w\" sizes=\"(max-width: 700px) 100vw, 700px\" \/><\/h3>\n\n\n\n<h1><span style=\"color: #000080\"><strong>V<\/strong><strong>\u00e4lkommen till Logen Br\u00e5viken nr 751&nbsp; &nbsp;&nbsp;<\/strong><\/span><\/h1>\n\n\n\n<h1><span style=\"color: #000080\">Norrk\u00f6ping \u2013 S\u00f6derk\u00f6ping<\/span><\/h1>\n\n\n\n<figure class=\"wp-block-table\"><table><tbody><tr><td><span style=\"color: #ffffff\"> <span style=\"color: #000000\">V<\/span><\/span><b>asa Orden av Amerika \u00e4r en v\u00e4nskaps- och kulturorganisation. Det handlar om att uppr\u00e4tth\u00e5lla svenskamerikanska f\u00f6rbindelser, men ocks\u00e5 att i lokalt och nationellt perspektiv anordna arrangemang med underh\u00e5llning, f\u00f6redrag, utflykter, samvaro och m\u00e5ltidsgemenskap. G\u00e4ster och nya medlemmar v\u00e4lkomnas! <\/b>&nbsp;&nbsp;&nbsp;&nbsp;&nbsp;&nbsp;&nbsp;&nbsp;&nbsp;&nbsp;&nbsp;&nbsp;&nbsp;&nbsp;&nbsp;&nbsp;&nbsp;&nbsp;&nbsp;&nbsp;&nbsp;&nbsp;&nbsp;&nbsp;&nbsp;&nbsp;&nbsp;&nbsp;&nbsp;&nbsp;&nbsp;&nbsp;&nbsp;&nbsp;&nbsp;&nbsp; <br> <strong style=\"font-size: revert;font-family: inherit\">Logen Br\u00e5viken nr 751 instiftades den 7 november 1992 och \u00e4r en av Vasa Orden av Amerikas 19 lokalloger i Sverige med ett 70-tal medlemmar i&nbsp; \u00d6sterg\u00f6tland. Logen samlas till m\u00f6ten under v\u00e4rdiga former i Norrk\u00f6ping sex g\u00e5nger per \u00e5r och d\u00e4rut\u00f6ver till olika kulturella aktiviteter och trevlig samvaro. Vill du veta mer om v\u00e5r verksamhet, titta in p\u00e5 v\u00e5ra \u00f6vriga sidor och p\u00e5 Distriktslogen.<\/strong><span style=\"font-size: revert;font-family: inherit;font-weight: inherit\">&nbsp;<\/span> <\/td><\/tr><\/tbody><\/table><\/figure>\n\n\n\n<h2><em><strong>Tidskrifter<\/strong><\/em>:&nbsp;<strong><a href=\"http:\/\/www.vasaorder.com\/vasa_star.cfm\" target=\"_blank\" rel=\"noopener noreferrer\">The&nbsp;Vasa&nbsp;Star On Line<\/a>&nbsp;\/ &nbsp;<a href=\"https:\/\/vasaorden.com\/vasa-karven\/\" target=\"_blank\" rel=\"noopener noreferrer\">Vasak\u00e4rven<\/a>&nbsp;<\/strong><\/h2>\n\n\n\n<h1>* * * *<\/h1>\n\n\n\n<h3><span style=\"color: #000080\">Vasa Orden av Amerika fyller sitt syfte<\/span><\/h3>\n\n\n<div class=\"wp-block-image\">\n<figure class=\"alignleft\"><a href=\"https:\/\/vasaorden.com\/norrkoping\/wp-content\/uploads\/sites\/5\/2019\/04\/Maggie-A-T-Folkbladet-april-2019.jpg\" target=\"_blank\" rel=\"noopener noreferrer\"><img loading=\"lazy\" width=\"150\" height=\"150\" src=\"https:\/\/vasaorden.com\/norrkoping\/wp-content\/uploads\/sites\/5\/2019\/04\/Maggie-A-T-Folkbladet-april-2019-150x150.jpg\" alt=\"\" class=\"wp-image-4647\" srcset=\"https:\/\/vasaorden.com\/norrkoping\/wp-content\/uploads\/sites\/5\/2019\/04\/Maggie-A-T-Folkbladet-april-2019-150x150.jpg 150w, https:\/\/vasaorden.com\/norrkoping\/wp-content\/uploads\/sites\/5\/2019\/04\/Maggie-A-T-Folkbladet-april-2019-300x300.jpg 300w, https:\/\/vasaorden.com\/norrkoping\/wp-content\/uploads\/sites\/5\/2019\/04\/Maggie-A-T-Folkbladet-april-2019.jpg 551w\" sizes=\"(max-width: 150px) 100vw, 150px\" \/><\/a><\/figure><\/div>\n\n\n<p>Distriktsm\u00e4stare Maggie Ahlin Thelin och f\u00f6re detta ordf\u00f6rande i Logen Br\u00e5viken nr 751 intervjuades i april 2019 av Folkbladet i Norrk\u00f6ping. H\u00e4r ber\u00e4ttar hon om Vasa Orden av Amerika, hur det hela b\u00f6rjade i Amerika, syfte, verksamhet och om den svenska delen av Logen, nu drygt 120 \u00e5r senare. <em>Se nedan l\u00e4nkad artikel i Folkbladet<\/em><br><em>Foto: Carolina Nilsson<\/em><\/p>\n\n\n\n<p><\/p>\n\n\n\n<p><a href=\"https:\/\/www.folkbladet.se\/nyheter\/sallskap\/artikel\/vasa-orden-av-amerika-fyller-sitt-syfte\/r19y8o3j\">https:\/\/www.folkbladet.se\/nyheter\/sallskap\/artikel\/vasa-orden-av-amerika-fyller-stt-syfte\/r19y8o3j<\/a><\/p>\n\n\n\n<h1>Inbjudan:<\/h1>\n\n\n\n<h3><a href=\"https:\/\/vasaorden.com\/norrkoping\/wp-content\/uploads\/sites\/5\/2026\/03\/Inbjudan-Braviken-2026-04-11_.pdf\">Inbjudan Logem\u00f6te 11 april 2026<\/a><\/h3>\n\n\n\n<p><\/p>\n\n\n\n<h1>Fotokollage:<\/h1>\n\n\n\n<h2><a href=\"https:\/\/vasaorden.com\/norrkoping\/wp-content\/uploads\/sites\/5\/2026\/04\/LM-2026-03-14.pdf\">Fotokollage Logem\u00f6te14 mars 2026<\/a><\/h2>\n\n\n\n<h2><a href=\"https:\/\/vasaorden.com\/norrkoping\/wp-content\/uploads\/sites\/5\/2026\/03\/Fototkollage-Maureen-och-Gote-Bengtsson-1.pdf\"> Fotokollage fr\u00e5n USA resa 2022<\/a><\/h2>\n\n\n\n<h2><a href=\"https:\/\/vasaorden.com\/norrkoping\/wp-content\/uploads\/sites\/5\/2026\/02\/LM-2026-02-07.pdf\">Fotokollage \u00c5rsm\u00f6te 7 februari 2026<\/a><\/h2>\n\n\n\n<h2><a href=\"https:\/\/vasaorden.com\/norrkoping\/wp-content\/uploads\/sites\/5\/2026\/01\/Fotokollage-LM-2025-12-13_Lucia_a.pdf\">Fotokollage fr\u00e5n Logem\u00f6te den 13 december 2025<\/a><\/h2>\n\n\n\n<h2><a href=\"https:\/\/vasaorden.com\/norrkoping\/wp-content\/uploads\/sites\/5\/2025\/11\/Brasilienresa.pdf\">Fotokollage fr\u00e5n Logem\u00f6te den 8 november 2025<\/a><\/h2>\n\n\n\n<h2><a href=\"https:\/\/vasaorden.com\/norrkoping\/wp-content\/uploads\/sites\/5\/2025\/11\/Fotokollage-LM-2025-10-11.pdf\">Fotokollage fr\u00e5n Logem\u00f6te den 11 oktober 2025<\/a><\/h2>\n\n\n\n<h2><a href=\"https:\/\/vasaorden.com\/norrkoping\/wp-content\/uploads\/sites\/5\/2025\/11\/Mo\u0308tesreferat-Ho\u0308stupptakt-2025.docx\">Minnesanteckningar fr\u00e5n H\u00f6sttr\u00e4ff den 13 september 2025<\/a><\/h2>\n\n\n\n<h3><strong>\u00c4ldre publicerat material<\/strong><\/h3>\n\n\n\n<p>\u00c4ldre publicerat material, som bed\u00f6ms vara av allm\u00e4nt intresse f\u00f6r medlemmar och g\u00e4ster, sparas under avsnittet Historik.<\/p>\n\n\n\n<p>Alla logem\u00f6tes &#8211; och styrelsem\u00f6tesprotokoll spararas av protokollsekreteraren.&nbsp;<\/p>\n\n\n\n<h2><span style=\"color: #000000\"><strong>Om hemsidan <\/strong><\/span><\/h2>\n\n\n\n<p>Hemsidans Startsida uppdateras med aktuell information till Logens medlemmar och andra. \u00d6vriga undersidor uppdateras vid behov. Hemsidan g\u00e5r att ta upp i PC- och Mac-datorer, Smartphones, iPhone, iPad och motsvarande tekniska plattformar. Logens Webmaster \u00e4r tacksam f\u00f6r \u00e5terf\u00f6ring av eventuella felaktigheter i hemsidan, tekniska s\u00e5v\u00e4l som till inneh\u00e5llet, liksom f\u00f6rslag p\u00e5 nytt material som skulle kunna vara intressant att publicera.&nbsp;<br><\/p>\n","protected":false},"excerpt":{"rendered":"<p>&nbsp; V\u00e4lkommen till Logen Br\u00e5viken nr 751&nbsp; &nbsp;&nbsp; Norrk\u00f6ping \u2013 S\u00f6derk\u00f6ping Vasa Orden av Amerika \u00e4r en v\u00e4nskaps- och kulturorganisation. Det handlar om att uppr\u00e4tth\u00e5lla svenskamerikanska f\u00f6rbindelser, men ocks\u00e5 att i lokalt och nationellt perspektiv anordna arrangemang med underh\u00e5llning, f\u00f6redrag, utflykter, samvaro och m\u00e5ltidsgemenskap. G\u00e4ster och nya medlemmar v\u00e4lkomnas! &nbsp;&nbsp;&nbsp;&nbsp;&nbsp;&nbsp;&nbsp;&nbsp;&nbsp;&nbsp;&nbsp;&nbsp;&nbsp;&nbsp;&nbsp;&nbsp;&nbsp;&nbsp;&nbsp;&nbsp;&nbsp;&nbsp;&nbsp;&nbsp;&nbsp;&nbsp;&nbsp;&nbsp;&nbsp;&nbsp;&nbsp;&nbsp;&nbsp;&nbsp;&nbsp;&nbsp; Logen Br\u00e5viken nr 751 instiftades [&hellip;]<\/p>\n","protected":false},"author":9,"featured_media":0,"parent":0,"menu_order":1,"comment_status":"closed","ping_status":"closed","template":"","meta":{"ngg_post_thumbnail":0,"ocean_post_layout":"","ocean_both_sidebars_style":"","ocean_both_sidebars_content_width":0,"ocean_both_sidebars_sidebars_width":0,"ocean_sidebar":"0","ocean_second_sidebar":"0","ocean_disable_margins":"enable","ocean_add_body_class":"","ocean_shortcode_before_top_bar":"","ocean_shortcode_after_top_bar":"","ocean_shortcode_before_header":"","ocean_shortcode_after_header":"","ocean_has_shortcode":"","ocean_shortcode_after_title":"","ocean_shortcode_before_footer_widgets":"","ocean_shortcode_after_footer_widgets":"","ocean_shortcode_before_footer_bottom":"","ocean_shortcode_after_footer_bottom":"","ocean_display_top_bar":"default","ocean_display_header":"default","ocean_header_style":"","ocean_center_header_left_menu":"0","ocean_custom_header_template":"0","ocean_custom_logo":0,"ocean_custom_retina_logo":0,"ocean_custom_logo_max_width":0,"ocean_custom_logo_tablet_max_width":0,"ocean_custom_logo_mobile_max_width":0,"ocean_custom_logo_max_height":0,"ocean_custom_logo_tablet_max_height":0,"ocean_custom_logo_mobile_max_height":0,"ocean_header_custom_menu":"0","ocean_menu_typo_font_family":"0","ocean_menu_typo_font_subset":"","ocean_menu_typo_font_size":0,"ocean_menu_typo_font_size_tablet":0,"ocean_menu_typo_font_size_mobile":0,"ocean_menu_typo_font_size_unit":"px","ocean_menu_typo_font_weight":"","ocean_menu_typo_font_weight_tablet":"","ocean_menu_typo_font_weight_mobile":"","ocean_menu_typo_transform":"","ocean_menu_typo_transform_tablet":"","ocean_menu_typo_transform_mobile":"","ocean_menu_typo_line_height":0,"ocean_menu_typo_line_height_tablet":0,"ocean_menu_typo_line_height_mobile":0,"ocean_menu_typo_line_height_unit":"","ocean_menu_typo_spacing":0,"ocean_menu_typo_spacing_tablet":0,"ocean_menu_typo_spacing_mobile":0,"ocean_menu_typo_spacing_unit":"","ocean_menu_link_color":"","ocean_menu_link_color_hover":"","ocean_menu_link_color_active":"","ocean_menu_link_background":"","ocean_menu_link_hover_background":"","ocean_menu_link_active_background":"","ocean_menu_social_links_bg":"","ocean_menu_social_hover_links_bg":"","ocean_menu_social_links_color":"","ocean_menu_social_hover_links_color":"","ocean_disable_title":"default","ocean_disable_heading":"default","ocean_post_title":"","ocean_post_subheading":"","ocean_post_title_style":"","ocean_post_title_background_color":"","ocean_post_title_background":0,"ocean_post_title_bg_image_position":"","ocean_post_title_bg_image_attachment":"","ocean_post_title_bg_image_repeat":"","ocean_post_title_bg_image_size":"","ocean_post_title_height":0,"ocean_post_title_bg_overlay":0.5,"ocean_post_title_bg_overlay_color":"","ocean_disable_breadcrumbs":"default","ocean_breadcrumbs_color":"","ocean_breadcrumbs_separator_color":"","ocean_breadcrumbs_links_color":"","ocean_breadcrumbs_links_hover_color":"","ocean_display_footer_widgets":"default","ocean_display_footer_bottom":"default","ocean_custom_footer_template":"0"},"_links":{"self":[{"href":"https:\/\/vasaorden.com\/norrkoping\/wp-json\/wp\/v2\/pages\/5929"}],"collection":[{"href":"https:\/\/vasaorden.com\/norrkoping\/wp-json\/wp\/v2\/pages"}],"about":[{"href":"https:\/\/vasaorden.com\/norrkoping\/wp-json\/wp\/v2\/types\/page"}],"author":[{"embeddable":true,"href":"https:\/\/vasaorden.com\/norrkoping\/wp-json\/wp\/v2\/users\/9"}],"replies":[{"embeddable":true,"href":"https:\/\/vasaorden.com\/norrkoping\/wp-json\/wp\/v2\/comments?post=5929"}],"version-history":[{"count":172,"href":"https:\/\/vasaorden.com\/norrkoping\/wp-json\/wp\/v2\/pages\/5929\/revisions"}],"predecessor-version":[{"id":7107,"href":"https:\/\/vasaorden.com\/norrkoping\/wp-json\/wp\/v2\/pages\/5929\/revisions\/7107"}],"wp:attachment":[{"href":"https:\/\/vasaorden.com\/norrkoping\/wp-json\/wp\/v2\/media?parent=5929"}],"curies":[{"name":"wp","href":"https:\/\/api.w.org\/{rel}","templated":true}]}}