{"id":1180,"date":"2012-02-11T22:53:06","date_gmt":"2012-02-11T22:53:06","guid":{"rendered":"http:\/\/bu2022.vasaorden.com\/boras\/?page_id=6"},"modified":"2012-02-11T22:53:06","modified_gmt":"2012-02-11T22:53:06","slug":"startsidan","status":"publish","type":"page","link":"https:\/\/vasaorden.com\/lidkoping\/","title":{"rendered":"V\u00e4lkomna"},"content":{"rendered":"\n<p>&nbsp;<\/p>\n\n\n<figure class=\"wp-block-image size-large\"><a href=\"https:\/\/vasaorden.com\/lidkoping\/wp-content\/uploads\/sites\/12\/2012\/02\/slottet.jpg\"><img loading=\"lazy\" class=\"alignleft size-medium wp-image-673\" src=\"https:\/\/vasaorden.com\/lidkoping\/wp-content\/uploads\/sites\/12\/2012\/02\/slottet-300x188.jpg\" alt=\"\" width=\"300\" height=\"188\" srcset=\"https:\/\/vasaorden.com\/lidkoping\/wp-content\/uploads\/sites\/12\/2012\/02\/slottet-300x188.jpg 300w, https:\/\/vasaorden.com\/lidkoping\/wp-content\/uploads\/sites\/12\/2012\/02\/slottet.jpg 430w\" sizes=\"(max-width: 300px) 100vw, 300px\" \/><\/a><\/figure>\n<p>V\u00e4lkommen till loge 636 i Lidk\u00f6ping. Logen stiftades den 17 november 1956. Vi \u00e4r en av Vasa Orden av Amerikas cirka 40 Lokalloger i Sverige med ett 60-tal medlemmar fr\u00e5n Lidk\u00f6ping, Skara, G\u00f6tene och Varaomr\u00e5det. Vi samlas till olika kulturella aktiviteter och trevlig samvaro vid \u00e5tta Logem\u00f6ten per \u00e5r, samt en kulturell utflykt p\u00e5 f\u00f6rsommaren och en kr\u00e4ftskiva tillsammans med Sk\u00f6vde-logen under sommaren. Vasa Orden av Amerika \u00e4r inte bara kultur och allvar. Det finns ocks\u00e5 mycket &nbsp;av fester och underh\u00e5llning. Blandningar av olika slags program: &nbsp;f\u00f6redrag, filmer, framtr\u00e4danden och tr\u00e4ffar under trevliga former. &nbsp;Utflykter i glada v\u00e4nners lag, antingen till trevliga och intressanta m\u00e5l eller till en grannloge, som har n\u00e5got festligt program. Vill du veta mer om v\u00e5r verksamhet, titta in p\u00e5 v\u00e5ra \u00f6vriga sidor och p\u00e5 Distriktslogen.<\/p>\n\n\n<figure class=\"wp-container-2 wp-block-gallery-1 wp-block-gallery columns-0 is-cropped\"><\/figure>\n","protected":false},"excerpt":{"rendered":"<p>&nbsp;<\/p>\n","protected":false},"author":24,"featured_media":0,"parent":0,"menu_order":0,"comment_status":"closed","ping_status":"closed","template":"","meta":{"ngg_post_thumbnail":0,"ocean_post_layout":"","ocean_both_sidebars_style":"","ocean_both_sidebars_content_width":0,"ocean_both_sidebars_sidebars_width":0,"ocean_sidebar":"","ocean_second_sidebar":"","ocean_disable_margins":"enable","ocean_add_body_class":"","ocean_shortcode_before_top_bar":"","ocean_shortcode_after_top_bar":"","ocean_shortcode_before_header":"","ocean_shortcode_after_header":"","ocean_has_shortcode":"","ocean_shortcode_after_title":"","ocean_shortcode_before_footer_widgets":"","ocean_shortcode_after_footer_widgets":"","ocean_shortcode_before_footer_bottom":"","ocean_shortcode_after_footer_bottom":"","ocean_display_top_bar":"default","ocean_display_header":"default","ocean_header_style":"","ocean_center_header_left_menu":"","ocean_custom_header_template":"","ocean_custom_logo":0,"ocean_custom_retina_logo":0,"ocean_custom_logo_max_width":0,"ocean_custom_logo_tablet_max_width":0,"ocean_custom_logo_mobile_max_width":0,"ocean_custom_logo_max_height":0,"ocean_custom_logo_tablet_max_height":0,"ocean_custom_logo_mobile_max_height":0,"ocean_header_custom_menu":"","ocean_menu_typo_font_family":"","ocean_menu_typo_font_subset":"","ocean_menu_typo_font_size":0,"ocean_menu_typo_font_size_tablet":0,"ocean_menu_typo_font_size_mobile":0,"ocean_menu_typo_font_size_unit":"px","ocean_menu_typo_font_weight":"","ocean_menu_typo_font_weight_tablet":"","ocean_menu_typo_font_weight_mobile":"","ocean_menu_typo_transform":"","ocean_menu_typo_transform_tablet":"","ocean_menu_typo_transform_mobile":"","ocean_menu_typo_line_height":0,"ocean_menu_typo_line_height_tablet":0,"ocean_menu_typo_line_height_mobile":0,"ocean_menu_typo_line_height_unit":"","ocean_menu_typo_spacing":0,"ocean_menu_typo_spacing_tablet":0,"ocean_menu_typo_spacing_mobile":0,"ocean_menu_typo_spacing_unit":"","ocean_menu_link_color":"","ocean_menu_link_color_hover":"","ocean_menu_link_color_active":"","ocean_menu_link_background":"","ocean_menu_link_hover_background":"","ocean_menu_link_active_background":"","ocean_menu_social_links_bg":"","ocean_menu_social_hover_links_bg":"","ocean_menu_social_links_color":"","ocean_menu_social_hover_links_color":"","ocean_disable_title":"default","ocean_disable_heading":"default","ocean_post_title":"","ocean_post_subheading":"","ocean_post_title_style":"","ocean_post_title_background_color":"","ocean_post_title_background":0,"ocean_post_title_bg_image_position":"","ocean_post_title_bg_image_attachment":"","ocean_post_title_bg_image_repeat":"","ocean_post_title_bg_image_size":"","ocean_post_title_height":0,"ocean_post_title_bg_overlay":0.5,"ocean_post_title_bg_overlay_color":"","ocean_disable_breadcrumbs":"default","ocean_breadcrumbs_color":"","ocean_breadcrumbs_separator_color":"","ocean_breadcrumbs_links_color":"","ocean_breadcrumbs_links_hover_color":"","ocean_display_footer_widgets":"default","ocean_display_footer_bottom":"default","ocean_custom_footer_template":""},"_links":{"self":[{"href":"https:\/\/vasaorden.com\/lidkoping\/wp-json\/wp\/v2\/pages\/1180"}],"collection":[{"href":"https:\/\/vasaorden.com\/lidkoping\/wp-json\/wp\/v2\/pages"}],"about":[{"href":"https:\/\/vasaorden.com\/lidkoping\/wp-json\/wp\/v2\/types\/page"}],"author":[{"embeddable":true,"href":"https:\/\/vasaorden.com\/lidkoping\/wp-json\/wp\/v2\/users\/24"}],"replies":[{"embeddable":true,"href":"https:\/\/vasaorden.com\/lidkoping\/wp-json\/wp\/v2\/comments?post=1180"}],"version-history":[{"count":0,"href":"https:\/\/vasaorden.com\/lidkoping\/wp-json\/wp\/v2\/pages\/1180\/revisions"}],"wp:attachment":[{"href":"https:\/\/vasaorden.com\/lidkoping\/wp-json\/wp\/v2\/media?parent=1180"}],"curies":[{"name":"wp","href":"https:\/\/api.w.org\/{rel}","templated":true}]}}