{"id":13,"date":"2012-09-13T20:37:18","date_gmt":"2012-09-13T18:37:18","guid":{"rendered":"http:\/\/bu2022.vasaorden.com\/boras\/?page_id=13"},"modified":"2022-12-01T16:49:22","modified_gmt":"2022-12-01T15:49:22","slug":"information","status":"publish","type":"page","link":"https:\/\/vasaorden.com\/harnosand\/information\/","title":{"rendered":"Information"},"content":{"rendered":"<h2><strong>Onsdagen den 4 februari 2023 har Logen 673 H\u00e4rn\u00f6sand sitt <\/strong><strong>\u00e5rsm\u00f6te. Inbjudan skickas ut kring mitten av januari.<\/strong><\/h2>\n<h2 style=\"text-align: left\">&nbsp;&nbsp;<\/h2>\n<h2 style=\"text-align: left\"><br>Fredagen den 18 november h\u00f6ll Logen sitt novemberm\u00f6te.<\/h2>\n<p style=\"text-align: left\">25 medlemmar och 4 g\u00e4ster hade samlats till detta m\u00f6te.<br>Ordf\u00f6rande Eivor Bylund \u00f6ppnade m\u00f6tet. D\u00e4refter vidtog<br>parentation efter avliden medlem. Efter parentationen h\u00e4lsade <br>Eivor, DD Hans \u00d6gren v\u00e4lkommen. Sedan vidtogs sedvanliga<br>f\u00f6rhandlingar. <br>Vice ceremonim\u00e4stare Ulla-Britt Nordin h\u00e4lsade oss v\u00e4lkomna<br>till bords, d\u00e4r det serverades en mycket v\u00e4lsmakande Bouillabaisse<br>med nybakad focaccia och aioli av v\u00e5ra v\u00e4rdar.<br>Som vanligt alls\u00e5ng till maten.<br>Efter kaffet ber\u00e4ttade Magnus Holmqvist om utvandrarna till<br>Amerika och deras vederm\u00f6dor. De flesta utvandrade vid tiden<br>f\u00f6r amerikanska inb\u00f6rdeskriget. Ibland godk\u00e4ndes inte en del av <br>invandrarna och fick v\u00e4nda \u00e5ter till Sverige.<br>Ett lotteri fick avsluta kv\u00e4llen med mycket n\u00f6jda deltagare.<\/p>\n<p><\/p>\n<p class=\"has-text-align-left\"><strong>Bo Selin<\/strong><\/p>\n<p> <\/p>\n<p class=\"has-text-align-left\"><strong>Kulturledare<\/strong><\/p>\n<p><\/p>\n<p style=\"text-align: left\">&nbsp;<\/p>\n<p style=\"text-align: center\">&nbsp;<\/p>\n\n\n<h2 class=\"has-text-align-left\"><strong>Svensk-Amerikadagen<\/strong><\/h2>\n\n\n\n<p>L\u00f6rdagen den 2 juli samlades 37 Vasasyskon och g\u00e4ster f\u00f6r att fira<br>Sverige-Amerikadagen hos Per-Erik och Eivor Bylund i<br>Spillb\u00f6le Stigsj\u00f6. Br. Per-Erik h\u00e4lsade alla v\u00e4lkomna och d\u00e4refter<br>genomf\u00f6rdes hyllning av fanorna och l\u00e4stes tillh\u00f6rande text.m<br>Utdelning av medalj f\u00f6r 40-\u00e5rs medlemskap i Vasa Orden<br>genomf\u00f6rdes av Ordf. Eivor och DD Hans \u00d6gren.<br>Br. Per-Erik ber\u00e4ttade kort om hur pensionssystemet var<br>upplagt ute p\u00e5 landsbygden i b\u00f6rjan av 1900-talet.<br>Underh\u00e5llningen sk\u00f6ttes med bravur av Br. Bengt Andersson<br>och Sy. Ulla-Britt Nordin. DD Hans tackade f\u00f6r att \u00e5rets<br>Sverige-Amerikadag kunde h\u00e5llas i Spillb\u00f6le. Dagen avslutades<br>med att vi intog medhavd picknick och en gissningst\u00e4vlan.<\/p>\n\n\n\n<p class=\"has-text-align-left\"><strong>Bo Selin<\/strong><\/p>\n\n\n\n<p class=\"has-text-align-left\"><strong>Kulturledare<\/strong><\/p>\n\n\n\n<p><\/p>\n\n\n\n<p><\/p>\n\n\n\n<p><\/p>\n","protected":false},"excerpt":{"rendered":"<p>Onsdagen den 4 februari 2023 har Logen 673 H\u00e4rn\u00f6sand sitt \u00e5rsm\u00f6te. Inbjudan skickas ut kring mitten av januari. &nbsp;&nbsp; Fredagen den 18 november h\u00f6ll Logen sitt novemberm\u00f6te. 25 medlemmar och 4 g\u00e4ster hade samlats till detta m\u00f6te.Ordf\u00f6rande Eivor Bylund \u00f6ppnade m\u00f6tet. D\u00e4refter vidtogparentation efter avliden medlem. Efter parentationen h\u00e4lsade Eivor, DD Hans \u00d6gren v\u00e4lkommen. Sedan [&hellip;]<\/p>\n","protected":false},"author":28,"featured_media":0,"parent":0,"menu_order":0,"comment_status":"closed","ping_status":"closed","template":"","meta":{"ngg_post_thumbnail":0,"ocean_post_layout":"","ocean_both_sidebars_style":"","ocean_both_sidebars_content_width":0,"ocean_both_sidebars_sidebars_width":0,"ocean_sidebar":"0","ocean_second_sidebar":"0","ocean_disable_margins":"enable","ocean_add_body_class":"","ocean_shortcode_before_top_bar":"","ocean_shortcode_after_top_bar":"","ocean_shortcode_before_header":"","ocean_shortcode_after_header":"","ocean_has_shortcode":"","ocean_shortcode_after_title":"","ocean_shortcode_before_footer_widgets":"","ocean_shortcode_after_footer_widgets":"","ocean_shortcode_before_footer_bottom":"","ocean_shortcode_after_footer_bottom":"","ocean_display_top_bar":"default","ocean_display_header":"default","ocean_header_style":"","ocean_center_header_left_menu":"0","ocean_custom_header_template":"0","ocean_custom_logo":0,"ocean_custom_retina_logo":0,"ocean_custom_logo_max_width":0,"ocean_custom_logo_tablet_max_width":0,"ocean_custom_logo_mobile_max_width":0,"ocean_custom_logo_max_height":0,"ocean_custom_logo_tablet_max_height":0,"ocean_custom_logo_mobile_max_height":0,"ocean_header_custom_menu":"0","ocean_menu_typo_font_family":"0","ocean_menu_typo_font_subset":"","ocean_menu_typo_font_size":0,"ocean_menu_typo_font_size_tablet":0,"ocean_menu_typo_font_size_mobile":0,"ocean_menu_typo_font_size_unit":"px","ocean_menu_typo_font_weight":"","ocean_menu_typo_font_weight_tablet":"","ocean_menu_typo_font_weight_mobile":"","ocean_menu_typo_transform":"","ocean_menu_typo_transform_tablet":"","ocean_menu_typo_transform_mobile":"","ocean_menu_typo_line_height":0,"ocean_menu_typo_line_height_tablet":0,"ocean_menu_typo_line_height_mobile":0,"ocean_menu_typo_line_height_unit":"","ocean_menu_typo_spacing":0,"ocean_menu_typo_spacing_tablet":0,"ocean_menu_typo_spacing_mobile":0,"ocean_menu_typo_spacing_unit":"","ocean_menu_link_color":"","ocean_menu_link_color_hover":"","ocean_menu_link_color_active":"","ocean_menu_link_background":"","ocean_menu_link_hover_background":"","ocean_menu_link_active_background":"","ocean_menu_social_links_bg":"","ocean_menu_social_hover_links_bg":"","ocean_menu_social_links_color":"","ocean_menu_social_hover_links_color":"","ocean_disable_title":"default","ocean_disable_heading":"default","ocean_post_title":"","ocean_post_subheading":"","ocean_post_title_style":"","ocean_post_title_background_color":"","ocean_post_title_background":0,"ocean_post_title_bg_image_position":"","ocean_post_title_bg_image_attachment":"","ocean_post_title_bg_image_repeat":"","ocean_post_title_bg_image_size":"","ocean_post_title_height":0,"ocean_post_title_bg_overlay":0.5,"ocean_post_title_bg_overlay_color":"","ocean_disable_breadcrumbs":"default","ocean_breadcrumbs_color":"","ocean_breadcrumbs_separator_color":"","ocean_breadcrumbs_links_color":"","ocean_breadcrumbs_links_hover_color":"","ocean_display_footer_widgets":"default","ocean_display_footer_bottom":"default","ocean_custom_footer_template":"0"},"_links":{"self":[{"href":"https:\/\/vasaorden.com\/harnosand\/wp-json\/wp\/v2\/pages\/13"}],"collection":[{"href":"https:\/\/vasaorden.com\/harnosand\/wp-json\/wp\/v2\/pages"}],"about":[{"href":"https:\/\/vasaorden.com\/harnosand\/wp-json\/wp\/v2\/types\/page"}],"author":[{"embeddable":true,"href":"https:\/\/vasaorden.com\/harnosand\/wp-json\/wp\/v2\/users\/28"}],"replies":[{"embeddable":true,"href":"https:\/\/vasaorden.com\/harnosand\/wp-json\/wp\/v2\/comments?post=13"}],"version-history":[{"count":1,"href":"https:\/\/vasaorden.com\/harnosand\/wp-json\/wp\/v2\/pages\/13\/revisions"}],"predecessor-version":[{"id":451,"href":"https:\/\/vasaorden.com\/harnosand\/wp-json\/wp\/v2\/pages\/13\/revisions\/451"}],"wp:attachment":[{"href":"https:\/\/vasaorden.com\/harnosand\/wp-json\/wp\/v2\/media?parent=13"}],"curies":[{"name":"wp","href":"https:\/\/api.w.org\/{rel}","templated":true}]}}