{"id":2664,"date":"2025-01-06T17:50:05","date_gmt":"2025-01-06T16:50:05","guid":{"rendered":"https:\/\/vasaorden.com\/goteborg\/?page_id=2664"},"modified":"2025-01-06T17:50:05","modified_gmt":"2025-01-06T16:50:05","slug":"julmote-med-julfirande-lordagen-14-december-2024","status":"publish","type":"page","link":"https:\/\/vasaorden.com\/goteborg\/julmote-med-julfirande-lordagen-14-december-2024\/","title":{"rendered":"Julm\u00f6te med julfirande l\u00f6rdagen 14 december 2024"},"content":{"rendered":"\n<p>Bildkollage fr\u00e5n logens julfirandet i Vegahusens Samlingssal, Vegagatan 55, G\u00f6teborg.<\/p>\n\n\n\n<p>Logemedlemmar och g\u00e4ster avnj\u00f6t en god julmiddag. Tomten delade ut julklappar och logen fick en fotobok med bilder fr\u00e5n 100-\u00e5rsjubileet av Tomten. S\u00e5ng och quiz under middagen hann vi ocks\u00e5 med. Fotograf H\u00e5kan Hellstr\u00f6m.<\/p>\n\n\n\n<figure class=\"wp-container-2 wp-block-gallery-1 wp-block-gallery has-nested-images columns-default is-cropped\">\n<figure class=\"wp-block-image size-large\"><img loading=\"lazy\" width=\"1512\" height=\"2016\" data-id=\"2662\"  src=\"https:\/\/vasaorden.com\/goteborg\/wp-content\/uploads\/sites\/2\/2025\/01\/VOA-GBG-Julfest-2024_009.jpg\" alt=\"\" class=\"wp-image-2662\" srcset=\"https:\/\/vasaorden.com\/goteborg\/wp-content\/uploads\/sites\/2\/2025\/01\/VOA-GBG-Julfest-2024_009.jpg 1512w, https:\/\/vasaorden.com\/goteborg\/wp-content\/uploads\/sites\/2\/2025\/01\/VOA-GBG-Julfest-2024_009-225x300.jpg 225w, https:\/\/vasaorden.com\/goteborg\/wp-content\/uploads\/sites\/2\/2025\/01\/VOA-GBG-Julfest-2024_009-768x1024.jpg 768w, https:\/\/vasaorden.com\/goteborg\/wp-content\/uploads\/sites\/2\/2025\/01\/VOA-GBG-Julfest-2024_009-1152x1536.jpg 1152w\" sizes=\"(max-width: 1512px) 100vw, 1512px\" \/><\/figure>\n\n\n\n<figure class=\"wp-block-image size-large\"><img loading=\"lazy\" width=\"1728\" height=\"2304\" data-id=\"2661\"  src=\"https:\/\/vasaorden.com\/goteborg\/wp-content\/uploads\/sites\/2\/2025\/01\/VOA-GBG-Julfest-2024_008.jpg\" alt=\"\" class=\"wp-image-2661\" srcset=\"https:\/\/vasaorden.com\/goteborg\/wp-content\/uploads\/sites\/2\/2025\/01\/VOA-GBG-Julfest-2024_008.jpg 1728w, https:\/\/vasaorden.com\/goteborg\/wp-content\/uploads\/sites\/2\/2025\/01\/VOA-GBG-Julfest-2024_008-225x300.jpg 225w, https:\/\/vasaorden.com\/goteborg\/wp-content\/uploads\/sites\/2\/2025\/01\/VOA-GBG-Julfest-2024_008-768x1024.jpg 768w, https:\/\/vasaorden.com\/goteborg\/wp-content\/uploads\/sites\/2\/2025\/01\/VOA-GBG-Julfest-2024_008-1152x1536.jpg 1152w, https:\/\/vasaorden.com\/goteborg\/wp-content\/uploads\/sites\/2\/2025\/01\/VOA-GBG-Julfest-2024_008-1536x2048.jpg 1536w\" sizes=\"(max-width: 1728px) 100vw, 1728px\" \/><\/figure>\n\n\n\n<figure class=\"wp-block-image size-large\"><img loading=\"lazy\" width=\"1512\" height=\"2016\" data-id=\"2660\"  src=\"https:\/\/vasaorden.com\/goteborg\/wp-content\/uploads\/sites\/2\/2025\/01\/VOA-GBG-Julfest-2024_007.jpg\" alt=\"\" class=\"wp-image-2660\" srcset=\"https:\/\/vasaorden.com\/goteborg\/wp-content\/uploads\/sites\/2\/2025\/01\/VOA-GBG-Julfest-2024_007.jpg 1512w, https:\/\/vasaorden.com\/goteborg\/wp-content\/uploads\/sites\/2\/2025\/01\/VOA-GBG-Julfest-2024_007-225x300.jpg 225w, https:\/\/vasaorden.com\/goteborg\/wp-content\/uploads\/sites\/2\/2025\/01\/VOA-GBG-Julfest-2024_007-768x1024.jpg 768w, https:\/\/vasaorden.com\/goteborg\/wp-content\/uploads\/sites\/2\/2025\/01\/VOA-GBG-Julfest-2024_007-1152x1536.jpg 1152w\" sizes=\"(max-width: 1512px) 100vw, 1512px\" \/><\/figure>\n\n\n\n<figure class=\"wp-block-image size-large\"><img loading=\"lazy\" width=\"1512\" height=\"2016\" data-id=\"2659\"  src=\"https:\/\/vasaorden.com\/goteborg\/wp-content\/uploads\/sites\/2\/2025\/01\/VOA-GBG-Julfest-2024_006.jpg\" alt=\"\" class=\"wp-image-2659\" srcset=\"https:\/\/vasaorden.com\/goteborg\/wp-content\/uploads\/sites\/2\/2025\/01\/VOA-GBG-Julfest-2024_006.jpg 1512w, https:\/\/vasaorden.com\/goteborg\/wp-content\/uploads\/sites\/2\/2025\/01\/VOA-GBG-Julfest-2024_006-225x300.jpg 225w, https:\/\/vasaorden.com\/goteborg\/wp-content\/uploads\/sites\/2\/2025\/01\/VOA-GBG-Julfest-2024_006-768x1024.jpg 768w, https:\/\/vasaorden.com\/goteborg\/wp-content\/uploads\/sites\/2\/2025\/01\/VOA-GBG-Julfest-2024_006-1152x1536.jpg 1152w\" sizes=\"(max-width: 1512px) 100vw, 1512px\" \/><\/figure>\n\n\n\n<figure class=\"wp-block-image size-large\"><img loading=\"lazy\" width=\"1512\" height=\"2016\" data-id=\"2658\"  src=\"https:\/\/vasaorden.com\/goteborg\/wp-content\/uploads\/sites\/2\/2025\/01\/VOA-GBG-Julfest-2024_005.jpg\" alt=\"\" class=\"wp-image-2658\" srcset=\"https:\/\/vasaorden.com\/goteborg\/wp-content\/uploads\/sites\/2\/2025\/01\/VOA-GBG-Julfest-2024_005.jpg 1512w, https:\/\/vasaorden.com\/goteborg\/wp-content\/uploads\/sites\/2\/2025\/01\/VOA-GBG-Julfest-2024_005-225x300.jpg 225w, https:\/\/vasaorden.com\/goteborg\/wp-content\/uploads\/sites\/2\/2025\/01\/VOA-GBG-Julfest-2024_005-768x1024.jpg 768w, https:\/\/vasaorden.com\/goteborg\/wp-content\/uploads\/sites\/2\/2025\/01\/VOA-GBG-Julfest-2024_005-1152x1536.jpg 1152w\" sizes=\"(max-width: 1512px) 100vw, 1512px\" \/><\/figure>\n\n\n\n<figure class=\"wp-block-image size-large\"><img loading=\"lazy\" width=\"1728\" height=\"2304\" data-id=\"2657\"  src=\"https:\/\/vasaorden.com\/goteborg\/wp-content\/uploads\/sites\/2\/2025\/01\/VOA-GBG-Julfest-2024_004.jpg\" alt=\"\" class=\"wp-image-2657\" srcset=\"https:\/\/vasaorden.com\/goteborg\/wp-content\/uploads\/sites\/2\/2025\/01\/VOA-GBG-Julfest-2024_004.jpg 1728w, https:\/\/vasaorden.com\/goteborg\/wp-content\/uploads\/sites\/2\/2025\/01\/VOA-GBG-Julfest-2024_004-225x300.jpg 225w, https:\/\/vasaorden.com\/goteborg\/wp-content\/uploads\/sites\/2\/2025\/01\/VOA-GBG-Julfest-2024_004-768x1024.jpg 768w, https:\/\/vasaorden.com\/goteborg\/wp-content\/uploads\/sites\/2\/2025\/01\/VOA-GBG-Julfest-2024_004-1152x1536.jpg 1152w, https:\/\/vasaorden.com\/goteborg\/wp-content\/uploads\/sites\/2\/2025\/01\/VOA-GBG-Julfest-2024_004-1536x2048.jpg 1536w\" sizes=\"(max-width: 1728px) 100vw, 1728px\" \/><\/figure>\n\n\n\n<figure class=\"wp-block-image size-large\"><img loading=\"lazy\" width=\"1512\" height=\"2016\" data-id=\"2656\"  src=\"https:\/\/vasaorden.com\/goteborg\/wp-content\/uploads\/sites\/2\/2025\/01\/VOA-GBG-Julfest-2024_003.jpg\" alt=\"\" class=\"wp-image-2656\" srcset=\"https:\/\/vasaorden.com\/goteborg\/wp-content\/uploads\/sites\/2\/2025\/01\/VOA-GBG-Julfest-2024_003.jpg 1512w, https:\/\/vasaorden.com\/goteborg\/wp-content\/uploads\/sites\/2\/2025\/01\/VOA-GBG-Julfest-2024_003-225x300.jpg 225w, https:\/\/vasaorden.com\/goteborg\/wp-content\/uploads\/sites\/2\/2025\/01\/VOA-GBG-Julfest-2024_003-768x1024.jpg 768w, https:\/\/vasaorden.com\/goteborg\/wp-content\/uploads\/sites\/2\/2025\/01\/VOA-GBG-Julfest-2024_003-1152x1536.jpg 1152w\" sizes=\"(max-width: 1512px) 100vw, 1512px\" \/><\/figure>\n\n\n\n<figure class=\"wp-block-image size-large\"><img loading=\"lazy\" width=\"1512\" height=\"2016\" data-id=\"2655\"  src=\"https:\/\/vasaorden.com\/goteborg\/wp-content\/uploads\/sites\/2\/2025\/01\/VOA-GBG-Julfest-2024_002.jpg\" alt=\"\" class=\"wp-image-2655\" srcset=\"https:\/\/vasaorden.com\/goteborg\/wp-content\/uploads\/sites\/2\/2025\/01\/VOA-GBG-Julfest-2024_002.jpg 1512w, https:\/\/vasaorden.com\/goteborg\/wp-content\/uploads\/sites\/2\/2025\/01\/VOA-GBG-Julfest-2024_002-225x300.jpg 225w, https:\/\/vasaorden.com\/goteborg\/wp-content\/uploads\/sites\/2\/2025\/01\/VOA-GBG-Julfest-2024_002-768x1024.jpg 768w, https:\/\/vasaorden.com\/goteborg\/wp-content\/uploads\/sites\/2\/2025\/01\/VOA-GBG-Julfest-2024_002-1152x1536.jpg 1152w\" sizes=\"(max-width: 1512px) 100vw, 1512px\" \/><\/figure>\n\n\n\n<figure class=\"wp-block-image size-large\"><img loading=\"lazy\" width=\"1512\" height=\"2016\" data-id=\"2654\"  src=\"https:\/\/vasaorden.com\/goteborg\/wp-content\/uploads\/sites\/2\/2025\/01\/VOA-GBG-Julfest-2024_001.jpg\" alt=\"\" class=\"wp-image-2654\" srcset=\"https:\/\/vasaorden.com\/goteborg\/wp-content\/uploads\/sites\/2\/2025\/01\/VOA-GBG-Julfest-2024_001.jpg 1512w, https:\/\/vasaorden.com\/goteborg\/wp-content\/uploads\/sites\/2\/2025\/01\/VOA-GBG-Julfest-2024_001-225x300.jpg 225w, https:\/\/vasaorden.com\/goteborg\/wp-content\/uploads\/sites\/2\/2025\/01\/VOA-GBG-Julfest-2024_001-768x1024.jpg 768w, https:\/\/vasaorden.com\/goteborg\/wp-content\/uploads\/sites\/2\/2025\/01\/VOA-GBG-Julfest-2024_001-1152x1536.jpg 1152w\" sizes=\"(max-width: 1512px) 100vw, 1512px\" \/><\/figure>\n<\/figure>\n","protected":false},"excerpt":{"rendered":"<p>Bildkollage fr\u00e5n logens julfirandet i Vegahusens Samlingssal, Vegagatan 55, G\u00f6teborg. Logemedlemmar och g\u00e4ster avnj\u00f6t en god julmiddag. Tomten delade ut julklappar och logen fick en fotobok med bilder fr\u00e5n 100-\u00e5rsjubileet av Tomten. S\u00e5ng och quiz under middagen hann vi ocks\u00e5 med. Fotograf H\u00e5kan Hellstr\u00f6m.<\/p>\n","protected":false},"author":4,"featured_media":0,"parent":0,"menu_order":0,"comment_status":"closed","ping_status":"closed","template":"","meta":{"ngg_post_thumbnail":0,"ocean_post_layout":"","ocean_both_sidebars_style":"","ocean_both_sidebars_content_width":0,"ocean_both_sidebars_sidebars_width":0,"ocean_sidebar":"","ocean_second_sidebar":"","ocean_disable_margins":"enable","ocean_add_body_class":"","ocean_shortcode_before_top_bar":"","ocean_shortcode_after_top_bar":"","ocean_shortcode_before_header":"","ocean_shortcode_after_header":"","ocean_has_shortcode":"","ocean_shortcode_after_title":"","ocean_shortcode_before_footer_widgets":"","ocean_shortcode_after_footer_widgets":"","ocean_shortcode_before_footer_bottom":"","ocean_shortcode_after_footer_bottom":"","ocean_display_top_bar":"default","ocean_display_header":"default","ocean_header_style":"","ocean_center_header_left_menu":"","ocean_custom_header_template":"","ocean_custom_logo":0,"ocean_custom_retina_logo":0,"ocean_custom_logo_max_width":0,"ocean_custom_logo_tablet_max_width":0,"ocean_custom_logo_mobile_max_width":0,"ocean_custom_logo_max_height":0,"ocean_custom_logo_tablet_max_height":0,"ocean_custom_logo_mobile_max_height":0,"ocean_header_custom_menu":"","ocean_menu_typo_font_family":"","ocean_menu_typo_font_subset":"","ocean_menu_typo_font_size":0,"ocean_menu_typo_font_size_tablet":0,"ocean_menu_typo_font_size_mobile":0,"ocean_menu_typo_font_size_unit":"px","ocean_menu_typo_font_weight":"","ocean_menu_typo_font_weight_tablet":"","ocean_menu_typo_font_weight_mobile":"","ocean_menu_typo_transform":"","ocean_menu_typo_transform_tablet":"","ocean_menu_typo_transform_mobile":"","ocean_menu_typo_line_height":0,"ocean_menu_typo_line_height_tablet":0,"ocean_menu_typo_line_height_mobile":0,"ocean_menu_typo_line_height_unit":"","ocean_menu_typo_spacing":0,"ocean_menu_typo_spacing_tablet":0,"ocean_menu_typo_spacing_mobile":0,"ocean_menu_typo_spacing_unit":"","ocean_menu_link_color":"","ocean_menu_link_color_hover":"","ocean_menu_link_color_active":"","ocean_menu_link_background":"","ocean_menu_link_hover_background":"","ocean_menu_link_active_background":"","ocean_menu_social_links_bg":"","ocean_menu_social_hover_links_bg":"","ocean_menu_social_links_color":"","ocean_menu_social_hover_links_color":"","ocean_disable_title":"default","ocean_disable_heading":"default","ocean_post_title":"","ocean_post_subheading":"","ocean_post_title_style":"","ocean_post_title_background_color":"","ocean_post_title_background":0,"ocean_post_title_bg_image_position":"","ocean_post_title_bg_image_attachment":"","ocean_post_title_bg_image_repeat":"","ocean_post_title_bg_image_size":"","ocean_post_title_height":0,"ocean_post_title_bg_overlay":0.5,"ocean_post_title_bg_overlay_color":"","ocean_disable_breadcrumbs":"default","ocean_breadcrumbs_color":"","ocean_breadcrumbs_separator_color":"","ocean_breadcrumbs_links_color":"","ocean_breadcrumbs_links_hover_color":"","ocean_display_footer_widgets":"default","ocean_display_footer_bottom":"default","ocean_custom_footer_template":""},"_links":{"self":[{"href":"https:\/\/vasaorden.com\/goteborg\/wp-json\/wp\/v2\/pages\/2664"}],"collection":[{"href":"https:\/\/vasaorden.com\/goteborg\/wp-json\/wp\/v2\/pages"}],"about":[{"href":"https:\/\/vasaorden.com\/goteborg\/wp-json\/wp\/v2\/types\/page"}],"author":[{"embeddable":true,"href":"https:\/\/vasaorden.com\/goteborg\/wp-json\/wp\/v2\/users\/4"}],"replies":[{"embeddable":true,"href":"https:\/\/vasaorden.com\/goteborg\/wp-json\/wp\/v2\/comments?post=2664"}],"version-history":[{"count":1,"href":"https:\/\/vasaorden.com\/goteborg\/wp-json\/wp\/v2\/pages\/2664\/revisions"}],"predecessor-version":[{"id":2665,"href":"https:\/\/vasaorden.com\/goteborg\/wp-json\/wp\/v2\/pages\/2664\/revisions\/2665"}],"wp:attachment":[{"href":"https:\/\/vasaorden.com\/goteborg\/wp-json\/wp\/v2\/media?parent=2664"}],"curies":[{"name":"wp","href":"https:\/\/api.w.org\/{rel}","templated":true}]}}