{"id":1448,"date":"2021-02-23T17:41:14","date_gmt":"2021-02-23T15:41:14","guid":{"rendered":"http:\/\/bu2022.vasaorden.com\/goteborg\/?page_id=1448"},"modified":"2022-09-04T14:18:55","modified_gmt":"2022-09-04T12:18:55","slug":"handelser-ar-2020","status":"publish","type":"page","link":"https:\/\/vasaorden.com\/goteborg\/handelser-ar-2020\/","title":{"rendered":"H\u00e4ndelser \u00e5r 2020"},"content":{"rendered":"\n<h5><br>R\u00f6str\u00e4kning i december av logemedlemmarnas val f\u00f6r \u00e5r 2021<br><\/h5>\n\n\n<div class=\"wp-block-image\">\n<figure class=\"alignleft size-full is-resized\"><img loading=\"lazy\" src=\"https:\/\/vasaorden.com\/goteborg\/wp-content\/uploads\/sites\/2\/2021\/02\/Rostrakning-20201211web.jpg\" alt=\"\" class=\"wp-image-1514\" width=\"292\" height=\"389\" srcset=\"https:\/\/vasaorden.com\/goteborg\/wp-content\/uploads\/sites\/2\/2021\/02\/Rostrakning-20201211web.jpg 1512w, https:\/\/vasaorden.com\/goteborg\/wp-content\/uploads\/sites\/2\/2021\/02\/Rostrakning-20201211web-225x300.jpg 225w, https:\/\/vasaorden.com\/goteborg\/wp-content\/uploads\/sites\/2\/2021\/02\/Rostrakning-20201211web-768x1024.jpg 768w, https:\/\/vasaorden.com\/goteborg\/wp-content\/uploads\/sites\/2\/2021\/02\/Rostrakning-20201211web-1152x1536.jpg 1152w\" sizes=\"(max-width: 292px) 100vw, 292px\" \/><figcaption>Styrelsen sorterar och r\u00e4knar r\u00f6ster<\/figcaption><\/figure><\/div>\n\n\n<h5 class=\"has-text-align-left\"><br><br><br><br><br><br><br><br><br><br><br><br><br><br><br><br><br><br><br><br><br><br><strong>Budgetarbete i november<\/strong><\/h5>\n\n\n<div class=\"wp-block-image\">\n<figure class=\"alignleft size-large is-resized\"><img loading=\"lazy\" src=\"https:\/\/vasaorden.com\/goteborg\/wp-content\/uploads\/sites\/2\/2021\/02\/Budgetarbete-20201120-1024x768.jpg\" alt=\"\" class=\"wp-image-1512\" width=\"512\" height=\"384\" srcset=\"https:\/\/vasaorden.com\/goteborg\/wp-content\/uploads\/sites\/2\/2021\/02\/Budgetarbete-20201120-1024x768.jpg 1024w, https:\/\/vasaorden.com\/goteborg\/wp-content\/uploads\/sites\/2\/2021\/02\/Budgetarbete-20201120-300x225.jpg 300w, https:\/\/vasaorden.com\/goteborg\/wp-content\/uploads\/sites\/2\/2021\/02\/Budgetarbete-20201120-768x576.jpg 768w, https:\/\/vasaorden.com\/goteborg\/wp-content\/uploads\/sites\/2\/2021\/02\/Budgetarbete-20201120-1536x1152.jpg 1536w, https:\/\/vasaorden.com\/goteborg\/wp-content\/uploads\/sites\/2\/2021\/02\/Budgetarbete-20201120.jpg 2016w\" sizes=\"(max-width: 512px) 100vw, 512px\" \/><figcaption>Torsten Olsson och Charlotte B\u00f6rjesson r\u00e4knar fram 2021 \u00e5rs budget<br><\/figcaption><\/figure><\/div>\n\n\n<h2><br><br><br><br><br><br><br><br><br><br><br><br><br><br><br><br><\/h2>\n\n\n\n<h5>4:e juli 2020 firades i Slottsskogen<\/h5>\n\n\n<div class=\"wp-block-image\">\n<figure class=\"alignleft size-large is-resized\"><img loading=\"lazy\" src=\"https:\/\/vasaorden.com\/goteborg\/wp-content\/uploads\/sites\/2\/2020\/07\/20200704_141004_resized_1-1024x768.jpg\" alt=\"\" class=\"wp-image-1370\" width=\"512\" height=\"384\" srcset=\"https:\/\/vasaorden.com\/goteborg\/wp-content\/uploads\/sites\/2\/2020\/07\/20200704_141004_resized_1-1024x768.jpg 1024w, https:\/\/vasaorden.com\/goteborg\/wp-content\/uploads\/sites\/2\/2020\/07\/20200704_141004_resized_1-300x225.jpg 300w, https:\/\/vasaorden.com\/goteborg\/wp-content\/uploads\/sites\/2\/2020\/07\/20200704_141004_resized_1-768x576.jpg 768w, https:\/\/vasaorden.com\/goteborg\/wp-content\/uploads\/sites\/2\/2020\/07\/20200704_141004_resized_1-1536x1152.jpg 1536w, https:\/\/vasaorden.com\/goteborg\/wp-content\/uploads\/sites\/2\/2020\/07\/20200704_141004_resized_1.jpg 2016w\" sizes=\"(max-width: 512px) 100vw, 512px\" \/><figcaption>Elinor, Gunnel, Monica, Torsten och Charlotte vid Gr\u00e4fsn\u00e4sg\u00e5rden<\/figcaption><\/figure><\/div>\n\n<div class=\"wp-block-image\">\n<figure class=\"alignleft size-large is-resized\"><img loading=\"lazy\" src=\"https:\/\/vasaorden.com\/goteborg\/wp-content\/uploads\/sites\/2\/2020\/07\/20200704_140851_resized_1-1024x768.jpg\" alt=\"\" class=\"wp-image-1369\" width=\"512\" height=\"384\" srcset=\"https:\/\/vasaorden.com\/goteborg\/wp-content\/uploads\/sites\/2\/2020\/07\/20200704_140851_resized_1-1024x768.jpg 1024w, https:\/\/vasaorden.com\/goteborg\/wp-content\/uploads\/sites\/2\/2020\/07\/20200704_140851_resized_1-300x225.jpg 300w, https:\/\/vasaorden.com\/goteborg\/wp-content\/uploads\/sites\/2\/2020\/07\/20200704_140851_resized_1-768x576.jpg 768w, https:\/\/vasaorden.com\/goteborg\/wp-content\/uploads\/sites\/2\/2020\/07\/20200704_140851_resized_1-1536x1152.jpg 1536w, https:\/\/vasaorden.com\/goteborg\/wp-content\/uploads\/sites\/2\/2020\/07\/20200704_140851_resized_1.jpg 2016w\" sizes=\"(max-width: 512px) 100vw, 512px\" \/><figcaption>Fika uppdukat i Slottsskogen<\/figcaption><\/figure><\/div>","protected":false},"excerpt":{"rendered":"<p>R\u00f6str\u00e4kning i december av logemedlemmarnas val f\u00f6r \u00e5r 2021 Budgetarbete i november 4:e juli 2020 firades i Slottsskogen<\/p>\n","protected":false},"author":5,"featured_media":0,"parent":0,"menu_order":0,"comment_status":"closed","ping_status":"closed","template":"","meta":{"ngg_post_thumbnail":0,"ocean_post_layout":"","ocean_both_sidebars_style":"","ocean_both_sidebars_content_width":0,"ocean_both_sidebars_sidebars_width":0,"ocean_sidebar":"0","ocean_second_sidebar":"0","ocean_disable_margins":"enable","ocean_add_body_class":"","ocean_shortcode_before_top_bar":"","ocean_shortcode_after_top_bar":"","ocean_shortcode_before_header":"","ocean_shortcode_after_header":"","ocean_has_shortcode":"","ocean_shortcode_after_title":"","ocean_shortcode_before_footer_widgets":"","ocean_shortcode_after_footer_widgets":"","ocean_shortcode_before_footer_bottom":"","ocean_shortcode_after_footer_bottom":"","ocean_display_top_bar":"default","ocean_display_header":"default","ocean_header_style":"","ocean_center_header_left_menu":"0","ocean_custom_header_template":"0","ocean_custom_logo":0,"ocean_custom_retina_logo":0,"ocean_custom_logo_max_width":0,"ocean_custom_logo_tablet_max_width":0,"ocean_custom_logo_mobile_max_width":0,"ocean_custom_logo_max_height":0,"ocean_custom_logo_tablet_max_height":0,"ocean_custom_logo_mobile_max_height":0,"ocean_header_custom_menu":"0","ocean_menu_typo_font_family":"0","ocean_menu_typo_font_subset":"","ocean_menu_typo_font_size":0,"ocean_menu_typo_font_size_tablet":0,"ocean_menu_typo_font_size_mobile":0,"ocean_menu_typo_font_size_unit":"px","ocean_menu_typo_font_weight":"","ocean_menu_typo_font_weight_tablet":"","ocean_menu_typo_font_weight_mobile":"","ocean_menu_typo_transform":"","ocean_menu_typo_transform_tablet":"","ocean_menu_typo_transform_mobile":"","ocean_menu_typo_line_height":0,"ocean_menu_typo_line_height_tablet":0,"ocean_menu_typo_line_height_mobile":0,"ocean_menu_typo_line_height_unit":"","ocean_menu_typo_spacing":0,"ocean_menu_typo_spacing_tablet":0,"ocean_menu_typo_spacing_mobile":0,"ocean_menu_typo_spacing_unit":"","ocean_menu_link_color":"","ocean_menu_link_color_hover":"","ocean_menu_link_color_active":"","ocean_menu_link_background":"","ocean_menu_link_hover_background":"","ocean_menu_link_active_background":"","ocean_menu_social_links_bg":"","ocean_menu_social_hover_links_bg":"","ocean_menu_social_links_color":"","ocean_menu_social_hover_links_color":"","ocean_disable_title":"default","ocean_disable_heading":"default","ocean_post_title":"","ocean_post_subheading":"","ocean_post_title_style":"","ocean_post_title_background_color":"","ocean_post_title_background":0,"ocean_post_title_bg_image_position":"","ocean_post_title_bg_image_attachment":"","ocean_post_title_bg_image_repeat":"","ocean_post_title_bg_image_size":"","ocean_post_title_height":0,"ocean_post_title_bg_overlay":0.5,"ocean_post_title_bg_overlay_color":"","ocean_disable_breadcrumbs":"default","ocean_breadcrumbs_color":"","ocean_breadcrumbs_separator_color":"","ocean_breadcrumbs_links_color":"","ocean_breadcrumbs_links_hover_color":"","ocean_display_footer_widgets":"default","ocean_display_footer_bottom":"default","ocean_custom_footer_template":"0"},"_links":{"self":[{"href":"https:\/\/vasaorden.com\/goteborg\/wp-json\/wp\/v2\/pages\/1448"}],"collection":[{"href":"https:\/\/vasaorden.com\/goteborg\/wp-json\/wp\/v2\/pages"}],"about":[{"href":"https:\/\/vasaorden.com\/goteborg\/wp-json\/wp\/v2\/types\/page"}],"author":[{"embeddable":true,"href":"https:\/\/vasaorden.com\/goteborg\/wp-json\/wp\/v2\/users\/5"}],"replies":[{"embeddable":true,"href":"https:\/\/vasaorden.com\/goteborg\/wp-json\/wp\/v2\/comments?post=1448"}],"version-history":[{"count":1,"href":"https:\/\/vasaorden.com\/goteborg\/wp-json\/wp\/v2\/pages\/1448\/revisions"}],"predecessor-version":[{"id":1704,"href":"https:\/\/vasaorden.com\/goteborg\/wp-json\/wp\/v2\/pages\/1448\/revisions\/1704"}],"wp:attachment":[{"href":"https:\/\/vasaorden.com\/goteborg\/wp-json\/wp\/v2\/media?parent=1448"}],"curies":[{"name":"wp","href":"https:\/\/api.w.org\/{rel}","templated":true}]}}