{"id":3329,"date":"2026-02-13T15:44:39","date_gmt":"2026-02-13T14:44:39","guid":{"rendered":"https:\/\/vasaorden.com\/boras\/?page_id=3329"},"modified":"2026-02-13T16:17:21","modified_gmt":"2026-02-13T15:17:21","slug":"vanloger","status":"publish","type":"page","link":"https:\/\/vasaorden.com\/boras\/vanloger\/","title":{"rendered":"V\u00e4nloger"},"content":{"rendered":"\n<p>Lokala loger i Sverige kan ha en eller flera v\u00e4nloger bland logerna i USA och Kanada.<br>Kontakt med v\u00e4nloger sker genom utbyte av information och h\u00e4lsningar i form av brev, foton,\u00a0nyhetsbrev etc. eller<br>genom personliga bes\u00f6k.<\/p>\n\n\n\n<p>Dessa \u00e4r v\u00e5ra v\u00e4nloger i USA:<\/p>\n\n\n\n<h4>DIANA BIRGER JARL Lodge No. 3, New Haven<br><small>District Connecticut No. 1<\/small><\/h4>\n\n\n\n<p><\/p>\n\n\n\n<h4>DESERT VIKING Lodge No. 682, Palm Desert<br><small>District Pacific Southwest No. 15<\/small><\/h4>\n\n\n\n<p><a rel=\"noreferrer noopener\" href=\"https:\/\/vasaorden.com\/boras\/wp-content\/uploads\/sites\/3\/2026\/02\/Desert-Viking-682-Newsletter-2025-1201_3.pdf\" target=\"_blank\">Desert Viking 682 Newsletter (Volume 3, Issue 10, December 2025 \u2013 Dark July and August)<\/a><\/p>\n","protected":false},"excerpt":{"rendered":"<p>Lokala loger i Sverige kan ha en eller flera v\u00e4nloger bland logerna i USA och Kanada.Kontakt med v\u00e4nloger sker genom utbyte av information och h\u00e4lsningar i form av brev, foton,\u00a0nyhetsbrev etc. ellergenom personliga bes\u00f6k. Dessa \u00e4r v\u00e5ra v\u00e4nloger i USA: DIANA BIRGER JARL Lodge No. 3, New HavenDistrict Connecticut No. 1 DESERT VIKING Lodge No. [&hellip;]<\/p>\n","protected":false},"author":42,"featured_media":0,"parent":0,"menu_order":0,"comment_status":"closed","ping_status":"closed","template":"","meta":{"ngg_post_thumbnail":0,"ocean_post_layout":"","ocean_both_sidebars_style":"","ocean_both_sidebars_content_width":0,"ocean_both_sidebars_sidebars_width":0,"ocean_sidebar":"","ocean_second_sidebar":"","ocean_disable_margins":"enable","ocean_add_body_class":"","ocean_shortcode_before_top_bar":"","ocean_shortcode_after_top_bar":"","ocean_shortcode_before_header":"","ocean_shortcode_after_header":"","ocean_has_shortcode":"","ocean_shortcode_after_title":"","ocean_shortcode_before_footer_widgets":"","ocean_shortcode_after_footer_widgets":"","ocean_shortcode_before_footer_bottom":"","ocean_shortcode_after_footer_bottom":"","ocean_display_top_bar":"default","ocean_display_header":"default","ocean_header_style":"","ocean_center_header_left_menu":"","ocean_custom_header_template":"","ocean_custom_logo":0,"ocean_custom_retina_logo":0,"ocean_custom_logo_max_width":0,"ocean_custom_logo_tablet_max_width":0,"ocean_custom_logo_mobile_max_width":0,"ocean_custom_logo_max_height":0,"ocean_custom_logo_tablet_max_height":0,"ocean_custom_logo_mobile_max_height":0,"ocean_header_custom_menu":"","ocean_menu_typo_font_family":"","ocean_menu_typo_font_subset":"","ocean_menu_typo_font_size":0,"ocean_menu_typo_font_size_tablet":0,"ocean_menu_typo_font_size_mobile":0,"ocean_menu_typo_font_size_unit":"px","ocean_menu_typo_font_weight":"","ocean_menu_typo_font_weight_tablet":"","ocean_menu_typo_font_weight_mobile":"","ocean_menu_typo_transform":"","ocean_menu_typo_transform_tablet":"","ocean_menu_typo_transform_mobile":"","ocean_menu_typo_line_height":0,"ocean_menu_typo_line_height_tablet":0,"ocean_menu_typo_line_height_mobile":0,"ocean_menu_typo_line_height_unit":"","ocean_menu_typo_spacing":0,"ocean_menu_typo_spacing_tablet":0,"ocean_menu_typo_spacing_mobile":0,"ocean_menu_typo_spacing_unit":"","ocean_menu_link_color":"","ocean_menu_link_color_hover":"","ocean_menu_link_color_active":"","ocean_menu_link_background":"","ocean_menu_link_hover_background":"","ocean_menu_link_active_background":"","ocean_menu_social_links_bg":"","ocean_menu_social_hover_links_bg":"","ocean_menu_social_links_color":"","ocean_menu_social_hover_links_color":"","ocean_disable_title":"default","ocean_disable_heading":"default","ocean_post_title":"","ocean_post_subheading":"","ocean_post_title_style":"","ocean_post_title_background_color":"","ocean_post_title_background":0,"ocean_post_title_bg_image_position":"","ocean_post_title_bg_image_attachment":"","ocean_post_title_bg_image_repeat":"","ocean_post_title_bg_image_size":"","ocean_post_title_height":0,"ocean_post_title_bg_overlay":0.5,"ocean_post_title_bg_overlay_color":"","ocean_disable_breadcrumbs":"default","ocean_breadcrumbs_color":"","ocean_breadcrumbs_separator_color":"","ocean_breadcrumbs_links_color":"","ocean_breadcrumbs_links_hover_color":"","ocean_display_footer_widgets":"default","ocean_display_footer_bottom":"default","ocean_custom_footer_template":""},"_links":{"self":[{"href":"https:\/\/vasaorden.com\/boras\/wp-json\/wp\/v2\/pages\/3329"}],"collection":[{"href":"https:\/\/vasaorden.com\/boras\/wp-json\/wp\/v2\/pages"}],"about":[{"href":"https:\/\/vasaorden.com\/boras\/wp-json\/wp\/v2\/types\/page"}],"author":[{"embeddable":true,"href":"https:\/\/vasaorden.com\/boras\/wp-json\/wp\/v2\/users\/42"}],"replies":[{"embeddable":true,"href":"https:\/\/vasaorden.com\/boras\/wp-json\/wp\/v2\/comments?post=3329"}],"version-history":[{"count":5,"href":"https:\/\/vasaorden.com\/boras\/wp-json\/wp\/v2\/pages\/3329\/revisions"}],"predecessor-version":[{"id":3344,"href":"https:\/\/vasaorden.com\/boras\/wp-json\/wp\/v2\/pages\/3329\/revisions\/3344"}],"wp:attachment":[{"href":"https:\/\/vasaorden.com\/boras\/wp-json\/wp\/v2\/media?parent=3329"}],"curies":[{"name":"wp","href":"https:\/\/api.w.org\/{rel}","templated":true}]}}