{"id":2654,"date":"2012-02-13T20:36:58","date_gmt":"2012-02-13T20:36:58","guid":{"rendered":"http:\/\/bu2022.vasaorden.com\/boras\/?page_id=11"},"modified":"2026-04-12T21:58:50","modified_gmt":"2026-04-12T19:58:50","slug":"arsprogram","status":"publish","type":"page","link":"https:\/\/vasaorden.com\/boras\/arsprogram\/","title":{"rendered":"\u00c5rsprogram"},"content":{"rendered":"<p><strong>2026<br \/>\n<\/strong><\/p>\n<p>\u2713&nbsp; 24 januari 2026 l\u00f6rdag, \u00c5rsm\u00f6te 2026<br \/>\n\u2713 28 februari l\u00f6rdag Logem\u00f6te<br \/>\n<a href=\"https:\/\/vasaorden.com\/boras\/wp-content\/uploads\/sites\/3\/2026\/03\/Inbjudan-Sinnenas-hus-28-mars-2026.pdf\" target=\"_blank\" rel=\"noopener\">28 mars l\u00f6rdag Sinnenas Hus (ej loge)<\/a><br \/>\n<strong><a href=\"https:\/\/vasaorden.com\/boras\/wp-content\/uploads\/sites\/3\/2026\/04\/Inbjudan-Logemote-25-april-2026.pdf\" target=\"_blank\" rel=\"noopener\">25 april l\u00f6rdag Logem\u00f6te<\/a><\/strong><br \/>\nmaj, l\u00f6rdag V\u00e5rutflykt<br \/>\n6 juni fredag Nationaldagen<br \/>\n16 augusti l\u00f6rdag Kr\u00e4ftskiva<br \/>\n26 september l\u00f6rdag Logem\u00f6te<br \/>\n24 oktober l\u00f6rdag Logem\u00f6te<br \/>\n26 november torsdag Thanksgiving Day<br \/>\ndecember l\u00f6rdag Julsammankomst<br \/>\n23 januari 2027 l\u00f6rdag \u00c5rsm\u00f6te<\/p>\n<p><strong>2025<\/strong><\/p>\n<p>\u2713 25 januari l\u00f6rdag, \u00c5rsm\u00f6te<strong><br \/>\n<\/strong>\u2713 1 mars l\u00f6rdag, Logem\u00f6te<strong><br \/>\n<\/strong>\u2713 Guidning p\u00e5 G\u00f6teborgsoperan 11 mars 2025<strong><br \/>\n<\/strong>\u2713 29 mars l\u00f6rdag, icke uppst\u00e4lld loge kl.14.00<br \/>\n\u2713 26 april l\u00f6rdag, Logem\u00f6te<strong><br \/>\n<\/strong>\u2713 22 maj Museisp\u00e5rvangstur samt rundtur i G\u00f6teborg (anm\u00e4lan senast 12 maj)<strong><br \/>\n<\/strong>\u2713 6 juni l\u00f6rdag, Nationaldagen<br \/>\n\u2713 16 augusti l\u00f6rdag, Kr\u00e4ftskiva \u00c5g\u00e5rden<br \/>\n\u2713 27 september l\u00f6rdag, Logem\u00f6te<br \/>\n\u2713 25 oktober l\u00f6rdag, Logem\u00f6te<strong><br \/>\n<\/strong>\u2713 27 november torsdag, Thanksgiving Day<br \/>\n\u2713 6 december l\u00f6rdag, Julsammankomst<\/p>\n<p><strong>2024<\/strong><\/p>\n<p><strong>\u2713<\/strong> 13 januari 2024 Ny\u00e5rsrevyn<br \/>\n<strong>\u2713<\/strong>&nbsp;27 januari l\u00f6rdag, \u00c5rsm\u00f6te<br \/>\n<strong>\u2713 <\/strong>24 februari l\u00f6rdag, Logem\u00f6te<br \/>\n<strong>\u2713 <\/strong>23 mars l\u00f6rdag, Amerikansk brunch kl.12:00<br \/>\n<strong>\u2713 <\/strong>10 april Informationstr\u00e4ff &#8211; Nya medlemmar<br \/>\n<strong>\u2713 <\/strong>27 april l\u00f6rdag, Logem\u00f6te<br \/>\n<strong>\u2713 <\/strong>15 maj Kulturaktiviteter maj 2024 Ulricehamn och Viared&nbsp;<br \/>\n<strong>\u2713 <\/strong>6 juni l\u00f6rdag, Nationaldagen<br \/>\n<strong>\u2713 <\/strong>9 augusti fredag, Kryssning till Styrs\u00f6&nbsp;<br \/>\n<strong>\u2713 <\/strong>28 september l\u00f6rdag, Logem\u00f6te<br \/>\n<strong>\u2713 <\/strong>Kulturaktiviteter oktober, november och januari<br \/>\n<strong>\u2713 26 oktober l\u00f6rdag, Logem\u00f6te (H\u00f6gtidsm\u00f6te Logen firar 35-\u00e5r)<\/strong><br \/>\n<strong>\u2713 <\/strong>28 november torsdag, Thanksgiving Day<br \/>\n<strong>\u2713<\/strong> 7 december l\u00f6rdag, Julsammankomst<\/p>\n<p>________________________________________________________________________________<\/p>\n<pre>&nbsp;<\/pre>\n","protected":false},"excerpt":{"rendered":"<p>2026 \u2713&nbsp; 24 januari 2026 l\u00f6rdag, \u00c5rsm\u00f6te 2026 \u2713 28 februari l\u00f6rdag Logem\u00f6te 28 mars l\u00f6rdag Sinnenas Hus (ej loge) 25 april l\u00f6rdag Logem\u00f6te maj, l\u00f6rdag V\u00e5rutflykt 6 juni fredag Nationaldagen 16 augusti l\u00f6rdag Kr\u00e4ftskiva 26 september l\u00f6rdag Logem\u00f6te 24 oktober l\u00f6rdag Logem\u00f6te 26 november torsdag Thanksgiving Day december l\u00f6rdag Julsammankomst 23 januari 2027 l\u00f6rdag [&hellip;]<\/p>\n","protected":false},"author":42,"featured_media":0,"parent":0,"menu_order":0,"comment_status":"closed","ping_status":"closed","template":"","meta":{"ngg_post_thumbnail":0,"ocean_post_layout":"","ocean_both_sidebars_style":"","ocean_both_sidebars_content_width":0,"ocean_both_sidebars_sidebars_width":0,"ocean_sidebar":"0","ocean_second_sidebar":"0","ocean_disable_margins":"enable","ocean_add_body_class":"","ocean_shortcode_before_top_bar":"","ocean_shortcode_after_top_bar":"","ocean_shortcode_before_header":"","ocean_shortcode_after_header":"","ocean_has_shortcode":"","ocean_shortcode_after_title":"","ocean_shortcode_before_footer_widgets":"","ocean_shortcode_after_footer_widgets":"","ocean_shortcode_before_footer_bottom":"","ocean_shortcode_after_footer_bottom":"","ocean_display_top_bar":"default","ocean_display_header":"default","ocean_header_style":"","ocean_center_header_left_menu":"0","ocean_custom_header_template":"0","ocean_custom_logo":0,"ocean_custom_retina_logo":0,"ocean_custom_logo_max_width":0,"ocean_custom_logo_tablet_max_width":0,"ocean_custom_logo_mobile_max_width":0,"ocean_custom_logo_max_height":0,"ocean_custom_logo_tablet_max_height":0,"ocean_custom_logo_mobile_max_height":0,"ocean_header_custom_menu":"0","ocean_menu_typo_font_family":"0","ocean_menu_typo_font_subset":"","ocean_menu_typo_font_size":0,"ocean_menu_typo_font_size_tablet":0,"ocean_menu_typo_font_size_mobile":0,"ocean_menu_typo_font_size_unit":"px","ocean_menu_typo_font_weight":"","ocean_menu_typo_font_weight_tablet":"","ocean_menu_typo_font_weight_mobile":"","ocean_menu_typo_transform":"","ocean_menu_typo_transform_tablet":"","ocean_menu_typo_transform_mobile":"","ocean_menu_typo_line_height":0,"ocean_menu_typo_line_height_tablet":0,"ocean_menu_typo_line_height_mobile":0,"ocean_menu_typo_line_height_unit":"","ocean_menu_typo_spacing":0,"ocean_menu_typo_spacing_tablet":0,"ocean_menu_typo_spacing_mobile":0,"ocean_menu_typo_spacing_unit":"","ocean_menu_link_color":"","ocean_menu_link_color_hover":"","ocean_menu_link_color_active":"","ocean_menu_link_background":"","ocean_menu_link_hover_background":"","ocean_menu_link_active_background":"","ocean_menu_social_links_bg":"","ocean_menu_social_hover_links_bg":"","ocean_menu_social_links_color":"","ocean_menu_social_hover_links_color":"","ocean_disable_title":"default","ocean_disable_heading":"default","ocean_post_title":"","ocean_post_subheading":"","ocean_post_title_style":"","ocean_post_title_background_color":"","ocean_post_title_background":0,"ocean_post_title_bg_image_position":"","ocean_post_title_bg_image_attachment":"","ocean_post_title_bg_image_repeat":"","ocean_post_title_bg_image_size":"","ocean_post_title_height":0,"ocean_post_title_bg_overlay":0.5,"ocean_post_title_bg_overlay_color":"","ocean_disable_breadcrumbs":"default","ocean_breadcrumbs_color":"","ocean_breadcrumbs_separator_color":"","ocean_breadcrumbs_links_color":"","ocean_breadcrumbs_links_hover_color":"","ocean_display_footer_widgets":"default","ocean_display_footer_bottom":"default","ocean_custom_footer_template":"0"},"_links":{"self":[{"href":"https:\/\/vasaorden.com\/boras\/wp-json\/wp\/v2\/pages\/2654"}],"collection":[{"href":"https:\/\/vasaorden.com\/boras\/wp-json\/wp\/v2\/pages"}],"about":[{"href":"https:\/\/vasaorden.com\/boras\/wp-json\/wp\/v2\/types\/page"}],"author":[{"embeddable":true,"href":"https:\/\/vasaorden.com\/boras\/wp-json\/wp\/v2\/users\/42"}],"replies":[{"embeddable":true,"href":"https:\/\/vasaorden.com\/boras\/wp-json\/wp\/v2\/comments?post=2654"}],"version-history":[{"count":79,"href":"https:\/\/vasaorden.com\/boras\/wp-json\/wp\/v2\/pages\/2654\/revisions"}],"predecessor-version":[{"id":3354,"href":"https:\/\/vasaorden.com\/boras\/wp-json\/wp\/v2\/pages\/2654\/revisions\/3354"}],"wp:attachment":[{"href":"https:\/\/vasaorden.com\/boras\/wp-json\/wp\/v2\/media?parent=2654"}],"curies":[{"name":"wp","href":"https:\/\/api.w.org\/{rel}","templated":true}]}}